{"id":150,"date":"2016-09-15T09:01:01","date_gmt":"2016-09-15T09:01:01","guid":{"rendered":"http:\/\/fn.se\/ornskoldsvik\/?page_id=150"},"modified":"2020-01-14T13:43:09","modified_gmt":"2020-01-14T13:43:09","slug":"fadderfonder","status":"publish","type":"page","link":"https:\/\/fn.se\/ornskoldsvik\/fadderfonder\/","title":{"rendered":"Fadderfonder"},"content":{"rendered":"<h1>Fadderfonder<\/h1>\n<h4><strong><a href=\"https:\/\/fn.se\/ornskoldsvik\/wp-content\/uploads\/sites\/98\/2020\/01\/L\u00c4RARFONDENslutrapport2019.pdf\">L\u00c4RARFONDEN-Gerald Sithole Slutrapport2019<\/a> <img loading=\"lazy\" decoding=\"async\" class=\"alignnone size-full wp-image-1048\" src=\"https:\/\/fn.se\/ornskoldsvik\/wp-content\/uploads\/sites\/98\/2019\/11\/new10.gif\" alt=\"\" width=\"42\" height=\"31\" \/><\/strong><\/h4>\n<p class=\"intro\">Under 2005 inr\u00e4ttade v\u00e5r FN-f\u00f6rening en SKOLFADDERFOND till st\u00f6d f\u00f6r \u2013f\u00f6r\u00e4ldral\u00f6sa elever &#8211; i samarbete med Mrs Margaret DONGO i Zimbabwe. Den fonden, som avvecklades i juli 2015, kom 16 elever till gagn i landet. Studierna h\u00e4r l\u00e5g p\u00e5 prim\u00e4r- och sekund\u00e4rniv\u00e5, b\u00e5de flickor och pojkar fick st\u00f6d ur denna fond. Den inbringade totalt n\u00e4rmare 268 000 kronor.<\/p>\n<p>Vi fortsatte 2010 med att inr\u00e4tta ytterligare en fond som vi kallade -STUDENTFADDERFOND- och var till f\u00f6rm\u00e5n f\u00f6r eleven Reason Sitholes universitetsstudier i ekonomi vid provinshuvudstaden Gweru, studierna genomf\u00f6rdes med bravur och avslutades formellt i mars m\u00e5nad 2015. D\u00e5 var ocks\u00e5 Reason klar med studierna. Reason hade ocks\u00e5 tidigare varit del i skolfadderfonden. Denna fond uppn\u00e5dde ett reultat p\u00e5 lite drygt 128 000 kronor.<\/p>\n<p>B\u00e5da fonderna reviderades fortl\u00f6pande av v\u00e5r f\u00f6rre kass\u00f6r Torbj\u00f6rn Lindgren och sk\u00f6ttes av v\u00e5r ordf. Stellan B\u00e4cklund p\u00e5 ett betryggande s\u00e4tt, samarbetet med Mrs Margaret Dongo fortl\u00f6pte ocks\u00e5 f\u00f6red\u00f6mligt. Under -Arkiv- finns (snart) information runt dessa fonder.<\/p>\n<p>Under f\u00f6reg\u00e5ende \u00e5r (2015) \u00f6ppnade vi en ny fond som vi kallat -L\u00c4RARFONDEN- och g\u00e4ller f\u00f6r Reason Sitholes lillebror Gerald Sithole och hans 4-\u00e5riga l\u00e4rarstudier vid samma universitet i Gweru = Midland State University. \u00c4mnesstudier i -geografi- och f\u00f6retagsekonomi- och det f\u00f6rsta \u00e5ret \u00e4r redan avklarat, praktik ing\u00e5r \u00e4ven i dessa studier. Det andra studie\u00e5ret f\u00f6r honom avslutas n\u00e4sta \u00e5r i juni m\u00e5nad, allts\u00e5 2017. Ska d\u00e5 \u00e4ven utv\u00e4rderas!<\/p>\n<div>\n<p>Efter n\u00e4sta stycke kommer mer fakta kring -L\u00c4RARFONDEN f\u00f6r Gerhard Sithole- H\u00e4r beh\u00f6vs nya bidragsgivare! V\u00e4lkommen att st\u00f6dja denna fond!<\/p>\n<p>Som ni s\u00e4kert alla vet har Reason nu <a href=\"https:\/\/fn.se\/ornskoldsvik\/wp-content\/uploads\/sites\/98\/2016\/08\/ReasonCert.pdf\" target=\"_blank\" rel=\"noopener noreferrer\">tagit sin examen<\/a>\u00a0varf\u00f6r studiest\u00f6det fr\u00e5n v\u00e5r sida upph\u00f6r. Se ocks\u00e5 slutredovisningar\u00a0av\u00a0<a href=\"https:\/\/fn.se\/ornskoldsvik\/wp-content\/uploads\/sites\/98\/2016\/08\/FAFBAC-1.pdf\" target=\"_blank\" rel=\"noopener noreferrer\">Fadderfonden<\/a>\u00a0och <a href=\"https:\/\/fn.se\/ornskoldsvik\/wp-content\/uploads\/sites\/98\/2016\/08\/STUDEN-1.pdf\" target=\"_blank\" rel=\"noopener noreferrer\">Studentfadderfonden<\/a>.<\/p>\n<h4>L\u00c4RARFONDEN F\u00d6R GERHARD SITHOLE\u00a0<strong>\u00a0<\/strong><\/h4>\n<p>Nu \u00e4r det Reason Sitholes lillebror det g\u00e4ller, som heter Gerald och som kommit in p\u00e5den 4-\u00e5riga \u00e4mnesl\u00e4rarutbildningen vid samma Universitet MSU=Midland State University i provinshuvudstaden Gweru som ligger i Midlands-provinsen. Gerald kom inte in p\u00e5 den 2-\u00e5riga l\u00e4rarutbildningen i Mutare (hemmaprovinsen Manicaland), betygen hans i A-level fr\u00e5n Chikore High School utanf\u00f6r Chipinge r\u00e4ckte in till. Nu l\u00e4ser Gerald \u2013Geografi- och \u2013F\u00f6retagsekonomi- och utsikterna att f\u00e5 jobb en &#8221;vacker&#8221; dag i dessa \u00e4mnen bed\u00f6ms som mycket goda. Praktik ing\u00e5r ocks\u00e5 i utbildningen. Vi har beslutat att st\u00f6dja Gerald i tv\u00e5 l\u00e4s\u00e5r allra f\u00f6rst (&#8221;semestrar&#8221; i Zimbabwe) ochsedan utv\u00e4rdera hur det hela har g\u00e5tt f\u00f6r honom. N\u00e4r det skrivs har Gerald avklarat det allra f\u00f6rsta l\u00e4s\u00e5ret, resultaten i praktiken kommer honom till del inom kort n\u00e4r detta skrivs. Vi tar st\u00e4llning till de tv\u00e5 resterande \u00e5ren efter de tv\u00e5 inledande allts\u00e5, vi avvaktar d\u00e5 med st\u00f6det med andra ord. Rent privat har Gerald f\u00e5tt st\u00f6d med ink\u00f6p av en n\u00f6dv\u00e4ndig lap-top (dator) och pengarna kan nu \u00f6verf\u00f6ras via Western Union (WU)direkt till honom, \u00e5rskostnaderna som jag ser det idag ligger runt 20.000 kr allt inkluderat. Flera grabbar delar studentrum ocks\u00e5 f\u00f6r att h\u00e5lla kostnaderna nere s\u00e5 mycket som m\u00f6jligt. Praktiken som det ser ut idag g\u00f6rs utan n\u00e5gon ers\u00e4ttning.<\/p>\n<p>Fonden beh\u00f6ver \u00e4nnu flera \u2013bidragsgivare- f\u00f6r att helt g\u00e5 runt, nu har Stellan B\u00e4cklundf\u00e5tt ett nytt bankkonto \u00e5 NORDEA. Redovisningar sker kontinuerligt!<\/p>\n<p>Personkonto 450401-8534 vid girering, betalning via Internet s\u00e5 ska clearingnumret 3300 till, allts\u00e5 3300450401-8534, Stellan B\u00e4cklund, Bygatan 21 B, 893 30\u00a0 BJ\u00c4STA. \u2013Autogiro- vore det allra b\u00e4sta, men \u2013eng\u00e5ngsbelopp- g\u00e5r ocks\u00e5 bra.<\/p>\n<p>Allts\u00e5 \u00e4n en g\u00e5ng: Personkonto 450401-8534 vid girering, f\u00f6r \u00f6vrigt vid betalning l\u00e4ggs clearing numret 3300 till; allts\u00e5 3300450401-8534<\/p>\n<p>M\u00e4rk talongen med: GERALD!<\/p>\n<p>V\u00c4L M\u00d6TT I DENNA L\u00c4RARFOND!<\/p>\n<\/div>\n","protected":false},"excerpt":{"rendered":"<p>Fadderfonder L\u00c4RARFONDEN-Gerald Sithole Slutrapport2019 Under 2005 inr\u00e4ttade v\u00e5r FN-f\u00f6rening en SKOLFADDERFOND till st\u00f6d f\u00f6r \u2013f\u00f6r\u00e4ldral\u00f6sa elever &#8211; i samarbete med&hellip;<\/p>\n","protected":false},"author":3,"featured_media":0,"parent":0,"menu_order":0,"comment_status":"closed","ping_status":"closed","template":"templates\/template-sub.php","meta":{"_acf_changed":false,"footnotes":"","_links_to":"","_links_to_target":""},"class_list":["post-150","page","type-page","status-publish","hentry"],"acf":[],"_links":{"self":[{"href":"https:\/\/fn.se\/ornskoldsvik\/wp-json\/wp\/v2\/pages\/150","targetHints":{"allow":["GET"]}}],"collection":[{"href":"https:\/\/fn.se\/ornskoldsvik\/wp-json\/wp\/v2\/pages"}],"about":[{"href":"https:\/\/fn.se\/ornskoldsvik\/wp-json\/wp\/v2\/types\/page"}],"author":[{"embeddable":true,"href":"https:\/\/fn.se\/ornskoldsvik\/wp-json\/wp\/v2\/users\/3"}],"replies":[{"embeddable":true,"href":"https:\/\/fn.se\/ornskoldsvik\/wp-json\/wp\/v2\/comments?post=150"}],"version-history":[{"count":6,"href":"https:\/\/fn.se\/ornskoldsvik\/wp-json\/wp\/v2\/pages\/150\/revisions"}],"predecessor-version":[{"id":1096,"href":"https:\/\/fn.se\/ornskoldsvik\/wp-json\/wp\/v2\/pages\/150\/revisions\/1096"}],"wp:attachment":[{"href":"https:\/\/fn.se\/ornskoldsvik\/wp-json\/wp\/v2\/media?parent=150"}],"curies":[{"name":"wp","href":"https:\/\/api.w.org\/{rel}","templated":true}]}}