{"id":1025,"date":"2019-11-03T13:01:15","date_gmt":"2019-11-03T13:01:15","guid":{"rendered":"https:\/\/fn.se\/ornskoldsvik\/?page_id=1025"},"modified":"2019-11-03T13:02:08","modified_gmt":"2019-11-03T13:02:08","slug":"gronland-nordatlanten-i-fokus-pa-fn-traff","status":"publish","type":"page","link":"https:\/\/fn.se\/ornskoldsvik\/gronland-nordatlanten-i-fokus-pa-fn-traff\/","title":{"rendered":"Gr\u00f6nland\/Nordatlanten i fokus p\u00e5 FN-tr\u00e4ff"},"content":{"rendered":"\n<div class=\"wp-block-image\"><figure class=\"aligncenter\"><img loading=\"lazy\" decoding=\"async\" width=\"701\" height=\"1024\" src=\"https:\/\/fn.se\/ornskoldsvik\/wp-content\/uploads\/sites\/98\/2019\/11\/P1030277b-701x1024.jpg\" alt=\"\" class=\"wp-image-1026\" srcset=\"https:\/\/fn.se\/ornskoldsvik\/wp-content\/uploads\/sites\/98\/2019\/11\/P1030277b-701x1024.jpg 701w, https:\/\/fn.se\/ornskoldsvik\/wp-content\/uploads\/sites\/98\/2019\/11\/P1030277b-205x300.jpg 205w, https:\/\/fn.se\/ornskoldsvik\/wp-content\/uploads\/sites\/98\/2019\/11\/P1030277b-768x1121.jpg 768w, https:\/\/fn.se\/ornskoldsvik\/wp-content\/uploads\/sites\/98\/2019\/11\/P1030277b-650x949.jpg 650w, https:\/\/fn.se\/ornskoldsvik\/wp-content\/uploads\/sites\/98\/2019\/11\/P1030277b-1024x1495.jpg 1024w\" sizes=\"auto, (max-width: 701px) 100vw, 701px\" \/><figcaption>Lars-Gunnar visade under sitt ber\u00e4ttande m\u00e5nga sp\u00e4nnande bilder fr\u00e5n sin resa. <\/figcaption><\/figure><\/div>\n\n\n\n<p>FN-f\u00f6reningen g\u00e4stades nyligen av Lars-Gunnar Olsson fr\u00e5n\nKallmyra, L\u00e5ngviksmon som p\u00e5 sitt fina s\u00e4tt informerade i ord och bild om\nGr\u00f6nland, Shetlands- och Orkney\u00f6arna och ber\u00f6rde \u00e4ven&nbsp; slutligen Island och F\u00e4r\u00f6arna. Detta inf\u00f6r en\nfullsatt lokal p\u00e5 Bergsgatan i stan, kulturarrangemang med NBV.<\/p>\n\n\n\n<p>Gr\u00f6nland, v\u00e4rldens st\u00f6rsta \u00f6, \u00e4r fem g\u00e5nger s\u00e5 stor som\nSverige och \u00f6n har ett 1,5 km tjockt ist\u00e4cke i snitt, v\u00e4rldens enda inlandsis\nutanf\u00f6r Antarktis. \u00d6n \u00e4r \u00f6ver tre fj\u00e4rdedelar t\u00e4ckt av is. Man har en folkm\u00e4ngd\np\u00e5 dryga 56.000 inv\u00e5nare, j\u00e4mf\u00f6rbar med v\u00e5r kommun. Huvudstaden heter Nuuk,\ntidigare kallad f\u00f6r Godth\u00e5b. Klimatet \u00e4r arktiskt.&nbsp; Gr\u00f6nl\u00e4ndarna kallar sin \u00f6 f\u00f6r Kalaallit\nNunaat och \u00f6n \u00e4r 265 mil l\u00e5ng och 100 mil bred.&nbsp;\n<\/p>\n\n\n\n<p>Gr\u00f6nland \u00e4r en autonom del av Danmark och styrs av ett\nlandsting med 31 ledam\u00f6ter och \u00e4r inte medlem i EU. Runt 90 procent av\nbefolkningen bor p\u00e5 V\u00e4stgr\u00f6nland.&nbsp;\nEngelska \u00e4r inte vidare g\u00e5ngbart idag p\u00e5 Gr\u00f6nland. Flyg \u00e4r\nhuvudtransportmedlet och det finns inga v\u00e4gar mellan samh\u00e4llen, bara inom\nsamh\u00e4llen. Tyngre frakt g\u00e5r b\u00e5tledes. Fiskeindustrin betyder f\u00f6rutom det\ndirekta st\u00f6det fr\u00e5n Danmark mycket. Man har gruvor f\u00f6r \u00f6vrigt och turismen\nsvarar ocks\u00e5 en del f\u00f6r inkomsterna. Djurlivet innefattar \u00e5tta landd\u00e4ggdjur\ns\u00e5som isbj\u00f6rn, myskoxe, ren, r\u00e4v m.fl.<\/p>\n\n\n\n<p>N\u00e4r det g\u00e4ller Shetlands\u00f6arna, s\u00e5 \u00e4r det en skotsk \u00f6grupp\nnord\u00f6st om Storbritannien mellan Orkney\u00f6arna, F\u00e4r\u00f6arna och Norge med en\nbefolkning p\u00e5 23.000 inv\u00e5nare. Dialekten p\u00e5 \u00f6n \u00e4r influerat av det nordiska, huvud\u00f6n\n\u00e4r Mainland och h\u00e4r ligger ocks\u00e5 huvudorten Lerwick.<\/p>\n\n\n\n<p>Orkney\u00f6arna ligger norr om det skotska fastlandet och best\u00e5r\nav runt 200 \u00f6ar och utg\u00f6r idag en kommun inom Skottland, den minsta med runt\n20.000 inv\u00e5nare. Kirkwall \u00e4r huvudort med 7.000 inv\u00e5nare och man talade\nfornnordiska (norn) \u00e4nda in p\u00e5 1800-talet innan spr\u00e5ket tr\u00e4ngdes undan. Det\nfinns bos\u00e4ttningar p\u00e5 \u00f6arna sedan l\u00e5ngt f.Kr.<\/p>\n\n\n\n<p>Avslutningsvis ber\u00e4ttade Lars-Gunnar litet om Island och F\u00e4r\u00f6arna, temat var ju \u00f6ar i Nordatlanten, innan han avtackades hj\u00e4rtligt av ordf\u00f6randen och Bj\u00e4stabon Stellan B\u00e4cklund som \u00e4ven riktade ett stort tack till Birgitta Nordin och Anita Harning f\u00f6r det goda fikat.<\/p>\n\n\n\n<div class=\"wp-block-image\"><figure class=\"aligncenter\"><img loading=\"lazy\" decoding=\"async\" width=\"779\" height=\"1024\" src=\"https:\/\/fn.se\/ornskoldsvik\/wp-content\/uploads\/sites\/98\/2019\/11\/P1030278b-779x1024.jpg\" alt=\"\" class=\"wp-image-1027\" srcset=\"https:\/\/fn.se\/ornskoldsvik\/wp-content\/uploads\/sites\/98\/2019\/11\/P1030278b-779x1024.jpg 779w, https:\/\/fn.se\/ornskoldsvik\/wp-content\/uploads\/sites\/98\/2019\/11\/P1030278b-228x300.jpg 228w, https:\/\/fn.se\/ornskoldsvik\/wp-content\/uploads\/sites\/98\/2019\/11\/P1030278b-768x1009.jpg 768w, https:\/\/fn.se\/ornskoldsvik\/wp-content\/uploads\/sites\/98\/2019\/11\/P1030278b-650x854.jpg 650w, https:\/\/fn.se\/ornskoldsvik\/wp-content\/uploads\/sites\/98\/2019\/11\/P1030278b-1024x1345.jpg 1024w\" sizes=\"auto, (max-width: 779px) 100vw, 779px\" \/><figcaption> <br> Stellan avtackade Lars-Gunnar f\u00f6r en intressant f\u00f6rel\u00e4sning, l\u00e4gg m\u00e4rke till \u00f6arnas 5 flaggor som han ocks\u00e5 visade oss! <\/figcaption><\/figure><\/div>\n","protected":false},"excerpt":{"rendered":"<p>FN-f\u00f6reningen g\u00e4stades nyligen av Lars-Gunnar Olsson fr\u00e5n Kallmyra, L\u00e5ngviksmon som p\u00e5 sitt fina s\u00e4tt informerade i ord och bild om&hellip;<\/p>\n","protected":false},"author":111,"featured_media":0,"parent":0,"menu_order":0,"comment_status":"closed","ping_status":"closed","template":"","meta":{"_acf_changed":false,"footnotes":"","_links_to":"","_links_to_target":""},"class_list":["post-1025","page","type-page","status-publish","hentry"],"acf":[],"_links":{"self":[{"href":"https:\/\/fn.se\/ornskoldsvik\/wp-json\/wp\/v2\/pages\/1025","targetHints":{"allow":["GET"]}}],"collection":[{"href":"https:\/\/fn.se\/ornskoldsvik\/wp-json\/wp\/v2\/pages"}],"about":[{"href":"https:\/\/fn.se\/ornskoldsvik\/wp-json\/wp\/v2\/types\/page"}],"author":[{"embeddable":true,"href":"https:\/\/fn.se\/ornskoldsvik\/wp-json\/wp\/v2\/users\/111"}],"replies":[{"embeddable":true,"href":"https:\/\/fn.se\/ornskoldsvik\/wp-json\/wp\/v2\/comments?post=1025"}],"version-history":[{"count":2,"href":"https:\/\/fn.se\/ornskoldsvik\/wp-json\/wp\/v2\/pages\/1025\/revisions"}],"predecessor-version":[{"id":1029,"href":"https:\/\/fn.se\/ornskoldsvik\/wp-json\/wp\/v2\/pages\/1025\/revisions\/1029"}],"wp:attachment":[{"href":"https:\/\/fn.se\/ornskoldsvik\/wp-json\/wp\/v2\/media?parent=1025"}],"curies":[{"name":"wp","href":"https:\/\/api.w.org\/{rel}","templated":true}]}}