{"id":26,"date":"2023-09-29T13:46:12","date_gmt":"2023-09-29T13:46:12","guid":{"rendered":"http:\/\/fn.se\/nykoping\/?page_id=26"},"modified":"2025-01-20T20:50:08","modified_gmt":"2025-01-20T20:50:08","slug":"kalender","status":"publish","type":"page","link":"https:\/\/fn.se\/nykoping\/kalender\/","title":{"rendered":"LOKAL Kalender (h\u00e4nder i Nyk\u00f6ping)"},"content":{"rendered":"\n<p class=\"has-text-align-center has-white-color has-vivid-green-cyan-background-color has-text-color has-background has-large-font-size\">2025<\/p>\n\n\n\n<p>\u00c5RSM\u00d6TE 28\/2, KL. 16.00-17.30 I MATSALEN, NYK\u00d6PINGS GYMNASIUM &#8221;GRIPEN&#8221;, Bes\u00f6ksadress: Svedelius v\u00e4g 7-11<\/p>\n\n\n\n<p><strong>H\u00f6r g\u00e4rna av dig om du avser att delta i \u00e5rsm\u00f6tet<\/strong>,<strong> senast 25 februari <\/strong>till <a href=\"mailto:fnforeningen.nykoping@gmail.com\">fnforeningen.nykoping@gmail.com<\/a> . Det g\u00e5r givetvis bra att \u201cdropa in\u201d ocks\u00e5 men vi uppskattar att f\u00e5 en hint om antalet deltagare f\u00f6r att kunna f\u00f6rbereda fika, mm.<\/p>\n\n\n\n<p><\/p>\n\n\n\n<p><strong>Aktiviteter i januari<\/strong> 2025<\/p>\n\n\n\n<p><strong>M\u00e5ndagen den 27 januari hedrar och uppm\u00e4rksammar vi internationella minnesdagen f\u00f6r F\u00f6rintelsens offer<\/strong>, baserad p\u00e5 dagen med samma datum d\u00e5 f\u00e5ngarna i koncentrationsl\u00e4gret i Auschwitz befriades 1945. I \u00e5r, 2025 \u00e4r det <strong>80 \u00e5r<\/strong> sedan befrielsen \u00e4gde rum och det vill Nyk\u00f6pings FN-f\u00f6rening vara med och uppm\u00e4rksamma genom att delta i en <strong>manifestation p\u00e5 Stora Torget i Nyk\u00f6ping<\/strong>, som arrangeras av Toleransprojektet och Nyckelskramlarna. <strong>Klockan 17.00 \u00e4r det samling p\u00e5 torget<\/strong> &#8211; hoppas vi ses d\u00e4r!<\/p>\n\n\n\n<p><\/p>\n\n\n\n<p>H\u00d6STEN 2024<\/p>\n\n\n\n<p><strong>Internationella FN-dagen, torsdagen den 24\/10<\/strong><\/p>\n\n\n\n<p>Vi delade ut stipendium i tv\u00e5 kategorier; &#8221;En bra kompis&#8221; (under 18 \u00e5r) gick till Lisa Vendelsten &#8211; STORT GRATTIS!! <\/p>\n\n\n\n<p>I kategorin &#8221;En ung klimathj\u00e4lte&#8221; (18-26 \u00e5r) fick Lara \/ Alex St\u00e5lnacke ta emot ett stipendium &#8211; STORT GRATTIS!!<\/p>\n\n\n\n<p>Syftet med v\u00e5ra stipendium \u00e4r att lyfta fram unga f\u00f6rebilder som g\u00f6r skillnad f\u00f6r andra. S\u00e5 roligt att flera tar sig tid att nominera. <\/p>\n\n\n\n<p><\/p>\n\n\n\n<p><strong>Hej alla medlemmar i Nyk\u00f6pings FN-f\u00f6rening!<\/strong> Nu stundar midsommar och den&nbsp;ljusaste tiden&nbsp;p\u00e5 \u00e5ret. Det vill jag, Malin Westin Laving (ordf\u00f6rande) passa p\u00e5 att &#8221;fira&#8221; genom att dela med mig av n\u00e5gra ljusglimtar fr\u00e5n FN-kongressen och andra glada nyheter fr\u00e5n oss i styrelsen under en&nbsp;<strong>webbtr\u00e4ff&nbsp;f\u00f6r medlemmar i Nyk\u00f6pings FN-f\u00f6rening tisdagen den 25\/6, klockan 12.30-13.30<\/strong>&nbsp;(se l\u00e4nken nedan).&nbsp;<br><br><strong>Under tr\u00e4ffens f\u00f6rsta halvtimme, 12.30-13.00,<\/strong>&nbsp;kommer jag ber\u00e4tta och st\u00e4lla n\u00e5gra fr\u00e5gor via&nbsp;<em><a href=\"http:\/\/www.menti.com\/\" target=\"_blank\" rel=\"noreferrer noopener\">www.menti.com<\/a><\/em>&nbsp;som \u00e4r ett superbra program som du enkelt kan g\u00e5 in p\u00e5 och med en kod (som jag ger under webbtr\u00e4ffen)&nbsp;<strong>svara anonymtp\u00e5 n\u00e5gra medlemsfr\u00e5gor,&nbsp;<\/strong>om du vill<strong>.<\/strong>&nbsp;P\u00e5 s\u00e5 s\u00e4tt hoppas jag att vi kan komma ig\u00e5ng i h\u00f6st och fokusera p\u00e5 r\u00e4tt saker som f\u00f6rhoppningsvis ligger i ert intresse att genomf\u00f6ra och delta i.&nbsp;<strong><em>PS! Du beh\u00f6ver inte ha ett gmail-konto f\u00f6r att delta i m\u00f6tet men ange g\u00e4rna ditt f\u00f6r- och efternamn s\u00e5 jag vet vem jag sl\u00e4pper in. Jag vill ocks\u00e5 att du har din kamera p\u00e5 i b\u00f6rjan \ud83d\ude42&nbsp;<\/em><\/strong><br><br><strong>Under den andra halvtimmen, mellan 13.00-13.30<\/strong>&nbsp;kommer det att finnas tid f\u00f6r&nbsp;<strong>fri diskussion<\/strong>&nbsp;f\u00f6r de som vill stanna kvar och prata om valfria fr\u00e5gor.&nbsp;<br><br><strong>Allts\u00e5, varmt v\u00e4lkommen till en digital webbtr\u00e4ff&nbsp;tisdag 25\/6 mellan 12.30-13.30.<\/strong><\/p>\n\n\n\n<p><strong>L\u00e4nk till webbtr\u00e4ffen&nbsp;<\/strong>(Google Meet):&nbsp;Finns i ett mail som har skickats ut till dig som medlem i Nyk\u00f6pings FN-f\u00f6rening. <\/p>\n\n\n\n<p><\/p>\n\n\n\n<h2 class=\"wp-block-heading has-fn-blue-color has-text-color has-extra-large-font-size\" style=\"text-transform:none\">F\u00f6reningens ordf\u00f6rande Malin Westin Laving deltog i FN-kongressen<\/h2>\n\n\n\n<p>Den&nbsp;<strong>1-2 juni 2024&nbsp;<\/strong>samlades r\u00f6relsen i Eskilstuna f\u00f6r Svenska FN-f\u00f6rbundets h\u00f6gsta beslutande organ \u2013 kongressen! Bl.a. valdes en ny f\u00f6rbundsordf\u00f6rande: Sanna Wolk, l\u00e4s mer h\u00e4r: <a href=\"https:\/\/fn.se\/aktuellt\/pressmeddelanden\/juristen-sanna-wolk-ny-ordforande-i-svenska-fn-forbundet\/\">https:\/\/fn.se\/aktuellt\/pressmeddelanden\/juristen-sanna-wolk-ny-ordforande-i-svenska-fn-forbundet\/<\/a> <\/p>\n\n\n\n<p><\/p>\n\n\n\n<p><strong>Ny ungdomssektion i f\u00f6reningens styrelse!<\/strong><br>Visste du att vi i Nyk\u00f6ping har en <strong>certifierad FN-skola<\/strong>; Nyk\u00f6pings Gymnasium, som har en <strong>FN-grupp med engagerade ungdomar?<\/strong> Jo, s\u00e5 \u00e4r det &#8211; n\u00e5got vi \u00e4r oerh\u00f6rt glada och stolta \u00f6ver i Nyk\u00f6pings FN-f\u00f6rening. <strong>L\u00e4s mer om FN-skolor<\/strong> under <a href=\"http:\/\/www.fn.se\/skola\">www.fn.se\/skola<\/a> . Tv\u00e5 av dessa ungdomar \u00e4r \u00e4ven styrelseledam\u00f6ter i f\u00f6reningens styrelse och kommer agera spr\u00e5kr\u00f6r f\u00f6r de fr\u00e5gor som FN-gruppen p\u00e5 Nyk\u00f6pings Gymnasium vill driva och genomf\u00f6ra.<\/p>\n\n\n\n<p><\/p>\n\n\n\n<h2 class=\"wp-block-heading\" style=\"font-style:normal;font-weight:500;text-transform:none\">UNICEF \u00e4r FN:s barnr\u00e4ttsorganisation. Just nu p\u00e5g\u00e5r insamlingar f\u00f6r att hj\u00e4lpa barn p\u00e5 flykt fr\u00e5n krig, naturkatastrofer och humanit\u00e4ra katastrofomr\u00e5den runt om i v\u00e4rlden. L\u00e4s mer och ge ett livsviktigt bidrag i <a href=\"https:\/\/unicef.se\/gavoshop?gad_source=1&amp;gclid=Cj0KCQjw-pyqBhDmARIsAKd9XIM4jS66O0fFDLp9tJKAqJGk-CbSsYZkJlpWfWKF64W9YffLD3IMnGYaAl7iEALw_wcB&amp;utm_campaign=AO%3A%20G%C3%A5voshop&amp;utm_content=Do_generell_wpl_&amp;utm_medium=cpc&amp;utm_source=Google\">Unicefs g\u00e5voshop<\/a>! Tack f\u00f6r att vi hj\u00e4lps \u00e5t att r\u00e4dda barn &lt;3<\/h2>\n\n\n\n<p class=\"has-extra-large-font-size\"><\/p>\n\n\n\n<figure class=\"wp-block-image size-full\"><img loading=\"lazy\" decoding=\"async\" width=\"490\" height=\"327\" src=\"https:\/\/fn.se\/nykoping\/wp-content\/uploads\/sites\/88\/2023\/11\/Pappapaket-Frilagd-1500_2023_a25cc7edd3518d46.png\" alt=\"\" class=\"wp-image-110\" srcset=\"https:\/\/fn.se\/nykoping\/wp-content\/uploads\/sites\/88\/2023\/11\/Pappapaket-Frilagd-1500_2023_a25cc7edd3518d46.png 490w, https:\/\/fn.se\/nykoping\/wp-content\/uploads\/sites\/88\/2023\/11\/Pappapaket-Frilagd-1500_2023_a25cc7edd3518d46-300x200.png 300w\" sizes=\"auto, (max-width: 490px) 100vw, 490px\" \/><\/figure>\n\n\n\n<p>FN:s konvention om barnets r\u00e4ttigheter, eller <strong>barnkonventionen<\/strong> som den ocks\u00e5 kallas, inneh\u00e5ller best\u00e4mmelser om m\u00e4nskliga r\u00e4ttigheter f\u00f6r barn. 196 l\u00e4nder har skrivit under och f\u00f6rbundit sig att f\u00f6lja reglerna. <em>USA \u00e4r det enda land som inte ratificerat barnkonventionen<\/em>. Det \u00e4r v\u00e5rt uppdrag att hj\u00e4lpa de anslutna l\u00e4nderna att h\u00e5lla vad de&nbsp;lovat.<\/p>\n\n\n\n<p><strong>Bild:<\/strong> UNICEF<\/p>\n\n\n\n<h2 class=\"wp-block-heading\" id=\"Vad-ar-barnkonventionen\">Vad \u00e4r&nbsp;barnkonventionen?<\/h2>\n\n\n\n<p>Barnkonventionen \u00e4r ett r\u00e4ttsligt bindande internationellt avtal som sl\u00e5r fast att barn \u00e4r individer med egna r\u00e4ttigheter, inte f\u00f6r\u00e4ldrars eller andra vuxnas \u00e4godelar. Den inneh\u00e5ller 54 artiklar som alla \u00e4r lika viktiga och utg\u00f6r en helhet, men det finns <strong>fyra grundl\u00e4ggande principer<\/strong> som alltid ska beaktas n\u00e4r det handlar om fr\u00e5gor som r\u00f6r&nbsp;barn:<\/p>\n\n\n\n<p><strong>2) Alla barn har samma r\u00e4ttigheter och lika&nbsp;v\u00e4rde.<\/strong><\/p>\n\n\n\n<p><strong>3) Barnets b\u00e4sta ska beaktas vid alla beslut som r\u00f6r&nbsp;barn.<\/strong><\/p>\n\n\n\n<p><strong>6) Alla barn har r\u00e4tt till liv och&nbsp;utveckling.<\/strong><\/p>\n\n\n\n<p><strong>12) Alla barn har r\u00e4tt att uttrycka sin mening och f\u00e5 den&nbsp;respekterad.<\/strong><\/p>\n\n\n\n<p><a href=\"https:\/\/unicef.se\/barnkonventionen\/las-texten\">L\u00e4s hela barnkonventionen&nbsp;h\u00e4r.<\/a><\/p>\n\n\n\n<p><strong>K\u00e4lla:<\/strong> <a href=\"http:\/\/www.unicef.se\">www.unicef.se<\/a> <\/p>\n\n\n\n<p class=\"has-vivid-cyan-blue-color has-text-color has-extra-large-font-size\"><\/p>\n\n\n\n<p><\/p>\n","protected":false},"excerpt":{"rendered":"<p>2025 \u00c5RSM\u00d6TE 28\/2, KL. 16.00-17.30 I MATSALEN, NYK\u00d6PINGS GYMNASIUM &#8221;GRIPEN&#8221;, Bes\u00f6ksadress: Svedelius v\u00e4g 7-11 H\u00f6r g\u00e4rna av dig om du&hellip;<\/p>\n","protected":false},"author":74,"featured_media":0,"parent":0,"menu_order":0,"comment_status":"closed","ping_status":"closed","template":"","meta":{"_acf_changed":false,"footnotes":"","_links_to":"","_links_to_target":""},"class_list":["post-26","page","type-page","status-publish","hentry"],"acf":[],"_links":{"self":[{"href":"https:\/\/fn.se\/nykoping\/wp-json\/wp\/v2\/pages\/26","targetHints":{"allow":["GET"]}}],"collection":[{"href":"https:\/\/fn.se\/nykoping\/wp-json\/wp\/v2\/pages"}],"about":[{"href":"https:\/\/fn.se\/nykoping\/wp-json\/wp\/v2\/types\/page"}],"author":[{"embeddable":true,"href":"https:\/\/fn.se\/nykoping\/wp-json\/wp\/v2\/users\/74"}],"replies":[{"embeddable":true,"href":"https:\/\/fn.se\/nykoping\/wp-json\/wp\/v2\/comments?post=26"}],"version-history":[{"count":25,"href":"https:\/\/fn.se\/nykoping\/wp-json\/wp\/v2\/pages\/26\/revisions"}],"predecessor-version":[{"id":185,"href":"https:\/\/fn.se\/nykoping\/wp-json\/wp\/v2\/pages\/26\/revisions\/185"}],"wp:attachment":[{"href":"https:\/\/fn.se\/nykoping\/wp-json\/wp\/v2\/media?parent=26"}],"curies":[{"name":"wp","href":"https:\/\/api.w.org\/{rel}","templated":true}]}}