{"id":13,"date":"2016-10-04T14:30:41","date_gmt":"2016-10-04T14:30:41","guid":{"rendered":"http:\/\/fn.se\/nykoping\/?page_id=13"},"modified":"2024-02-21T17:12:35","modified_gmt":"2024-02-21T17:12:35","slug":"verksamhet","status":"publish","type":"page","link":"https:\/\/fn.se\/nykoping\/verksamhet\/","title":{"rendered":"V\u00c5RT FOKUSOMR\u00c5DE 2024"},"content":{"rendered":"<p>Under 2024 forts\u00e4tter vi att ha <strong>s\u00e4rskilt fokus p\u00e5 barn- och ungdomsr\u00e4ttsfr\u00e5gor<\/strong>. Alla barn har r\u00e4tt till liv och utveckling, en god utbildning och en h\u00e5llbar framtid. F\u00f6r att n\u00e5 FN:s globala m\u00e5l p\u00e5 lokal niv\u00e5 har vi kommit \u00f6verens om i styrelsen att vi ska f\u00f6rs\u00f6ka G\u00d6RA s\u00e5 mycket som m\u00f6jligt och ha f\u00e4rre m\u00f6ten under \u00e5ret (kvartalsvis).<\/p>\n<p>Under 2024 hoppas vi kunna samverka \u00e4nnu mer med engagerade ungdomar som \u00e4r med i elevgruppen p\u00e5 FN-skolan Nyk\u00f6pings Gymnasium, s\u00e5 roligt att tv\u00e5 av dem vill vara med i styrelsen! Vi har fullt upp med att planerar FN-rollspel f\u00f6r allm\u00e4nheten, starta en lokal poddcast kring FN-fr\u00e5gor, mm. Blir f\u00f6rhoppningsvis ett sp\u00e4nnande \u00e5r med m\u00e5nga aktiviteter.<\/p>\n<p><strong>Sammanfattning av verksamhets\u00e5ret 2023<br \/>\n<\/strong>Vi inledde \u00e5ret med att arrangera en kv\u00e4ll f\u00f6r klimatet <em>&#8221;Vart \u00e4r vi p\u00e5 v\u00e4g (med klimatet)?&#8221; <\/em>i NK-villan i Nyk\u00f6ping. M\u00e5nga var p\u00e5 plats f\u00f6r att diskutera aktuella klimatfr\u00e5gor, framf\u00f6rallt p\u00e5 lokal niv\u00e5. Vi samverkade ocks\u00e5 under v\u00e5ren med ungdomsf\u00f6reningar som <em>Ung Kraft<\/em> i Nyk\u00f6ping och <em>M.S. Ungdomsf\u00f6rening<\/em> i Nyk\u00f6ping samt f\u00f6reningen <em>&#8221;Fredsbaskrarna i Nyk\u00f6ping och Oxel\u00f6sund&#8221;<\/em>, f\u00f6r att n\u00e4mna n\u00e5gra. En ny id\u00e9 var att f\u00f6reningen gick ut med en utlysning till allm\u00e4nheten om m\u00f6jligheten att nominera barn och unga till tv\u00e5 uppmuntrande stipendier; ett f\u00f6r <em>&#8221;En bra kompis&#8221;<\/em> (f\u00f6r barn under 18 \u00e5r) p\u00e5 1000kr samt ett f\u00f6r <em>&#8221;En ung eldsj\u00e4l&#8221;<\/em> (18-26 \u00e5r) p\u00e5 3000kr. Nomineringstiden var mellan juni &#8211; september.<\/p>\n<p>I september deltog vi i <em>&#8221;Klimathoppm\u00f6tet&#8221;<\/em> p\u00e5 Nyk\u00f6pings Folkh\u00f6gskola och genomf\u00f6rde ocks\u00e5 <em>&#8221;En kv\u00e4ll f\u00f6r flickors r\u00e4ttigheter&#8221;<\/em> p\u00e5 M\u00f6tesplats Brandk\u00e4rr; en interaktiv f\u00f6rel\u00e4sning och workshop p\u00e5 just Internationella Flickadagen, 11 oktober. Ett g\u00e4ng ungdomar kom f\u00f6r att l\u00e4ra sig mer om j\u00e4mst\u00e4lldhet och attityden till flickors r\u00e4ttigheter i samh\u00e4llet med livsviktig fakta och aktuella rapporter fr\u00e5n Svenska FN-f\u00f6rbundets <em>&#8221;Projekt Flicka&#8221;<\/em> som utg\u00e5ngspunkt. Den 24 oktober uppm\u00e4rksammade vi s\u00e5klart FN-dagen!<\/p>\n<p>Vi deltog \u00e4ven i Kulturkv\u00e4llen p\u00e5 S\u00f6rmlands museum den 25\/10 d\u00e5 vi var ansvariga f\u00f6r blandade aktiviteter i en av skaparverkst\u00e4derna, med temat <em>&#8221;Snacka och skapa om barn- och ungdomars r\u00e4ttigheter&#8221;<\/em>. Under kv\u00e4llen delade vi totalt ut fyra stipendier efter att vi hade f\u00e5tt in finfina nomineringar; tre till <em>&#8221;En bra kompis&#8221;<\/em> (totalt 3 x 1000kr) och ett stipendium till <em>&#8221;En ung eldsj\u00e4l&#8221;<\/em> (3000kr). S\u00e5 roligt att vi fick m\u00f6jlighet att lyfta fram fantastiska f\u00f6rebilder i Nyk\u00f6ping med omnejd. Bes\u00f6karna under kv\u00e4llen fick ocks\u00e5 passa p\u00e5 att l\u00e4mna sina tankar, id\u00e9er och f\u00f6rslag i en &#8221;valurna&#8221; som under 2024 kommer att l\u00e4mnas \u00f6ver till Nyk\u00f6pings kommunalr\u00e5d och lokalpolitiker. Fler barn och ungas m\u00e5ste f\u00e5 h\u00f6ras!<\/p>\n<p>Vi har ocks\u00e5 deltagit i n\u00e5gra kurser fr\u00e5n Svenska FN-f\u00f6rbundet (gratis f\u00f6r alla medlemmar i Svenska FN-f\u00f6rbundet) och \u00e4ven i en referensgrupp f\u00f6r att se \u00f6ver aktuella stadgar inf\u00f6r FN-kongressen 2024. Vi \u00e4r mest stolta \u00f6ver att vi som f\u00f6rening har vuxit en hel del under de senaste \u00e5ren &#8211; framf\u00f6rallt med barn- och ungdomsmedlemmar! Vi har ocks\u00e5 byggt upp ett v\u00e4lbes\u00f6kt interaktivt socialt mediakonto p\u00e5 Instagram och Facebook som \u00e4r uppe i snart 400 f\u00f6ljare.<\/p>\n<p>\u00c4r du medlem och vill <em><strong>engagera<\/strong><\/em> dig? <strong>Varmt v\u00e4lkommen att maila till styrelsen:<\/strong> fnforeningen.nykoping@gmail.com .<\/p>\n<p><strong>Med f\u00f6rhoppningar om att vi kan g\u00f6ra skillnad p\u00e5 lokal niv\u00e5 i FN-anda<\/strong> \ud83d\udc99<\/p>\n<p>\/Malin Westin Laving, ordf\u00f6rande i Nyk\u00f6pings FN-f\u00f6rening<\/p>\n<p><img loading=\"lazy\" decoding=\"async\" class=\"alignnone  wp-image-75\" src=\"https:\/\/fn.se\/nykoping\/wp-content\/uploads\/sites\/88\/2023\/09\/Malin-ht-22-225x300.jpg\" alt=\"\" width=\"169\" height=\"226\" srcset=\"https:\/\/fn.se\/nykoping\/wp-content\/uploads\/sites\/88\/2023\/09\/Malin-ht-22-225x300.jpg 225w, https:\/\/fn.se\/nykoping\/wp-content\/uploads\/sites\/88\/2023\/09\/Malin-ht-22-768x1024.jpg 768w, https:\/\/fn.se\/nykoping\/wp-content\/uploads\/sites\/88\/2023\/09\/Malin-ht-22-1152x1536.jpg 1152w, https:\/\/fn.se\/nykoping\/wp-content\/uploads\/sites\/88\/2023\/09\/Malin-ht-22-1536x2048.jpg 1536w, https:\/\/fn.se\/nykoping\/wp-content\/uploads\/sites\/88\/2023\/09\/Malin-ht-22-650x867.jpg 650w, https:\/\/fn.se\/nykoping\/wp-content\/uploads\/sites\/88\/2023\/09\/Malin-ht-22-1024x1365.jpg 1024w, https:\/\/fn.se\/nykoping\/wp-content\/uploads\/sites\/88\/2023\/09\/Malin-ht-22-scaled.jpg 1920w\" sizes=\"auto, (max-width: 169px) 100vw, 169px\" \/>\u00a0 \u00a0 <img loading=\"lazy\" decoding=\"async\" class=\"alignnone  wp-image-86\" src=\"https:\/\/fn.se\/nykoping\/wp-content\/uploads\/sites\/88\/2023\/09\/344003641_596365492231284_4355701115569239266_n-300x225.jpg\" alt=\"\" width=\"299\" height=\"224\" srcset=\"https:\/\/fn.se\/nykoping\/wp-content\/uploads\/sites\/88\/2023\/09\/344003641_596365492231284_4355701115569239266_n-300x225.jpg 300w, https:\/\/fn.se\/nykoping\/wp-content\/uploads\/sites\/88\/2023\/09\/344003641_596365492231284_4355701115569239266_n-1024x769.jpg 1024w, https:\/\/fn.se\/nykoping\/wp-content\/uploads\/sites\/88\/2023\/09\/344003641_596365492231284_4355701115569239266_n-768x577.jpg 768w, https:\/\/fn.se\/nykoping\/wp-content\/uploads\/sites\/88\/2023\/09\/344003641_596365492231284_4355701115569239266_n-650x488.jpg 650w, https:\/\/fn.se\/nykoping\/wp-content\/uploads\/sites\/88\/2023\/09\/344003641_596365492231284_4355701115569239266_n.jpg 1440w\" sizes=\"auto, (max-width: 299px) 100vw, 299px\" \/>\u00a0 \u00a0 <img loading=\"lazy\" decoding=\"async\" class=\"alignnone  wp-image-92\" src=\"https:\/\/fn.se\/nykoping\/wp-content\/uploads\/sites\/88\/2023\/09\/351526657_211311208498387_2907639207329414986_n-300x300.jpg\" alt=\"\" width=\"224\" height=\"224\" srcset=\"https:\/\/fn.se\/nykoping\/wp-content\/uploads\/sites\/88\/2023\/09\/351526657_211311208498387_2907639207329414986_n-300x300.jpg 300w, https:\/\/fn.se\/nykoping\/wp-content\/uploads\/sites\/88\/2023\/09\/351526657_211311208498387_2907639207329414986_n-1024x1023.jpg 1024w, https:\/\/fn.se\/nykoping\/wp-content\/uploads\/sites\/88\/2023\/09\/351526657_211311208498387_2907639207329414986_n-150x150.jpg 150w, https:\/\/fn.se\/nykoping\/wp-content\/uploads\/sites\/88\/2023\/09\/351526657_211311208498387_2907639207329414986_n-768x767.jpg 768w, https:\/\/fn.se\/nykoping\/wp-content\/uploads\/sites\/88\/2023\/09\/351526657_211311208498387_2907639207329414986_n-650x650.jpg 650w, https:\/\/fn.se\/nykoping\/wp-content\/uploads\/sites\/88\/2023\/09\/351526657_211311208498387_2907639207329414986_n.jpg 1440w\" sizes=\"auto, (max-width: 224px) 100vw, 224px\" \/><\/p>\n","protected":false},"excerpt":{"rendered":"<p>Under 2024 forts\u00e4tter vi att ha s\u00e4rskilt fokus p\u00e5 barn- och ungdomsr\u00e4ttsfr\u00e5gor. Alla barn har r\u00e4tt till liv och utveckling,&hellip;<\/p>\n","protected":false},"author":17,"featured_media":0,"parent":0,"menu_order":0,"comment_status":"closed","ping_status":"closed","template":"templates\/template-sub.php","meta":{"_acf_changed":false,"footnotes":"","_links_to":"","_links_to_target":""},"class_list":["post-13","page","type-page","status-publish","hentry"],"acf":[],"_links":{"self":[{"href":"https:\/\/fn.se\/nykoping\/wp-json\/wp\/v2\/pages\/13","targetHints":{"allow":["GET"]}}],"collection":[{"href":"https:\/\/fn.se\/nykoping\/wp-json\/wp\/v2\/pages"}],"about":[{"href":"https:\/\/fn.se\/nykoping\/wp-json\/wp\/v2\/types\/page"}],"author":[{"embeddable":true,"href":"https:\/\/fn.se\/nykoping\/wp-json\/wp\/v2\/users\/17"}],"replies":[{"embeddable":true,"href":"https:\/\/fn.se\/nykoping\/wp-json\/wp\/v2\/comments?post=13"}],"version-history":[{"count":7,"href":"https:\/\/fn.se\/nykoping\/wp-json\/wp\/v2\/pages\/13\/revisions"}],"predecessor-version":[{"id":140,"href":"https:\/\/fn.se\/nykoping\/wp-json\/wp\/v2\/pages\/13\/revisions\/140"}],"wp:attachment":[{"href":"https:\/\/fn.se\/nykoping\/wp-json\/wp\/v2\/media?parent=13"}],"curies":[{"name":"wp","href":"https:\/\/api.w.org\/{rel}","templated":true}]}}