{"id":56,"date":"2016-10-06T09:24:36","date_gmt":"2016-10-06T09:24:36","guid":{"rendered":"http:\/\/fn.se\/nedansiljan\/?page_id=56"},"modified":"2016-10-17T14:09:33","modified_gmt":"2016-10-17T14:09:33","slug":"tipspromenad-7-aug-2008","status":"publish","type":"page","link":"https:\/\/fn.se\/nedansiljan\/tipspromenad-7-aug-2008\/","title":{"rendered":"Tipspromenad 7 aug 2008"},"content":{"rendered":"<h1>Tipspromenad 7 aug 2008<\/h1>\n<p class=\"intro\"><strong>Motion + FN-fr\u00e5gor = Tipspromenad<\/strong><\/p>\n<p class=\"intro\">Den 7 augusti 2008 ordnade f\u00f6reningen en tipspromenad i samband med Soliga Torsdan i Leksand. Fr\u00e5gorna om FN riktades b\u00e5de till vuxna och barn.<\/p>\n<p class=\"intro\">Trots det envisa regnet tog sig ett tjugotal tappra personer runt solv\u00e4ndan. Vinnaren fick en biobiljett, och alla deltagare bj\u00f6ds p\u00e5 godis. Tack till Visir Bio, Ica M\u00e5rtas och Bosporen restaurang.<\/p>\n","protected":false},"excerpt":{"rendered":"<p>Tipspromenad 7 aug 2008 Motion + FN-fr\u00e5gor = Tipspromenad Den 7 augusti 2008 ordnade f\u00f6reningen en tipspromenad i samband med&hellip;<\/p>\n","protected":false},"author":17,"featured_media":0,"parent":0,"menu_order":0,"comment_status":"closed","ping_status":"closed","template":"templates\/template-sub.php","meta":{"_acf_changed":false,"footnotes":"","_links_to":"","_links_to_target":""},"class_list":["post-56","page","type-page","status-publish","hentry"],"acf":[],"_links":{"self":[{"href":"https:\/\/fn.se\/nedansiljan\/wp-json\/wp\/v2\/pages\/56","targetHints":{"allow":["GET"]}}],"collection":[{"href":"https:\/\/fn.se\/nedansiljan\/wp-json\/wp\/v2\/pages"}],"about":[{"href":"https:\/\/fn.se\/nedansiljan\/wp-json\/wp\/v2\/types\/page"}],"author":[{"embeddable":true,"href":"https:\/\/fn.se\/nedansiljan\/wp-json\/wp\/v2\/users\/17"}],"replies":[{"embeddable":true,"href":"https:\/\/fn.se\/nedansiljan\/wp-json\/wp\/v2\/comments?post=56"}],"version-history":[{"count":1,"href":"https:\/\/fn.se\/nedansiljan\/wp-json\/wp\/v2\/pages\/56\/revisions"}],"predecessor-version":[{"id":58,"href":"https:\/\/fn.se\/nedansiljan\/wp-json\/wp\/v2\/pages\/56\/revisions\/58"}],"wp:attachment":[{"href":"https:\/\/fn.se\/nedansiljan\/wp-json\/wp\/v2\/media?parent=56"}],"curies":[{"name":"wp","href":"https:\/\/api.w.org\/{rel}","templated":true}]}}