{"id":44,"date":"2016-10-06T09:19:51","date_gmt":"2016-10-06T09:19:51","guid":{"rendered":"http:\/\/fn.se\/nedansiljan\/?page_id=44"},"modified":"2016-10-17T14:09:15","modified_gmt":"2016-10-17T14:09:15","slug":"referat-fran-nedansiljans-fn-forenings-arsmote-2013-02-27","status":"publish","type":"page","link":"https:\/\/fn.se\/nedansiljan\/referat-fran-nedansiljans-fn-forenings-arsmote-2013-02-27\/","title":{"rendered":"Referat fr\u00e5n Nedansiljans FN-f\u00f6renings \u00e5rsm\u00f6te 2013-02-27"},"content":{"rendered":"<h1>Referat fr\u00e5n Nedansiljans FN-f\u00f6renings \u00e5rsm\u00f6te 2013-02-27<\/h1>\n<div id=\"attachment_45\" style=\"width: 306px\" class=\"wp-caption alignleft\"><img loading=\"lazy\" decoding=\"async\" aria-describedby=\"caption-attachment-45\" class=\"size-medium wp-image-45\" src=\"https:\/\/fn.se\/nedansiljan\/wp-content\/uploads\/sites\/39\/2016\/10\/1-Maj_Britt_Theorin_250x250mm1-296x300.jpg\" alt=\"Maj-Britt Theorin\" width=\"296\" height=\"300\" srcset=\"https:\/\/fn.se\/nedansiljan\/wp-content\/uploads\/sites\/39\/2016\/10\/1-Maj_Britt_Theorin_250x250mm1-296x300.jpg 296w, https:\/\/fn.se\/nedansiljan\/wp-content\/uploads\/sites\/39\/2016\/10\/1-Maj_Britt_Theorin_250x250mm1-768x779.jpg 768w, https:\/\/fn.se\/nedansiljan\/wp-content\/uploads\/sites\/39\/2016\/10\/1-Maj_Britt_Theorin_250x250mm1-1009x1024.jpg 1009w, https:\/\/fn.se\/nedansiljan\/wp-content\/uploads\/sites\/39\/2016\/10\/1-Maj_Britt_Theorin_250x250mm1-315x320.jpg 315w, https:\/\/fn.se\/nedansiljan\/wp-content\/uploads\/sites\/39\/2016\/10\/1-Maj_Britt_Theorin_250x250mm1-690x700.jpg 690w\" sizes=\"auto, (max-width: 296px) 100vw, 296px\" \/><p id=\"caption-attachment-45\" class=\"wp-caption-text\">Maj-Britt Theorin<\/p><\/div>\n<p class=\"intro\">Nedansiljans FN-f\u00f6rening h\u00f6ll \u00e5rsm\u00f6te i Sveasalen, Leksand med god tillslutning.<\/p>\n<p>F\u00f6rra nedrustningsambassad\u00f6ren Maj-Britt Theorin talade om FNs resolution nr 1325 som handlar om kvinnors medverkan p\u00e5 alla beslutsniv\u00e5er f\u00f6r att f\u00f6rebygga, hantera och l\u00f6sa konflikter och delta i fredsprocesser. Resolutionen kan s\u00e4gas ha tv\u00e5 delar: kvinnor som offer och kvinnor som beslutsfattare.<\/p>\n<p>Den del som handlar om kvinnor som offer f\u00f6r sexuellt v\u00e5ld finns dessutom i en annan resolution, nr 1820, som tillkom p\u00e5 f\u00f6rslag av Hillary Clinton och som Margot Wallstr\u00f6m arbetat med under tv\u00e5 \u00e5r som s\u00e4rskild representant f\u00f6r S\u00e4kerhetsr\u00e5det.<\/p>\n<p>D\u00e5 det g\u00e4ller kvinnors medverkan p\u00e5 olika beslutsniv\u00e5er har f\u00e5 l\u00e4nder , 38 av de 193 medlemsl\u00e4nderna, uppr\u00e4ttat nationella handlingsplaner f\u00f6r kvinnors deltagande. Sverige finns bland de 38 men saknar viktiga saker som m\u00e4tbara m\u00e5l, klar tidtabell, effektivt granskningssystem och definierad budget.<\/p>\n<p>Finlands handlingsplan \u00e4r den b\u00e4sta av de nordiska men hittills anses Nepals vara b\u00e4st i v\u00e4rlden. Finske<\/p>\n<div id=\"attachment_46\" style=\"width: 240px\" class=\"wp-caption alignright\"><img loading=\"lazy\" decoding=\"async\" aria-describedby=\"caption-attachment-46\" class=\"size-medium wp-image-46\" src=\"https:\/\/fn.se\/nedansiljan\/wp-content\/uploads\/sites\/39\/2016\/10\/1-Trubadur-230x300.jpg\" alt=\"Mats H\u00f6jer\" width=\"230\" height=\"300\" srcset=\"https:\/\/fn.se\/nedansiljan\/wp-content\/uploads\/sites\/39\/2016\/10\/1-Trubadur-230x300.jpg 230w, https:\/\/fn.se\/nedansiljan\/wp-content\/uploads\/sites\/39\/2016\/10\/1-Trubadur-768x1002.jpg 768w, https:\/\/fn.se\/nedansiljan\/wp-content\/uploads\/sites\/39\/2016\/10\/1-Trubadur-785x1024.jpg 785w, https:\/\/fn.se\/nedansiljan\/wp-content\/uploads\/sites\/39\/2016\/10\/1-Trubadur-245x320.jpg 245w, https:\/\/fn.se\/nedansiljan\/wp-content\/uploads\/sites\/39\/2016\/10\/1-Trubadur-536x700.jpg 536w\" sizes=\"auto, (max-width: 230px) 100vw, 230px\" \/><p id=\"caption-attachment-46\" class=\"wp-caption-text\">Mats H\u00f6jer<\/p><\/div>\n<p>utrikesministern Erki Tuomioja \u00e4r en stark f\u00f6respr\u00e5kare f\u00f6r 1325 medan Carl Bildt f\u00f6refaller ointresserad och okunnig om betydelsen av kvinnors deltagande vilket senast visade sig genom att han inte n\u00e4mnde n\u00e5got om detta i \u00e5rets utrikestal.<\/p>\n<p>\u00c5rsm\u00f6tet inspirerades ocks\u00e5 av trubaduren <strong>Mats H\u00f6jer<\/strong> som sj\u00f6ng Cornelis, Olle Adolfssons med flera visor och \u00e4ven Dan Anderssons sista visa som \u00e5terfanns p\u00e5 en lapp i hans ficka d\u00e5 han hittades d\u00f6d p\u00e5 hotell Hellman efter att han blivit cyanv\u00e4tef\u00f6rgiftad.<\/p>\n<p>Styrelsen 2013 best\u00e5r av Carin Palmcrantz, ordf\u00f6rande, Kerstin Furustam, kass\u00f6r, Lena Forssell, sekreterare, Solveig Bergqvist , Else-Maj H\u00e4gg-Hellborg och Johan Palmcrantz, ledam\u00f6ter.<\/p>\n<p>Ers\u00e4ttare \u00e4r Lennart Hedberg, Marwan Ali, Eric B\u00f6wes och Gustav Palmcrantz<\/p>\n","protected":false},"excerpt":{"rendered":"<p>Referat fr\u00e5n Nedansiljans FN-f\u00f6renings \u00e5rsm\u00f6te 2013-02-27 Nedansiljans FN-f\u00f6rening h\u00f6ll \u00e5rsm\u00f6te i Sveasalen, Leksand med god tillslutning. F\u00f6rra nedrustningsambassad\u00f6ren Maj-Britt Theorin&hellip;<\/p>\n","protected":false},"author":17,"featured_media":0,"parent":0,"menu_order":0,"comment_status":"closed","ping_status":"closed","template":"templates\/template-sub.php","meta":{"_acf_changed":false,"footnotes":"","_links_to":"","_links_to_target":""},"class_list":["post-44","page","type-page","status-publish","hentry"],"acf":[],"_links":{"self":[{"href":"https:\/\/fn.se\/nedansiljan\/wp-json\/wp\/v2\/pages\/44","targetHints":{"allow":["GET"]}}],"collection":[{"href":"https:\/\/fn.se\/nedansiljan\/wp-json\/wp\/v2\/pages"}],"about":[{"href":"https:\/\/fn.se\/nedansiljan\/wp-json\/wp\/v2\/types\/page"}],"author":[{"embeddable":true,"href":"https:\/\/fn.se\/nedansiljan\/wp-json\/wp\/v2\/users\/17"}],"replies":[{"embeddable":true,"href":"https:\/\/fn.se\/nedansiljan\/wp-json\/wp\/v2\/comments?post=44"}],"version-history":[{"count":1,"href":"https:\/\/fn.se\/nedansiljan\/wp-json\/wp\/v2\/pages\/44\/revisions"}],"predecessor-version":[{"id":48,"href":"https:\/\/fn.se\/nedansiljan\/wp-json\/wp\/v2\/pages\/44\/revisions\/48"}],"wp:attachment":[{"href":"https:\/\/fn.se\/nedansiljan\/wp-json\/wp\/v2\/media?parent=44"}],"curies":[{"name":"wp","href":"https:\/\/api.w.org\/{rel}","templated":true}]}}

Referat från Nedansiljans FN-förenings årsmöte 2013-02-27

<h1>Referat från Nedansiljans FN-förenings årsmöte 2013-02-27</h1>
<div id="attachment_45" style="width: 306px" class="wp-caption alignleft"><img loading="lazy" decoding="async" aria-describedby="caption-attachment-45" class="size-medium wp-image-45" src="https://fn.se/nedansiljan/wp-content/uploads/sites/39/2016/10/1-Maj_Britt_Theorin_250x250mm1-296x300.jpg" alt="Maj-Britt Theorin" width="296" height="300" srcset="https://fn.se/nedansiljan/wp-content/uploads/sites/39/2016/10/1-Maj_Britt_Theorin_250x250mm1-296x300.jpg 296w, https://fn.se/nedansiljan/wp-content/uploads/sites/39/2016/10/1-Maj_Britt_Theorin_250x250mm1-768x779.jpg 768w, https://fn.se/nedansiljan/wp-content/uploads/sites/39/2016/10/1-Maj_Britt_Theorin_250x250mm1-1009x1024.jpg 1009w, https://fn.se/nedansiljan/wp-content/uploads/sites/39/2016/10/1-Maj_Britt_Theorin_250x250mm1-315x320.jpg 315w, https://fn.se/nedansiljan/wp-content/uploads/sites/39/2016/10/1-Maj_Britt_Theorin_250x250mm1-690x700.jpg 690w" sizes="auto, (max-width: 296px) 100vw, 296px" /><p id="caption-attachment-45" class="wp-caption-text">Maj-Britt Theorin</p></div>
<p class="intro">Nedansiljans FN-förening höll årsmöte i Sveasalen, Leksand med god tillslutning.</p>
<p>Förra nedrustningsambassadören Maj-Britt Theorin talade om FNs resolution nr 1325 som handlar om kvinnors medverkan på alla beslutsnivåer för att förebygga, hantera och lösa konflikter och delta i fredsprocesser. Resolutionen kan sägas ha två delar: kvinnor som offer och kvinnor som beslutsfattare.</p>
<p>Den del som handlar om kvinnor som offer för sexuellt våld finns dessutom i en annan resolution, nr 1820, som tillkom på förslag av Hillary Clinton och som Margot Wallström arbetat med under två år som särskild representant för Säkerhetsrådet.</p>
<p>Då det gäller kvinnors medverkan på olika beslutsnivåer har få länder , 38 av de 193 medlemsländerna, upprättat nationella handlingsplaner för kvinnors deltagande. Sverige finns bland de 38 men saknar viktiga saker som mätbara mål, klar tidtabell, effektivt granskningssystem och definierad budget.</p>
<p>Finlands handlingsplan är den bästa av de nordiska men hittills anses Nepals vara bäst i världen. Finske</p>
<div id="attachment_46" style="width: 240px" class="wp-caption alignright"><img loading="lazy" decoding="async" aria-describedby="caption-attachment-46" class="size-medium wp-image-46" src="https://fn.se/nedansiljan/wp-content/uploads/sites/39/2016/10/1-Trubadur-230x300.jpg" alt="Mats Höjer" width="230" height="300" srcset="https://fn.se/nedansiljan/wp-content/uploads/sites/39/2016/10/1-Trubadur-230x300.jpg 230w, https://fn.se/nedansiljan/wp-content/uploads/sites/39/2016/10/1-Trubadur-768x1002.jpg 768w, https://fn.se/nedansiljan/wp-content/uploads/sites/39/2016/10/1-Trubadur-785x1024.jpg 785w, https://fn.se/nedansiljan/wp-content/uploads/sites/39/2016/10/1-Trubadur-245x320.jpg 245w, https://fn.se/nedansiljan/wp-content/uploads/sites/39/2016/10/1-Trubadur-536x700.jpg 536w" sizes="auto, (max-width: 230px) 100vw, 230px" /><p id="caption-attachment-46" class="wp-caption-text">Mats Höjer</p></div>
<p>utrikesministern Erki Tuomioja är en stark förespråkare för 1325 medan Carl Bildt förefaller ointresserad och okunnig om betydelsen av kvinnors deltagande vilket senast visade sig genom att han inte nämnde något om detta i årets utrikestal.</p>
<p>Årsmötet inspirerades också av trubaduren <strong>Mats Höjer</strong> som sjöng Cornelis, Olle Adolfssons med flera visor och även Dan Anderssons sista visa som återfanns på en lapp i hans ficka då han hittades död på hotell Hellman efter att han blivit cyanväteförgiftad.</p>
<p>Styrelsen 2013 består av Carin Palmcrantz, ordförande, Kerstin Furustam, kassör, Lena Forssell, sekreterare, Solveig Bergqvist , Else-Maj Hägg-Hellborg och Johan Palmcrantz, ledamöter.</p>
<p>Ersättare är Lennart Hedberg, Marwan Ali, Eric Böwes och Gustav Palmcrantz</p>

<p>Referat från Nedansiljans FN-förenings årsmöte 2013-02-27 Nedansiljans FN-förening höll årsmöte i Sveasalen, Leksand med god tillslutning. Förra nedrustningsambassadören Maj-Britt Theorin&hellip;</p>
