{"id":2,"date":"2016-08-08T13:55:54","date_gmt":"2016-08-08T13:55:54","guid":{"rendered":"http:\/\/fn.se\/nedansiljans-fnforening\/?page_id=2"},"modified":"2024-02-07T10:27:06","modified_gmt":"2024-02-07T10:27:06","slug":"sample-page","status":"publish","type":"page","link":"https:\/\/fn.se\/nedansiljan\/","title":{"rendered":"Hem"},"content":{"rendered":"<h1>V\u00e4lkommen till Nedansiljans FN-f\u00f6rening!<\/h1>\n<p>Nedansiljans FN-f\u00f6rening \u00e4r en del av den svenska FN-r\u00f6relsen och knuten till Svenska FN-f\u00f6rbundet. F\u00f6reningen finns f\u00f6r er som bor i kommunerna R\u00e4ttvik, Leksand och Gagnef.<\/p>\n<p><img loading=\"lazy\" decoding=\"async\" class=\" wp-image-17 alignright\" src=\"https:\/\/fn.se\/nedansiljan\/wp-content\/uploads\/sites\/39\/2016\/08\/SFN_FO\u0308RENING_Nedansiljans-121x300.jpg\" alt=\"sfn_fo%cc%88rening_nedansiljans\" width=\"119\" height=\"295\" srcset=\"https:\/\/fn.se\/nedansiljan\/wp-content\/uploads\/sites\/39\/2016\/08\/SFN_FO\u0308RENING_Nedansiljans-121x300.jpg 121w, https:\/\/fn.se\/nedansiljan\/wp-content\/uploads\/sites\/39\/2016\/08\/SFN_FO\u0308RENING_Nedansiljans-413x1024.jpg 413w, https:\/\/fn.se\/nedansiljan\/wp-content\/uploads\/sites\/39\/2016\/08\/SFN_FO\u0308RENING_Nedansiljans-129x320.jpg 129w, https:\/\/fn.se\/nedansiljan\/wp-content\/uploads\/sites\/39\/2016\/08\/SFN_FO\u0308RENING_Nedansiljans-282x700.jpg 282w, https:\/\/fn.se\/nedansiljan\/wp-content\/uploads\/sites\/39\/2016\/08\/SFN_FO\u0308RENING_Nedansiljans.jpg 489w\" sizes=\"auto, (max-width: 119px) 100vw, 119px\" \/>F\u00f6reningen \u00e4r partipolitiskt och religi\u00f6st obunden. All verksamhet bygger p\u00e5 lokala och n\u00e4ra krafter, vi t\u00e4nker globalt men handlar n\u00e4ra och lokalt. I v\u00e5r r\u00f6relse levandeg\u00f6rs visioner. Id\u00e9er formas om hur internationellt samarbete kan fr\u00e4mjas. Det \u00e4r berikande p\u00e5 m\u00e5nga s\u00e4tt.<\/p>\n<p>H\u00e4r f\u00e5r du m\u00f6jlighet att m\u00f6ta nya m\u00e4nniskor, l\u00e4ra dig mer om FN och internationella fr\u00e5gor, arbeta med insamlingsprojekt, p\u00e5verka och framf\u00f6r allt bidra till det viktiga arbetet f\u00f6r en b\u00e4ttre v\u00e4rld.<\/p>\n<p>Vi beh\u00f6ver FN! FN beh\u00f6ver dig!<\/p>\n<p>Var med och p\u00e5verka f\u00f6reningens framtid,<\/p>\n<p><a class=\"new-window\" title=\"V\u00e4lkommen som medlem i v\u00e5r f\u00f6rening!\" href=\"https:\/\/betalning.fn.se\/pfs\/memberregistration\/\" target=\"_blank\" rel=\"noopener\">V\u00e4lkommen som medlem i v\u00e5r f\u00f6rening!<\/a><\/p>\n<p>Du n\u00e5r oss via mail: nedansiljanfn@gmail.com<\/p>\n<p><img loading=\"lazy\" decoding=\"async\" class=\"wp-image-129 aligncenter\" src=\"https:\/\/fn.se\/nedansiljan\/wp-content\/uploads\/sites\/39\/2024\/02\/PENUP_20240204_191131-248x300.png\" alt=\"\" width=\"420\" height=\"508\" srcset=\"https:\/\/fn.se\/nedansiljan\/wp-content\/uploads\/sites\/39\/2024\/02\/PENUP_20240204_191131-248x300.png 248w, https:\/\/fn.se\/nedansiljan\/wp-content\/uploads\/sites\/39\/2024\/02\/PENUP_20240204_191131-848x1024.png 848w, https:\/\/fn.se\/nedansiljan\/wp-content\/uploads\/sites\/39\/2024\/02\/PENUP_20240204_191131-768x927.png 768w, https:\/\/fn.se\/nedansiljan\/wp-content\/uploads\/sites\/39\/2024\/02\/PENUP_20240204_191131-650x785.png 650w, https:\/\/fn.se\/nedansiljan\/wp-content\/uploads\/sites\/39\/2024\/02\/PENUP_20240204_191131-1024x1236.png 1024w, https:\/\/fn.se\/nedansiljan\/wp-content\/uploads\/sites\/39\/2024\/02\/PENUP_20240204_191131.png 1080w\" sizes=\"auto, (max-width: 420px) 100vw, 420px\" \/><\/p>\n","protected":false},"excerpt":{"rendered":"<p>V\u00e4lkommen till Nedansiljans FN-f\u00f6rening! Nedansiljans FN-f\u00f6rening \u00e4r en del av den svenska FN-r\u00f6relsen och knuten till Svenska FN-f\u00f6rbundet. F\u00f6reningen finns&hellip;<\/p>\n","protected":false},"author":16,"featured_media":0,"parent":0,"menu_order":0,"comment_status":"closed","ping_status":"open","template":"templates\/template-sub.php","meta":{"_acf_changed":false,"footnotes":"","_links_to":"","_links_to_target":""},"class_list":["post-2","page","type-page","status-publish","hentry"],"acf":[],"_links":{"self":[{"href":"https:\/\/fn.se\/nedansiljan\/wp-json\/wp\/v2\/pages\/2","targetHints":{"allow":["GET"]}}],"collection":[{"href":"https:\/\/fn.se\/nedansiljan\/wp-json\/wp\/v2\/pages"}],"about":[{"href":"https:\/\/fn.se\/nedansiljan\/wp-json\/wp\/v2\/types\/page"}],"author":[{"embeddable":true,"href":"https:\/\/fn.se\/nedansiljan\/wp-json\/wp\/v2\/users\/16"}],"replies":[{"embeddable":true,"href":"https:\/\/fn.se\/nedansiljan\/wp-json\/wp\/v2\/comments?post=2"}],"version-history":[{"count":8,"href":"https:\/\/fn.se\/nedansiljan\/wp-json\/wp\/v2\/pages\/2\/revisions"}],"predecessor-version":[{"id":133,"href":"https:\/\/fn.se\/nedansiljan\/wp-json\/wp\/v2\/pages\/2\/revisions\/133"}],"wp:attachment":[{"href":"https:\/\/fn.se\/nedansiljan\/wp-json\/wp\/v2\/media?parent=2"}],"curies":[{"name":"wp","href":"https:\/\/api.w.org\/{rel}","templated":true}]}}