{"id":110,"date":"2023-10-09T15:10:20","date_gmt":"2023-10-09T15:10:20","guid":{"rendered":"https:\/\/fn.se\/nacka-varmdo\/?page_id=110"},"modified":"2023-10-09T15:12:11","modified_gmt":"2023-10-09T15:12:11","slug":"hostmote-2023-kom-och-fira-fn-dagen-med-oss","status":"publish","type":"page","link":"https:\/\/fn.se\/nacka-varmdo\/hostmote-2023-kom-och-fira-fn-dagen-med-oss\/","title":{"rendered":"H\u00f6stm\u00f6te 2023 &#8211; kom och fira fn-dagen med oss"},"content":{"rendered":"\n<h2 class=\"wp-block-heading\">H\u00f6stm\u00f6te 2023 &#8211; kom och fira fn-dagen med oss<\/h2>\n\n\n\n<figure class=\"wp-block-image size-full is-resized\"><img loading=\"lazy\" decoding=\"async\" src=\"https:\/\/fn.se\/nacka-varmdo\/wp-content\/uploads\/sites\/84\/2023\/10\/Skarmavbild-2023-10-08-kl.-13.38.28.png\" alt=\"\" class=\"wp-image-111\" style=\"width:339px;height:372px\" width=\"339\" height=\"372\" srcset=\"https:\/\/fn.se\/nacka-varmdo\/wp-content\/uploads\/sites\/84\/2023\/10\/Skarmavbild-2023-10-08-kl.-13.38.28.png 304w, https:\/\/fn.se\/nacka-varmdo\/wp-content\/uploads\/sites\/84\/2023\/10\/Skarmavbild-2023-10-08-kl.-13.38.28-273x300.png 273w\" sizes=\"auto, (max-width: 339px) 100vw, 339px\" \/><\/figure>\n\n\n\n<p>I samarbete med Nacka f\u00f6rsamling arrangerar Nacka V\u00e4rmd\u00f6 FN-f\u00f6rening ett m\u00f6te s\u00f6ndagen den 22 oktober kl 12:30 i Nacka kyrka, med f\u00f6ljande inneh\u00e5ll:<br>\u2022 F\u00f6redrag av Caroline Hammarskj\u00f6ld (brorssondotter till Dag Hammarskj\u00f6ld) som f\u00f6rvaltar arvet efter Dag Hammarskj\u00f6ld, inte minst det id\u00e9m\u00e4ssiga arvet<br>\u2022 Utdelning av priset Sm\u00e5 steg f\u00f6r fred till Eleverna i Sigfridsborgsskolan f\u00f6r deras uth\u00e5lliga arbete med att st\u00f6dja barnhemmet i Ghana<br>\u2022 K\u00f6rkonsert med Skeppsholmens fredsk\u00f6r.<\/p>\n\n\n\n<p>M\u00f6tet \u00e4r gratis och \u00f6ppet f\u00f6r alla!<\/p>\n\n\n\n<p><\/p>\n","protected":false},"excerpt":{"rendered":"<p>H\u00f6stm\u00f6te 2023 &#8211; kom och fira fn-dagen med oss I samarbete med Nacka f\u00f6rsamling arrangerar Nacka V\u00e4rmd\u00f6 FN-f\u00f6rening ett m\u00f6te&hellip;<\/p>\n","protected":false},"author":69,"featured_media":0,"parent":0,"menu_order":0,"comment_status":"closed","ping_status":"closed","template":"","meta":{"_acf_changed":false,"footnotes":"","_links_to":"","_links_to_target":""},"class_list":["post-110","page","type-page","status-publish","hentry"],"acf":[],"_links":{"self":[{"href":"https:\/\/fn.se\/nacka-varmdo\/wp-json\/wp\/v2\/pages\/110","targetHints":{"allow":["GET"]}}],"collection":[{"href":"https:\/\/fn.se\/nacka-varmdo\/wp-json\/wp\/v2\/pages"}],"about":[{"href":"https:\/\/fn.se\/nacka-varmdo\/wp-json\/wp\/v2\/types\/page"}],"author":[{"embeddable":true,"href":"https:\/\/fn.se\/nacka-varmdo\/wp-json\/wp\/v2\/users\/69"}],"replies":[{"embeddable":true,"href":"https:\/\/fn.se\/nacka-varmdo\/wp-json\/wp\/v2\/comments?post=110"}],"version-history":[{"count":3,"href":"https:\/\/fn.se\/nacka-varmdo\/wp-json\/wp\/v2\/pages\/110\/revisions"}],"predecessor-version":[{"id":115,"href":"https:\/\/fn.se\/nacka-varmdo\/wp-json\/wp\/v2\/pages\/110\/revisions\/115"}],"wp:attachment":[{"href":"https:\/\/fn.se\/nacka-varmdo\/wp-json\/wp\/v2\/media?parent=110"}],"curies":[{"name":"wp","href":"https:\/\/api.w.org\/{rel}","templated":true}]}}