{"id":2,"date":"2016-08-11T10:41:16","date_gmt":"2016-08-11T10:41:16","guid":{"rendered":"http:\/\/fn.se\/mariestads-fn-forening\/?page_id=2"},"modified":"2025-04-24T16:46:22","modified_gmt":"2025-04-24T16:46:22","slug":"sample-page","status":"publish","type":"page","link":"https:\/\/fn.se\/mariestad\/","title":{"rendered":"Hem"},"content":{"rendered":"<h1>\u00a0<\/h1>\n<h1>Mariestads FN-f\u00f6rening <img loading=\"lazy\" decoding=\"async\" class=\"size-full wp-image-9 alignright\" src=\"https:\/\/fn.se\/mariestad\/wp-content\/uploads\/sites\/51\/2016\/08\/SFN_F\u00d6RENING_Mariestads.jpg\" alt=\"sfn_logopayoff_pos_right\" width=\"117\" height=\"291\" \/><\/h1>\n<p class=\"intro\">Beslut 24\/4- 25 att avveckla Mariestads FN-f\u00f6rening.<\/p>\n<p class=\"intro\">Aktiva medlemskap \u00f6verf\u00f6rs till n\u00e4rmsta lokalf\u00f6rening och kvarvarande medel \u00f6verf\u00f6rs till FN-f\u00f6rbundet.\u00a0<\/p>\n<p>Allt gott<\/p>\n<p>\/\/Styrelsen<\/p>\n\n\n<p><\/p>\n","protected":false},"excerpt":{"rendered":"<p>\u00a0 Mariestads FN-f\u00f6rening Beslut 24\/4- 25 att avveckla Mariestads FN-f\u00f6rening. Aktiva medlemskap \u00f6verf\u00f6rs till n\u00e4rmsta lokalf\u00f6rening och kvarvarande medel \u00f6verf\u00f6rs&hellip;<\/p>\n","protected":false},"author":16,"featured_media":5,"parent":0,"menu_order":0,"comment_status":"closed","ping_status":"open","template":"templates\/template-sub.php","meta":{"_acf_changed":false,"footnotes":"","_links_to":"","_links_to_target":""},"class_list":["post-2","page","type-page","status-publish","has-post-thumbnail","hentry"],"acf":[],"_links":{"self":[{"href":"https:\/\/fn.se\/mariestad\/wp-json\/wp\/v2\/pages\/2","targetHints":{"allow":["GET"]}}],"collection":[{"href":"https:\/\/fn.se\/mariestad\/wp-json\/wp\/v2\/pages"}],"about":[{"href":"https:\/\/fn.se\/mariestad\/wp-json\/wp\/v2\/types\/page"}],"author":[{"embeddable":true,"href":"https:\/\/fn.se\/mariestad\/wp-json\/wp\/v2\/users\/16"}],"replies":[{"embeddable":true,"href":"https:\/\/fn.se\/mariestad\/wp-json\/wp\/v2\/comments?post=2"}],"version-history":[{"count":88,"href":"https:\/\/fn.se\/mariestad\/wp-json\/wp\/v2\/pages\/2\/revisions"}],"predecessor-version":[{"id":189,"href":"https:\/\/fn.se\/mariestad\/wp-json\/wp\/v2\/pages\/2\/revisions\/189"}],"wp:featuredmedia":[{"embeddable":true,"href":"https:\/\/fn.se\/mariestad\/wp-json\/wp\/v2\/media\/5"}],"wp:attachment":[{"href":"https:\/\/fn.se\/mariestad\/wp-json\/wp\/v2\/media?parent=2"}],"curies":[{"name":"wp","href":"https:\/\/api.w.org\/{rel}","templated":true}]}}