{"id":2,"date":"2016-08-11T10:56:58","date_gmt":"2016-08-11T10:56:58","guid":{"rendered":"http:\/\/fn.se\/lunds-fn-forening\/?page_id=2"},"modified":"2025-05-20T07:06:47","modified_gmt":"2025-05-20T07:06:47","slug":"sample-page","status":"publish","type":"page","link":"https:\/\/fn.se\/lund\/","title":{"rendered":"Hem"},"content":{"rendered":"<h1>V\u00e4lkommen till\u00a0Lunds FN-f\u00f6rening!<img loading=\"lazy\" decoding=\"async\" class=\"wp-image-151  alignright\" src=\"https:\/\/fn.se\/lund\/wp-content\/uploads\/sites\/79\/2023\/02\/Screenshot-2023-02-13-at-12.47.56.png\" alt=\"\" width=\"133\" height=\"295\" srcset=\"https:\/\/fn.se\/lund\/wp-content\/uploads\/sites\/79\/2023\/02\/Screenshot-2023-02-13-at-12.47.56.png 526w, https:\/\/fn.se\/lund\/wp-content\/uploads\/sites\/79\/2023\/02\/Screenshot-2023-02-13-at-12.47.56-135x300.png 135w, https:\/\/fn.se\/lund\/wp-content\/uploads\/sites\/79\/2023\/02\/Screenshot-2023-02-13-at-12.47.56-461x1024.png 461w\" sizes=\"auto, (max-width: 133px) 100vw, 133px\" \/><\/h1>\n<p>Lunds FN-f\u00f6rening \u00e4r en del av den svenska FN-r\u00f6relsen och \u00e4r knuten till Svenska FN-f\u00f6rbundet. F\u00f6reningen \u00e4r partipolitiskt och religi\u00f6st obunden. All verksamhet bygger p\u00e5 lokala och n\u00e4ra krafter \u2013 vi t\u00e4nker globalt och agerar lokalt.<\/p>\n<p>F\u00f6reningen bildades 1977 och hade d\u00e5 15 medlemmar. Under \u00e5rens lopp har medlemsantalet stadigt \u00f6kat och idag har vi ett drygt hundratal medlemmar.<\/p>\n<p>Lunds FN-f\u00f6rening har ett n\u00e4ra samarbete med Svenska FN-f\u00f6rbundet, men ocks\u00e5 med lokala FN-f\u00f6reningar samt andra partipolitiskt och religi\u00f6st obundna f\u00f6reningar fr\u00e4mst i lundaomr\u00e5det. Vi arrangerar ofta, eller st\u00e5r som medarrang\u00f6rer till, aktiviteter och f\u00f6rel\u00e4sningar som ber\u00f6r olika FN-relaterade fr\u00e5gor.<\/p>\n<p>Sedan starten har Lunds FN-f\u00f6rening hunnit engagera sig i en rad olika projekt tack vare v\u00e5ra <a href=\"https:\/\/fn.se\/lund\/verksamhet-2\/\">fyra utskott: M\u00e4nskliga r\u00e4ttighetsutskottet, Fred- och S\u00e4kerhetsutskottet, Klimatutskottet samt Skol- och ungdomsutskottet.<\/a><\/p>\n<p>F\u00f6reningen har \u00e4ven en <a href=\"http:\/\/fn.se\/lund\/sample-page\/verksamhet\/\">j\u00e4mst\u00e4lldhetsansvarig<\/a> som finns tillg\u00e4nglig i h\u00e4ndelse av att n\u00e5gonting inte g\u00e5r r\u00e4tt till i koppling till f\u00f6reningens organiserade event eller inom ett utskott. Mejladressen g\u00e5r att finna <a href=\"https:\/\/fn.se\/lund\/kontakt\/\">h\u00e4r<\/a>.<\/p>\n<p>Som medlem i Lunds FN-f\u00f6rening f\u00e5r du inte bara m\u00f6jlighet att m\u00f6ta engagerade och likasinnade medlemmar, utan du f\u00e5r \u00e4ven l\u00e4ra dig mer om FN och internationella fr\u00e5gor samt arbeta med v\u00e5ra projekt. Men framf\u00f6rallt f\u00e5r du m\u00f6jligheten att p\u00e5verka och bidra till en tryggare, fredligare och mer h\u00e5llbar omv\u00e4rld.<\/p>\n<p>Att vara medlem i Lunds FN-f\u00f6rening \u00e4r viktigt, konstruktivt och kul! Du best\u00e4mmer sj\u00e4lv hur aktiv du vill vara i f\u00f6reningsarbetet. Allt vi g\u00f6r bygger p\u00e5 lokala, frivilliga krafter, s\u00e5 ju fler vi \u00e4r desto mer kan vi g\u00f6ra.<\/p>\n<p>\u00c4r du nyfiken p\u00e5 att engagera dig? Sl\u00e4ng iv\u00e4g ett mail till ordforande@lundsfnforening.org eller n\u00e5got av v\u00e5ra utskott. Annars kan du h\u00e5lla utkik p\u00e5 v\u00e5ra evenemang p\u00e5 sociala medier &#8211; vi finns p\u00e5 facebook och instagram.<\/p>\n<p><a href=\"https:\/\/www.facebook.com\/profile.php?id=100090278231103\">Facebook<\/a><\/p>\n<p><a href=\"https:\/\/www.instagram.com\/lundsfnforening\/\">Instagram<\/a><\/p>\n<p>V\u00e4rldens folk beh\u00f6ver FN och vi beh\u00f6ver dig! <a class=\"new-window\" href=\"https:\/\/betalning.fn.se\/pfs\/memberregistration\/\" target=\"_blank\" rel=\"noopener\">Varmt v\u00e4lkommen som medlem i v\u00e5r f\u00f6rening!<\/a><\/p>\n","protected":false},"excerpt":{"rendered":"<p>V\u00e4lkommen till\u00a0Lunds FN-f\u00f6rening! Lunds FN-f\u00f6rening \u00e4r en del av den svenska FN-r\u00f6relsen och \u00e4r knuten till Svenska FN-f\u00f6rbundet. F\u00f6reningen \u00e4r&hellip;<\/p>\n","protected":false},"author":16,"featured_media":366,"parent":0,"menu_order":0,"comment_status":"closed","ping_status":"open","template":"templates\/template-sub.php","meta":{"_acf_changed":false,"footnotes":"","_links_to":"","_links_to_target":""},"class_list":["post-2","page","type-page","status-publish","has-post-thumbnail","hentry"],"acf":[],"_links":{"self":[{"href":"https:\/\/fn.se\/lund\/wp-json\/wp\/v2\/pages\/2","targetHints":{"allow":["GET"]}}],"collection":[{"href":"https:\/\/fn.se\/lund\/wp-json\/wp\/v2\/pages"}],"about":[{"href":"https:\/\/fn.se\/lund\/wp-json\/wp\/v2\/types\/page"}],"author":[{"embeddable":true,"href":"https:\/\/fn.se\/lund\/wp-json\/wp\/v2\/users\/16"}],"replies":[{"embeddable":true,"href":"https:\/\/fn.se\/lund\/wp-json\/wp\/v2\/comments?post=2"}],"version-history":[{"count":24,"href":"https:\/\/fn.se\/lund\/wp-json\/wp\/v2\/pages\/2\/revisions"}],"predecessor-version":[{"id":486,"href":"https:\/\/fn.se\/lund\/wp-json\/wp\/v2\/pages\/2\/revisions\/486"}],"wp:featuredmedia":[{"embeddable":true,"href":"https:\/\/fn.se\/lund\/wp-json\/wp\/v2\/media\/366"}],"wp:attachment":[{"href":"https:\/\/fn.se\/lund\/wp-json\/wp\/v2\/media?parent=2"}],"curies":[{"name":"wp","href":"https:\/\/api.w.org\/{rel}","templated":true}]}}