{"id":17,"date":"2016-09-22T13:31:08","date_gmt":"2016-09-22T13:31:08","guid":{"rendered":"http:\/\/fn.se\/lund\/?page_id=17"},"modified":"2026-04-16T09:16:38","modified_gmt":"2026-04-16T09:16:38","slug":"kontakt","status":"publish","type":"page","link":"https:\/\/fn.se\/lund\/kontakt\/","title":{"rendered":"Kontakt"},"content":{"rendered":"\n<p class=\"intro\"><font dir=\"auto\" style=\"vertical-align: inherit\"><font dir=\"auto\" style=\"vertical-align: inherit\">Welcome to contact Lund&#8217;s UN Association! Do you want to get involved or maybe just get in touch with us? We are constantly working to become more accessible.<\/font><\/font><\/p>\n\n\n\n<p class=\"intro\">Kom ih\u00e5g att du kan ocks\u00e5 f\u00f6lja Lunds FN-f\u00f6rening p\u00e5 <a href=\"https:\/\/www.facebook.com\/profile.php?id=100090278231103\">Facebook<\/a>&nbsp;och p\u00e5&nbsp;<a href=\"https:\/\/www.instagram.com\/lundsfnforening\/\">Instagram<\/a>&nbsp; f\u00f6r att ta del av vad som \u00e4r p\u00e5 g\u00e5ng inom f\u00f6reningen och bli tipsad om intressanta evenemang i Lund.<\/p>\n\n\n\n<p class=\"intro\">P\u00e5 b\u00e5de Instagram och Facebook svarar vi ocks\u00e5 snabbt p\u00e5 meddelanden s\u00e5 om du vill kontakta oss kan du bland annat g\u00f6ra det d\u00e4r.<\/p>\n\n\n\n<h2 class=\"wp-block-heading\"><strong><font dir=\"auto\" style=\"vertical-align: inherit\"><font dir=\"auto\" style=\"vertical-align: inherit\">Board of Directors<\/font><\/font><\/strong><\/h2>\n\n\n\n<p><\/p>\n\n\n\n<div class=\"wp-block-columns is-layout-flex wp-container-core-columns-is-layout-9d6595d7 wp-block-columns-is-layout-flex\">\n<div class=\"wp-block-column is-layout-flow wp-block-column-is-layout-flow\" style=\"flex-basis:100%\">\n<div class=\"wp-block-columns is-layout-flex wp-container-core-columns-is-layout-9d6595d7 wp-block-columns-is-layout-flex\">\n<div class=\"wp-block-column is-layout-flow wp-block-column-is-layout-flow\" style=\"flex-basis:100%\">\n<div class=\"wp-block-group alignfull is-layout-constrained wp-block-group-is-layout-constrained\">\n<div class=\"wp-block-columns is-layout-flex wp-container-core-columns-is-layout-9d6595d7 wp-block-columns-is-layout-flex\">\n<div class=\"wp-block-column is-layout-flow wp-block-column-is-layout-flow\">\n<figure class=\"wp-block-image size-large\"><img loading=\"lazy\" decoding=\"async\" width=\"819\" height=\"1024\" src=\"https:\/\/fn.se\/lund\/wp-content\/uploads\/sites\/79\/2026\/03\/DSC_0683-1-819x1024.jpg\" alt=\"\" class=\"wp-image-501\" srcset=\"https:\/\/fn.se\/lund\/wp-content\/uploads\/sites\/79\/2026\/03\/DSC_0683-1-819x1024.jpg 819w, https:\/\/fn.se\/lund\/wp-content\/uploads\/sites\/79\/2026\/03\/DSC_0683-1-240x300.jpg 240w, https:\/\/fn.se\/lund\/wp-content\/uploads\/sites\/79\/2026\/03\/DSC_0683-1-768x960.jpg 768w, https:\/\/fn.se\/lund\/wp-content\/uploads\/sites\/79\/2026\/03\/DSC_0683-1-1229x1536.jpg 1229w, https:\/\/fn.se\/lund\/wp-content\/uploads\/sites\/79\/2026\/03\/DSC_0683-1-1638x2048.jpg 1638w, https:\/\/fn.se\/lund\/wp-content\/uploads\/sites\/79\/2026\/03\/DSC_0683-1-650x813.jpg 650w, https:\/\/fn.se\/lund\/wp-content\/uploads\/sites\/79\/2026\/03\/DSC_0683-1-1024x1280.jpg 1024w, https:\/\/fn.se\/lund\/wp-content\/uploads\/sites\/79\/2026\/03\/DSC_0683-1-scaled.jpg 2048w\" sizes=\"auto, (max-width: 819px) 100vw, 819px\" \/><\/figure>\n\n\n\n<p><strong><font dir=\"auto\" style=\"vertical-align: inherit\"><font dir=\"auto\" style=\"vertical-align: inherit\"><strong><font dir=\"auto\" style=\"vertical-align: inherit\"><font dir=\"auto\" style=\"vertical-align: inherit\">Vanja Johansson Kauppi<\/font><\/font><\/strong><\/font><\/font><\/strong><br><font dir=\"auto\" style=\"vertical-align: inherit\"><font dir=\"auto\" style=\"vertical-align: inherit\"> Chairman<\/font><\/font><\/p>\n\n\n\n<p>E-post:<br><a href=\"mailto:ordforande@lundsfnforening.org\">ordforande@lundsfnforening.org<\/a><\/p>\n\n\n\n<figure class=\"wp-block-image size-full is-resized\"><img loading=\"lazy\" decoding=\"async\" width=\"2048\" height=\"2560\" src=\"https:\/\/fn.se\/lund\/wp-content\/uploads\/sites\/79\/2026\/03\/DSC_0687-1-scaled.jpg\" alt=\"\" class=\"wp-image-503\" style=\"width:431px;height:auto\" srcset=\"https:\/\/fn.se\/lund\/wp-content\/uploads\/sites\/79\/2026\/03\/DSC_0687-1-scaled.jpg 2048w, https:\/\/fn.se\/lund\/wp-content\/uploads\/sites\/79\/2026\/03\/DSC_0687-1-240x300.jpg 240w, https:\/\/fn.se\/lund\/wp-content\/uploads\/sites\/79\/2026\/03\/DSC_0687-1-819x1024.jpg 819w, https:\/\/fn.se\/lund\/wp-content\/uploads\/sites\/79\/2026\/03\/DSC_0687-1-768x960.jpg 768w, https:\/\/fn.se\/lund\/wp-content\/uploads\/sites\/79\/2026\/03\/DSC_0687-1-1229x1536.jpg 1229w, https:\/\/fn.se\/lund\/wp-content\/uploads\/sites\/79\/2026\/03\/DSC_0687-1-1638x2048.jpg 1638w, https:\/\/fn.se\/lund\/wp-content\/uploads\/sites\/79\/2026\/03\/DSC_0687-1-650x813.jpg 650w, https:\/\/fn.se\/lund\/wp-content\/uploads\/sites\/79\/2026\/03\/DSC_0687-1-1024x1280.jpg 1024w\" sizes=\"auto, (max-width: 2048px) 100vw, 2048px\" \/><\/figure>\n\n\n\n<p><strong><font dir=\"auto\" style=\"vertical-align: inherit\"><font dir=\"auto\" style=\"vertical-align: inherit\">Eleonora Eneroth<\/font><\/font><\/strong><br><font dir=\"auto\" style=\"vertical-align: inherit\"><font dir=\"auto\" style=\"vertical-align: inherit\"> Treasurer<\/font><\/font><\/p>\n\n\n\n<p>E-post:<br><a href=\"mailto:ordforande@lundsfnforening.org\"><\/a><a href=\"mailto:kassor@lundsfnforening.org\">kassor@lundsfnforening.org<\/a>&nbsp;<\/p>\n\n\n\n<div class=\"wp-block-columns is-layout-flex wp-container-core-columns-is-layout-9d6595d7 wp-block-columns-is-layout-flex\">\n<div class=\"wp-block-column is-layout-flow wp-block-column-is-layout-flow\" style=\"flex-basis:100%\">\n<div style=\"height:0px\" aria-hidden=\"true\" class=\"wp-block-spacer\"><\/div>\n<\/div>\n<\/div>\n\n\n\n<figure class=\"wp-block-image size-large\"><img loading=\"lazy\" decoding=\"async\" width=\"819\" height=\"1024\" src=\"https:\/\/fn.se\/lund\/wp-content\/uploads\/sites\/79\/2026\/03\/IMG_9289-2-819x1024.jpg\" alt=\"\" class=\"wp-image-509\" srcset=\"https:\/\/fn.se\/lund\/wp-content\/uploads\/sites\/79\/2026\/03\/IMG_9289-2-819x1024.jpg 819w, https:\/\/fn.se\/lund\/wp-content\/uploads\/sites\/79\/2026\/03\/IMG_9289-2-240x300.jpg 240w, https:\/\/fn.se\/lund\/wp-content\/uploads\/sites\/79\/2026\/03\/IMG_9289-2-768x960.jpg 768w, https:\/\/fn.se\/lund\/wp-content\/uploads\/sites\/79\/2026\/03\/IMG_9289-2-1229x1536.jpg 1229w, https:\/\/fn.se\/lund\/wp-content\/uploads\/sites\/79\/2026\/03\/IMG_9289-2-1638x2048.jpg 1638w, https:\/\/fn.se\/lund\/wp-content\/uploads\/sites\/79\/2026\/03\/IMG_9289-2-650x813.jpg 650w, https:\/\/fn.se\/lund\/wp-content\/uploads\/sites\/79\/2026\/03\/IMG_9289-2-1024x1280.jpg 1024w, https:\/\/fn.se\/lund\/wp-content\/uploads\/sites\/79\/2026\/03\/IMG_9289-2-scaled.jpg 2048w\" sizes=\"auto, (max-width: 819px) 100vw, 819px\" \/><\/figure>\n\n\n\n<p><strong><font dir=\"auto\" style=\"vertical-align: inherit\"><font dir=\"auto\" style=\"vertical-align: inherit\">M\u00e4rtha Br\u00e4nnstr\u00f6m<\/font><\/font><\/strong><br><font dir=\"auto\" style=\"vertical-align: inherit\"><font dir=\"auto\" style=\"vertical-align: inherit\">Head of Communications<\/font><\/font><\/p>\n\n\n\n<p><font dir=\"auto\" style=\"vertical-align: inherit\"><font dir=\"auto\" style=\"vertical-align: inherit\">E-mail:<\/font><\/font><br><a href=\"mailto:kommunikation@lundsfnforening.org\"><font dir=\"auto\" style=\"vertical-align: inherit\"><font dir=\"auto\" style=\"vertical-align: inherit\">kommunication@lundsfnforening.org<\/font><\/font><\/a><\/p>\n\n\n\n<figure class=\"wp-block-image size-full is-resized\"><img loading=\"lazy\" decoding=\"async\" width=\"2048\" height=\"2560\" src=\"https:\/\/fn.se\/lund\/wp-content\/uploads\/sites\/79\/2026\/03\/DSC_0728-scaled.jpg\" alt=\"\" class=\"wp-image-510\" srcset=\"https:\/\/fn.se\/lund\/wp-content\/uploads\/sites\/79\/2026\/03\/DSC_0728-scaled.jpg 2048w, https:\/\/fn.se\/lund\/wp-content\/uploads\/sites\/79\/2026\/03\/DSC_0728-240x300.jpg 240w, https:\/\/fn.se\/lund\/wp-content\/uploads\/sites\/79\/2026\/03\/DSC_0728-819x1024.jpg 819w, https:\/\/fn.se\/lund\/wp-content\/uploads\/sites\/79\/2026\/03\/DSC_0728-768x960.jpg 768w, https:\/\/fn.se\/lund\/wp-content\/uploads\/sites\/79\/2026\/03\/DSC_0728-1229x1536.jpg 1229w, https:\/\/fn.se\/lund\/wp-content\/uploads\/sites\/79\/2026\/03\/DSC_0728-1638x2048.jpg 1638w, https:\/\/fn.se\/lund\/wp-content\/uploads\/sites\/79\/2026\/03\/DSC_0728-650x813.jpg 650w, https:\/\/fn.se\/lund\/wp-content\/uploads\/sites\/79\/2026\/03\/DSC_0728-1024x1280.jpg 1024w\" sizes=\"auto, (max-width: 2048px) 100vw, 2048px\" \/><\/figure>\n\n\n\n<p><strong>Ludwig Brinkby <\/strong><br><font dir=\"auto\" style=\"vertical-align: inherit\"><font dir=\"auto\" style=\"vertical-align: inherit\">Head of <\/font><\/font><a href=\"http:\/\/fn.se\/lund\/sample-page\/verksamhet\/\"><font dir=\"auto\" style=\"vertical-align: inherit\"><font dir=\"auto\" style=\"vertical-align: inherit\">the Climate Committee<\/font><\/font><\/a><\/p>\n\n\n\n<p>E-post:<br><a href=\"mailto:ordforande@lundsfnforening.org\"><\/a><a href=\"mailto:klimat@lundsfnforening.org\">klimat@lundsfnforening.org<\/a><\/p>\n\n\n\n<figure class=\"wp-block-gallery has-nested-images columns-default is-cropped wp-block-gallery-1 is-layout-flex wp-block-gallery-is-layout-flex\">\n<figure class=\"wp-block-image size-large\"><img loading=\"lazy\" decoding=\"async\" width=\"819\" height=\"1024\" data-id=\"512\" src=\"https:\/\/fn.se\/lund\/wp-content\/uploads\/sites\/79\/2026\/03\/DSC_0718-819x1024.jpg\" alt=\"\" class=\"wp-image-512\" srcset=\"https:\/\/fn.se\/lund\/wp-content\/uploads\/sites\/79\/2026\/03\/DSC_0718-819x1024.jpg 819w, https:\/\/fn.se\/lund\/wp-content\/uploads\/sites\/79\/2026\/03\/DSC_0718-240x300.jpg 240w, https:\/\/fn.se\/lund\/wp-content\/uploads\/sites\/79\/2026\/03\/DSC_0718-768x960.jpg 768w, https:\/\/fn.se\/lund\/wp-content\/uploads\/sites\/79\/2026\/03\/DSC_0718-1229x1536.jpg 1229w, https:\/\/fn.se\/lund\/wp-content\/uploads\/sites\/79\/2026\/03\/DSC_0718-1638x2048.jpg 1638w, https:\/\/fn.se\/lund\/wp-content\/uploads\/sites\/79\/2026\/03\/DSC_0718-650x813.jpg 650w, https:\/\/fn.se\/lund\/wp-content\/uploads\/sites\/79\/2026\/03\/DSC_0718-1024x1280.jpg 1024w, https:\/\/fn.se\/lund\/wp-content\/uploads\/sites\/79\/2026\/03\/DSC_0718-scaled.jpg 2048w\" sizes=\"auto, (max-width: 819px) 100vw, 819px\" \/><\/figure>\n<\/figure>\n\n\n\n<p><strong><font dir=\"auto\" style=\"vertical-align: inherit\"><font dir=\"auto\" style=\"vertical-align: inherit\">Maja Stenholm<\/font><\/font><\/strong><br><font dir=\"auto\" style=\"vertical-align: inherit\"><font dir=\"auto\" style=\"vertical-align: inherit\"> Head of <\/font><\/font><a href=\"https:\/\/fn.se\/lund\/sample-page\/verksamhet\/\"><font dir=\"auto\" style=\"vertical-align: inherit\"><font dir=\"auto\" style=\"vertical-align: inherit\">the Peace and Security Committee<\/font><\/font><\/a><\/p>\n\n\n\n<p>E-post:<br><a href=\"mailto:ordforande@lundsfnforening.org\"><\/a><a href=\"mailto:fredochsakerhet@lundsfnforening.org\" target=\"_blank\" rel=\"noreferrer noopener\">fredochsakerhet@lundsfnforening.org<\/a><\/p>\n<\/div>\n\n\n\n<div class=\"wp-block-column is-vertically-aligned-top is-layout-flow wp-block-column-is-layout-flow\">\n<figure class=\"wp-block-image size-large\"><img loading=\"lazy\" decoding=\"async\" width=\"819\" height=\"1024\" src=\"https:\/\/fn.se\/lund\/wp-content\/uploads\/sites\/79\/2026\/03\/DSC_0678-1-819x1024.jpg\" alt=\"\" class=\"wp-image-502\" srcset=\"https:\/\/fn.se\/lund\/wp-content\/uploads\/sites\/79\/2026\/03\/DSC_0678-1-819x1024.jpg 819w, https:\/\/fn.se\/lund\/wp-content\/uploads\/sites\/79\/2026\/03\/DSC_0678-1-240x300.jpg 240w, https:\/\/fn.se\/lund\/wp-content\/uploads\/sites\/79\/2026\/03\/DSC_0678-1-768x960.jpg 768w, https:\/\/fn.se\/lund\/wp-content\/uploads\/sites\/79\/2026\/03\/DSC_0678-1-1229x1536.jpg 1229w, https:\/\/fn.se\/lund\/wp-content\/uploads\/sites\/79\/2026\/03\/DSC_0678-1-1639x2048.jpg 1639w, https:\/\/fn.se\/lund\/wp-content\/uploads\/sites\/79\/2026\/03\/DSC_0678-1-650x812.jpg 650w, https:\/\/fn.se\/lund\/wp-content\/uploads\/sites\/79\/2026\/03\/DSC_0678-1-1024x1280.jpg 1024w, https:\/\/fn.se\/lund\/wp-content\/uploads\/sites\/79\/2026\/03\/DSC_0678-1-scaled.jpg 2048w\" sizes=\"auto, (max-width: 819px) 100vw, 819px\" \/><\/figure>\n\n\n\n<p><strong><font dir=\"auto\" style=\"vertical-align: inherit\"><font dir=\"auto\" style=\"vertical-align: inherit\">Tove Andr\u00e9n<\/font><\/font><\/strong><br><font dir=\"auto\" style=\"vertical-align: inherit\"><font dir=\"auto\" style=\"vertical-align: inherit\"> Vice Chairman<\/font><\/font><\/p>\n\n\n\n<p>E-post:<br><a href=\"mailto:ordforande@lundsfnforening.org\"><\/a><a href=\"vice@lundsfnforening.org\">vice@lundsfnforening.org<\/a><\/p>\n\n\n\n<figure class=\"wp-block-image size-full is-resized\"><img loading=\"lazy\" decoding=\"async\" width=\"2048\" height=\"2560\" src=\"https:\/\/fn.se\/lund\/wp-content\/uploads\/sites\/79\/2026\/03\/DSC_0710-1-scaled.jpg\" alt=\"\" class=\"wp-image-504\" srcset=\"https:\/\/fn.se\/lund\/wp-content\/uploads\/sites\/79\/2026\/03\/DSC_0710-1-scaled.jpg 2048w, https:\/\/fn.se\/lund\/wp-content\/uploads\/sites\/79\/2026\/03\/DSC_0710-1-240x300.jpg 240w, https:\/\/fn.se\/lund\/wp-content\/uploads\/sites\/79\/2026\/03\/DSC_0710-1-819x1024.jpg 819w, https:\/\/fn.se\/lund\/wp-content\/uploads\/sites\/79\/2026\/03\/DSC_0710-1-768x960.jpg 768w, https:\/\/fn.se\/lund\/wp-content\/uploads\/sites\/79\/2026\/03\/DSC_0710-1-1229x1536.jpg 1229w, https:\/\/fn.se\/lund\/wp-content\/uploads\/sites\/79\/2026\/03\/DSC_0710-1-1638x2048.jpg 1638w, https:\/\/fn.se\/lund\/wp-content\/uploads\/sites\/79\/2026\/03\/DSC_0710-1-650x813.jpg 650w, https:\/\/fn.se\/lund\/wp-content\/uploads\/sites\/79\/2026\/03\/DSC_0710-1-1024x1280.jpg 1024w\" sizes=\"auto, (max-width: 2048px) 100vw, 2048px\" \/><\/figure>\n\n\n\n<p><strong><font dir=\"auto\" style=\"vertical-align: inherit\"><font dir=\"auto\" style=\"vertical-align: inherit\">Gustaf Bildt<\/font><\/font><\/strong><br><font dir=\"auto\" style=\"vertical-align: inherit\"><font dir=\"auto\" style=\"vertical-align: inherit\"> Secretary<\/font><\/font><\/p>\n\n\n\n<p>E-post:<br><a href=\"mailto:ordforande@lundsfnforening.org\"><\/a><a href=\"mailto:sekreterare@lundsfnforening.org\">sekreterare@lundsfnforening.org<\/a><\/p>\n\n\n\n<figure class=\"wp-block-image size-large\"><img loading=\"lazy\" decoding=\"async\" width=\"819\" height=\"1024\" src=\"https:\/\/fn.se\/lund\/wp-content\/uploads\/sites\/79\/2026\/03\/DSC_0713-819x1024.jpg\" alt=\"\" class=\"wp-image-506\" srcset=\"https:\/\/fn.se\/lund\/wp-content\/uploads\/sites\/79\/2026\/03\/DSC_0713-819x1024.jpg 819w, https:\/\/fn.se\/lund\/wp-content\/uploads\/sites\/79\/2026\/03\/DSC_0713-240x300.jpg 240w, https:\/\/fn.se\/lund\/wp-content\/uploads\/sites\/79\/2026\/03\/DSC_0713-768x960.jpg 768w, https:\/\/fn.se\/lund\/wp-content\/uploads\/sites\/79\/2026\/03\/DSC_0713-1229x1536.jpg 1229w, https:\/\/fn.se\/lund\/wp-content\/uploads\/sites\/79\/2026\/03\/DSC_0713-1638x2048.jpg 1638w, https:\/\/fn.se\/lund\/wp-content\/uploads\/sites\/79\/2026\/03\/DSC_0713-650x813.jpg 650w, https:\/\/fn.se\/lund\/wp-content\/uploads\/sites\/79\/2026\/03\/DSC_0713-1024x1280.jpg 1024w, https:\/\/fn.se\/lund\/wp-content\/uploads\/sites\/79\/2026\/03\/DSC_0713-scaled.jpg 2048w\" sizes=\"auto, (max-width: 819px) 100vw, 819px\" \/><\/figure>\n\n\n\n<p><strong><font dir=\"auto\" style=\"vertical-align: inherit\"><font dir=\"auto\" style=\"vertical-align: inherit\">Sara Liedholm<\/font><\/font><\/strong><br><font dir=\"auto\" style=\"vertical-align: inherit\"><font dir=\"auto\" style=\"vertical-align: inherit\">Head of <\/font><\/font><a href=\"http:\/\/fn.se\/lund\/sample-page\/verksamhet\/\"><font dir=\"auto\" style=\"vertical-align: inherit\"><font dir=\"auto\" style=\"vertical-align: inherit\">the School and Youth Committee<\/font><\/font><\/a><\/p>\n\n\n\n<p><font dir=\"auto\" style=\"vertical-align: inherit\"><font dir=\"auto\" style=\"vertical-align: inherit\">E-mail:<\/font><\/font><br><a href=\"mailto:ordforande@lundsfnforening.org\"><\/a><a href=\"mailto:skolochungdom@lundsfnforening.org\"><font dir=\"auto\" style=\"vertical-align: inherit\"><font dir=\"auto\" style=\"vertical-align: inherit\">skolochungdom@lundsfnforening.org<\/font><\/font><\/a><\/p>\n\n\n\n<div style=\"height:0px\" aria-hidden=\"true\" class=\"wp-block-spacer\"><\/div>\n\n\n\n<figure class=\"wp-block-image size-full is-resized\"><img loading=\"lazy\" decoding=\"async\" width=\"2048\" height=\"2560\" src=\"https:\/\/fn.se\/lund\/wp-content\/uploads\/sites\/79\/2026\/03\/DSC_0706-scaled.jpg\" alt=\"\" class=\"wp-image-511\" srcset=\"https:\/\/fn.se\/lund\/wp-content\/uploads\/sites\/79\/2026\/03\/DSC_0706-scaled.jpg 2048w, https:\/\/fn.se\/lund\/wp-content\/uploads\/sites\/79\/2026\/03\/DSC_0706-240x300.jpg 240w, https:\/\/fn.se\/lund\/wp-content\/uploads\/sites\/79\/2026\/03\/DSC_0706-819x1024.jpg 819w, https:\/\/fn.se\/lund\/wp-content\/uploads\/sites\/79\/2026\/03\/DSC_0706-768x960.jpg 768w, https:\/\/fn.se\/lund\/wp-content\/uploads\/sites\/79\/2026\/03\/DSC_0706-1229x1536.jpg 1229w, https:\/\/fn.se\/lund\/wp-content\/uploads\/sites\/79\/2026\/03\/DSC_0706-1638x2048.jpg 1638w, https:\/\/fn.se\/lund\/wp-content\/uploads\/sites\/79\/2026\/03\/DSC_0706-650x813.jpg 650w, https:\/\/fn.se\/lund\/wp-content\/uploads\/sites\/79\/2026\/03\/DSC_0706-1024x1280.jpg 1024w\" sizes=\"auto, (max-width: 2048px) 100vw, 2048px\" \/><\/figure>\n\n\n\n<p><strong><font dir=\"auto\" style=\"vertical-align: inherit\"><font dir=\"auto\" style=\"vertical-align: inherit\">Annie St\u00e5hl<\/font><\/font><\/strong><br><font dir=\"auto\" style=\"vertical-align: inherit\"><font dir=\"auto\" style=\"vertical-align: inherit\">Head of <\/font><\/font><a href=\"https:\/\/fn.se\/lund\/sample-page\/verksamhet\/\"><font dir=\"auto\" style=\"vertical-align: inherit\"><font dir=\"auto\" style=\"vertical-align: inherit\">the Human Rights Committee<\/font><\/font><\/a><\/p>\n\n\n\n<p>E-post:<br><a href=\"mailto:manskligarattigheter@lundsfnforening.org\">manskligarattigheter@lundsfnforening.org<\/a><\/p>\n\n\n\n<figure class=\"wp-block-image size-large is-resized\"><img loading=\"lazy\" decoding=\"async\" width=\"767\" height=\"1024\" src=\"https:\/\/fn.se\/lund\/wp-content\/uploads\/sites\/79\/2026\/04\/DSC_0766-3-scaled-e1775809813441-767x1024.jpg\" alt=\"\" class=\"wp-image-525\" style=\"aspect-ratio:0.7490258492947698;width:400px;height:auto\" srcset=\"https:\/\/fn.se\/lund\/wp-content\/uploads\/sites\/79\/2026\/04\/DSC_0766-3-scaled-e1775809813441-767x1024.jpg 767w, https:\/\/fn.se\/lund\/wp-content\/uploads\/sites\/79\/2026\/04\/DSC_0766-3-scaled-e1775809813441-225x300.jpg 225w, https:\/\/fn.se\/lund\/wp-content\/uploads\/sites\/79\/2026\/04\/DSC_0766-3-scaled-e1775809813441-768x1025.jpg 768w, https:\/\/fn.se\/lund\/wp-content\/uploads\/sites\/79\/2026\/04\/DSC_0766-3-scaled-e1775809813441-1151x1536.jpg 1151w, https:\/\/fn.se\/lund\/wp-content\/uploads\/sites\/79\/2026\/04\/DSC_0766-3-scaled-e1775809813441-1535x2048.jpg 1535w, https:\/\/fn.se\/lund\/wp-content\/uploads\/sites\/79\/2026\/04\/DSC_0766-3-scaled-e1775809813441-650x867.jpg 650w, https:\/\/fn.se\/lund\/wp-content\/uploads\/sites\/79\/2026\/04\/DSC_0766-3-scaled-e1775809813441-1024x1366.jpg 1024w, https:\/\/fn.se\/lund\/wp-content\/uploads\/sites\/79\/2026\/04\/DSC_0766-3-scaled-e1775809813441.jpg 1714w\" sizes=\"auto, (max-width: 767px) 100vw, 767px\" \/><\/figure>\n\n\n\n<p><strong><font dir=\"auto\" style=\"vertical-align: inherit\"><font dir=\"auto\" style=\"vertical-align: inherit\">Ella Lundberg<\/font><\/font><\/strong><br><font dir=\"auto\" style=\"vertical-align: inherit\"><font dir=\"auto\" style=\"vertical-align: inherit\">Equality Officer<\/font><\/font><\/p>\n\n\n\n<p><font dir=\"auto\" style=\"vertical-align: inherit\"><font dir=\"auto\" style=\"vertical-align: inherit\">Email: <\/font><\/font><br><a href=\"mailto:kommunikation@lundsfnforening.org\"><font dir=\"auto\" style=\"vertical-align: inherit\"><font dir=\"auto\" style=\"vertical-align: inherit\">jamstalldhet@lundsfnforening.org<\/font><\/font><\/a><\/p>\n<\/div>\n<\/div>\n<\/div>\n<\/div>\n<\/div>\n<\/div>\n<\/div>\n","protected":false},"excerpt":{"rendered":"<p>Welcome to contact Lund&#8217;s UN Association! Do you want to get involved or maybe just get in touch with us?&hellip;<\/p>\n","protected":false},"author":16,"featured_media":0,"parent":0,"menu_order":0,"comment_status":"closed","ping_status":"closed","template":"templates\/template-sub.php","meta":{"_acf_changed":false,"footnotes":"","_links_to":"","_links_to_target":""},"class_list":["post-17","page","type-page","status-publish","hentry"],"acf":[],"_links":{"self":[{"href":"https:\/\/fn.se\/lund\/wp-json\/wp\/v2\/pages\/17","targetHints":{"allow":["GET"]}}],"collection":[{"href":"https:\/\/fn.se\/lund\/wp-json\/wp\/v2\/pages"}],"about":[{"href":"https:\/\/fn.se\/lund\/wp-json\/wp\/v2\/types\/page"}],"author":[{"embeddable":true,"href":"https:\/\/fn.se\/lund\/wp-json\/wp\/v2\/users\/16"}],"replies":[{"embeddable":true,"href":"https:\/\/fn.se\/lund\/wp-json\/wp\/v2\/comments?post=17"}],"version-history":[{"count":165,"href":"https:\/\/fn.se\/lund\/wp-json\/wp\/v2\/pages\/17\/revisions"}],"predecessor-version":[{"id":547,"href":"https:\/\/fn.se\/lund\/wp-json\/wp\/v2\/pages\/17\/revisions\/547"}],"wp:attachment":[{"href":"https:\/\/fn.se\/lund\/wp-json\/wp\/v2\/media?parent=17"}],"curies":[{"name":"wp","href":"https:\/\/api.w.org\/{rel}","templated":true}]}}