{"id":21,"date":"2016-10-13T14:13:37","date_gmt":"2016-10-13T14:13:37","guid":{"rendered":"http:\/\/fn.se\/lidkoping\/?page_id=21"},"modified":"2016-10-13T14:13:37","modified_gmt":"2016-10-13T14:13:37","slug":"2009-forelasning-rent-vatten-ingen-sjalvklarhet","status":"publish","type":"page","link":"https:\/\/fn.se\/lidkoping\/2009-forelasning-rent-vatten-ingen-sjalvklarhet\/","title":{"rendered":"2009- F\u00f6rel\u00e4sning: &#8221;Rent vatten ingen sj\u00e4lvklarhet&#8221;"},"content":{"rendered":"<h1>Rent vatten ingen sj\u00e4lvklarhet<\/h1>\n<p class=\"intro\">I Lidk\u00f6ping \u00e4r vi lite bortsk\u00e4mda med rent, gott vatten. Det mesta av v\u00e5rt kranvatten kommer fr\u00e5n V\u00e4nern och en liten del \u00e4r grundvatten fr\u00e5n R\u00e5da.<\/p>\n<p>Vad vi kanske inte t\u00e4nker p\u00e5 \u00e4r att kemikalier tills\u00e4tts f\u00f6r att f\u00e5 bort f\u00e4rg\u00e4mnen s\u00e5 att vattnet blir s\u00e5 d\u00e4r klart som vi \u00e4r vana vid att det ska vara. Problemet \u00e4r att det slam som bildas vid processen inte l\u00e4ngre <img loading=\"lazy\" decoding=\"async\" class=\"alignright size-full wp-image-22\" src=\"https:\/\/fn.se\/lidkoping\/wp-content\/uploads\/sites\/50\/2016\/10\/lidkopingforedrag200.jpg\" alt=\"lidkopingforedrag200\" width=\"200\" height=\"122\" \/>f\u00e5r deponeras p\u00e5 tippen.<\/p>\n<p>Det var Anders Nordstr\u00f6m som gjorde oss uppm\u00e4rksamma p\u00e5 det vid onsdagens f\u00f6rel\u00e4sning p\u00e5 stadsbiblioteket. Han \u00e4r annars verksam vid Stockholms universitet som lektor i naturgeografi.<\/p>\n<h3>H\u00e4mta vatten<\/h3>\n<p>V\u00e5ra vattenproblem \u00e4r \u00e4nd\u00e5 sm\u00e5 i f\u00f6rh\u00e5llande till problem med vatten p\u00e5 andra h\u00e5ll i v\u00e4rlden. 35-40 % av jordens befolkning m\u00e5ste g\u00e5 minst tre km f\u00f6r att h\u00e4mta allt vatten. Vattenh\u00e4mtning \u00e4r som mycket annat tungt arbete kvinnog\u00f6ra. Det betyder att m\u00e5nga flickor inte hinner g\u00e5 till skolan eftersom de m\u00e5ste hj\u00e4lpa till att h\u00e4mta vatten.<\/p>\n<p>Vattnets kvalitet \u00e4r naturligtvis viktig. En miljon m\u00e4nniskor saknar s\u00e4kert hygieniskt dricksvatten. Barn under 5 \u00e5r \u00e4r s\u00e4rskilt k\u00e4nsliga och varje \u00e5r d\u00f6r 3 miljoner barn av diarr\u00e9er. Toaletternas placering har samband med kvaliteten p\u00e5 vattnet och Anders Nordstr\u00f6m gav exempel p\u00e5 vad man ska t\u00e4nka p\u00e5 n\u00e4r brunnar ska borras eller toaletter byggas.<\/p>\n<h3>Bygga toaletter<\/h3>\n<p>Ett s\u00e4tt att f\u00e5 fler flickor att komma till skolorna i utvecklingsl\u00e4nder \u00e4r att bygga toaletter p\u00e5 skolorna. F\u00f6rutom att det f\u00e5r flickorna att komma och stanna kvar hela skoldagen kan man undervisa om god hygien. Kunskaper som barnen tar med sig hem och sprider till sina familjer.<\/p>\n<p>Betydelsen av rent dricksvatten kommer inte att minska i framtiden. S\u00f6tvattentillg\u00e5ngarna p\u00e5 en del h\u00e5ll kommer att minska med sjunkande grundvatten eller torka medan det p\u00e5 andra h\u00e5ll \u00e4r problem med \u00f6versv\u00e4mningar. Nordstr\u00f6m presenterade ett f\u00f6rslag som bygger p\u00e5 kunskapen om vattnets kretslopp.<\/p>\n<h3>Tv\u00e4rvetenskaplig forskning<\/h3>\n<p>Det g\u00e5r ut p\u00e5 att dela in l\u00e4nder och regioner i avrinningsomr\u00e5den f\u00f6r att b\u00e4ttre samarbeta runt vattentillg\u00e5ngarna. Han efterlyste mer tv\u00e4rvetenskaplig forskning f\u00f6r att b\u00e4ttre kunna l\u00f6sa vattenproblem h\u00e4r och runt om i v\u00e4rlden i framtiden.<\/p>\n<p>Ett trettiotal intresserade kom till f\u00f6rel\u00e4sningen som anordnats av Lidk\u00f6pings FN-f\u00f6rening i samarbete med Lidk\u00f6pings stadsbibliotek och Studiefr\u00e4mjandet.<\/p>\n","protected":false},"excerpt":{"rendered":"<p>Rent vatten ingen sj\u00e4lvklarhet I Lidk\u00f6ping \u00e4r vi lite bortsk\u00e4mda med rent, gott vatten. Det mesta av v\u00e5rt kranvatten kommer&hellip;<\/p>\n","protected":false},"author":17,"featured_media":0,"parent":0,"menu_order":0,"comment_status":"closed","ping_status":"closed","template":"templates\/template-sub.php","meta":{"_acf_changed":false,"footnotes":"","_links_to":"","_links_to_target":""},"class_list":["post-21","page","type-page","status-publish","hentry"],"acf":[],"_links":{"self":[{"href":"https:\/\/fn.se\/lidkoping\/wp-json\/wp\/v2\/pages\/21","targetHints":{"allow":["GET"]}}],"collection":[{"href":"https:\/\/fn.se\/lidkoping\/wp-json\/wp\/v2\/pages"}],"about":[{"href":"https:\/\/fn.se\/lidkoping\/wp-json\/wp\/v2\/types\/page"}],"author":[{"embeddable":true,"href":"https:\/\/fn.se\/lidkoping\/wp-json\/wp\/v2\/users\/17"}],"replies":[{"embeddable":true,"href":"https:\/\/fn.se\/lidkoping\/wp-json\/wp\/v2\/comments?post=21"}],"version-history":[{"count":1,"href":"https:\/\/fn.se\/lidkoping\/wp-json\/wp\/v2\/pages\/21\/revisions"}],"predecessor-version":[{"id":24,"href":"https:\/\/fn.se\/lidkoping\/wp-json\/wp\/v2\/pages\/21\/revisions\/24"}],"wp:attachment":[{"href":"https:\/\/fn.se\/lidkoping\/wp-json\/wp\/v2\/media?parent=21"}],"curies":[{"name":"wp","href":"https:\/\/api.w.org\/{rel}","templated":true}]}}