{"id":15,"date":"2016-09-22T11:36:57","date_gmt":"2016-09-22T11:36:57","guid":{"rendered":"http:\/\/fn.se\/lidingo\/?page_id=15"},"modified":"2024-05-19T16:56:16","modified_gmt":"2024-05-19T16:56:16","slug":"kontakt","status":"publish","type":"page","link":"https:\/\/fn.se\/lidingo\/kontakt\/","title":{"rendered":"Kontakt"},"content":{"rendered":"<h1>Kontakt<\/h1>\n<p>Ta g\u00e4rna kontakt med oss om du har fr\u00e5gor eller vill engagera dig i v\u00e5r f\u00f6rening!<\/p>\n<p><strong>Ordf\u00f6rande<\/strong><br \/>\nKerstin Wiss Holmdahl<br \/>\nTel: 070\u00a0548 9686<br \/>\nE-post: kwissholmdahl@gmail.com<\/p>\n<p><strong>Ledamot<\/strong><br \/>\nBirger Eneroth<br \/>\nTel: 073\u00a0522 5974<br \/>\nE-post: birgereneroth@yahoo.com<\/p>\n<p><strong>Ledamot<\/strong><br \/>\nAnnaChristina Harrysson<br \/>\nTel: 076 108 7521<br \/>\nE-post: annachristinaprivat@icloud.com<\/p>\n<p><strong>Ledamot<\/strong><br \/>\nHelen Iwefors<br \/>\nTel: 070 872 1990<br \/>\nE-post: helen.iwefors@purposepr.se<\/p>\n<p><strong>Ledamot<\/strong><br \/>\nFredrik Kronberg<br \/>\nTel: 073\u00a0964 0536<br \/>\nE-post:\u00a0fredrik.kronberg@telia.com<\/p>\n<p><strong>Ledamot<br \/>\n<\/strong>Elisabet Moberg<br \/>\nTel: 073 032 2197<br \/>\nE-post: elisabetmoberg@icloud.com<\/p>\n<p><strong>Suppleant<\/strong><br \/>\nLennart Ekblom<br \/>\nTel: 070\u00a0150 4689<br \/>\nE-post:\u00a0lennart.ekblom20@gmail.com<\/p>\n","protected":false},"excerpt":{"rendered":"<p>Kontakt Ta g\u00e4rna kontakt med oss om du har fr\u00e5gor eller vill engagera dig i v\u00e5r f\u00f6rening! Ordf\u00f6rande Kerstin Wiss&hellip;<\/p>\n","protected":false},"author":1,"featured_media":0,"parent":0,"menu_order":0,"comment_status":"closed","ping_status":"closed","template":"templates\/template-sub.php","meta":{"_acf_changed":false,"footnotes":"","_links_to":"","_links_to_target":""},"class_list":["post-15","page","type-page","status-publish","hentry"],"acf":[],"_links":{"self":[{"href":"https:\/\/fn.se\/lidingo\/wp-json\/wp\/v2\/pages\/15","targetHints":{"allow":["GET"]}}],"collection":[{"href":"https:\/\/fn.se\/lidingo\/wp-json\/wp\/v2\/pages"}],"about":[{"href":"https:\/\/fn.se\/lidingo\/wp-json\/wp\/v2\/types\/page"}],"author":[{"embeddable":true,"href":"https:\/\/fn.se\/lidingo\/wp-json\/wp\/v2\/users\/1"}],"replies":[{"embeddable":true,"href":"https:\/\/fn.se\/lidingo\/wp-json\/wp\/v2\/comments?post=15"}],"version-history":[{"count":10,"href":"https:\/\/fn.se\/lidingo\/wp-json\/wp\/v2\/pages\/15\/revisions"}],"predecessor-version":[{"id":90,"href":"https:\/\/fn.se\/lidingo\/wp-json\/wp\/v2\/pages\/15\/revisions\/90"}],"wp:attachment":[{"href":"https:\/\/fn.se\/lidingo\/wp-json\/wp\/v2\/media?parent=15"}],"curies":[{"name":"wp","href":"https:\/\/api.w.org\/{rel}","templated":true}]}}