{"id":12,"date":"2016-09-22T11:36:33","date_gmt":"2016-09-22T11:36:33","guid":{"rendered":"http:\/\/fn.se\/lidingo\/?page_id=12"},"modified":"2023-11-30T10:00:48","modified_gmt":"2023-11-30T10:00:48","slug":"verksamhet","status":"publish","type":"page","link":"https:\/\/fn.se\/lidingo\/verksamhet\/","title":{"rendered":"Verksamhet"},"content":{"rendered":"<p>Liding\u00f6 FN f\u00f6rening startade h\u00f6sten 2010 och varit verksam sedan dess med aktiviteter i Liding\u00f6 centrum och i v\u00e5r gamla lokal vid Sk\u00e4rs\u00e4tra Torg. Vi har ocks\u00e5 bla plockat skr\u00e4p vid Liding\u00f6s str\u00e4nder p\u00e5 Nordiska Kustr\u00e4ddardagen.\u00a0<\/p>\n<p><strong>V\u00e5r n\u00e4sta aktivitet \u00e4r Klimatveckan<\/strong><\/p>\n<p>Framtidens viktigaste n\u00e4tverk startar h\u00e4r och nu: Ett Liding\u00f6 i samverkan (E.L.I.S.)<br \/>Ett h\u00e5llbart Liding\u00f6, FN-f\u00f6reningen Liding\u00f6 och Naturskyddsf\u00f6reningen s\u00e4tter kursen mot en mer<br \/>milj\u00f6m\u00e4ssigt h\u00e5llbar framtid f\u00f6r Liding\u00f6. Flera f\u00f6retag har redan tackat ja till att vara med, s\u00e5som<br \/>Liding\u00f6 N\u00e4ringsliv, H\u00f6gberga G\u00e5rd, Torstenssons, Topas Vatten och Liding\u00f6 Startup f\u00f6r att n\u00e4mna<br \/>n\u00e5gra.<br \/>V\u00e4lkomna att bes\u00f6ka oss under klimatveckan i Liding\u00f6 Stadshus. D\u00e5 kan vi ber\u00e4tta mer om det nystartade<br \/>n\u00e4tverket \u201dEtt Liding\u00f6 i samverkan\u201d (E.L.I.S.), ett initiativ av Ett h\u00e5llbart Liding\u00f6, Liding\u00f6 FN-f\u00f6rening<br \/>och Naturskyddsf\u00f6reningen. M\u00e5let \u00e4r att samla alla goda krafter lokalt p\u00e5 \u00f6n f\u00f6r att gemensamt<br \/>snabba p\u00e5 den milj\u00f6m\u00e4ssiga omst\u00e4llningen. Det g\u00f6r vi genom att bjuda in beslutsfattare i n\u00e4ringslivet,<br \/>organisationer och staden till samverkanstr\u00e4ffar d\u00e4r vi delar kunskap, erfarenheter, praktiska exempel<br \/>och tittar p\u00e5 nya aff\u00e4rsmodeller och andra m\u00f6jligheter. Allt f\u00f6r att hj\u00e4lpas \u00e5t och tillsammans snabba<br \/>p\u00e5 den milj\u00f6m\u00e4ssiga omst\u00e4llningen. N\u00e5got som skapar v\u00e4rde b\u00e5de f\u00f6r samh\u00e4llet, f\u00f6retagen,<br \/>organisationerna och individen. Kom och lyssna hur!<br \/>Plats: Liding\u00f6 Stadshus, lokal Berguven.<br \/>Tid: Tisdag den 5 december mellan 11:00 &#8211; 13:00 V\u00e4rd: Liding\u00f6 FN-f\u00f6rening<br \/>Onsdagen den 6 december mellan kl. 11:00 &#8211; 13:30 V\u00e4rd: Ett h\u00e5llbart Liding\u00f6<br \/>Fredag den 8 december mellan kl. 11-13:30 V\u00e4rd: Naturskyddsf\u00f6reningen&#8212;&#8212;&#8212;&#8212;&#8212;&#8212;&#8212;&#8212;&#8212;&#8212;&#8212;&#8212;&#8212;&#8212;&#8212;&#8212;&#8212;&#8212;&#8212;&#8212;&#8211;<\/p>\n<p>Medlem i f\u00f6reningen blir du h\u00e4r: https:\/\/betalning.fn.se\/pfs\/memberregistration\/<\/p>\n<p>Under fliken \u201dKontakt\u201d hittar du styrelsen med e-postadresser och telefonnummer. Kontakta oss g\u00e4rna s\u00e5 ber\u00e4ttar vi vad som \u00e4r aktuellt just nu!<\/p>\n\n\n<p><\/p>\n","protected":false},"excerpt":{"rendered":"<p>Liding\u00f6 FN f\u00f6rening startade h\u00f6sten 2010 och varit verksam sedan dess med aktiviteter i Liding\u00f6 centrum och i v\u00e5r gamla&hellip;<\/p>\n","protected":false},"author":1,"featured_media":0,"parent":0,"menu_order":0,"comment_status":"closed","ping_status":"closed","template":"templates\/template-sub.php","meta":{"_acf_changed":false,"footnotes":"","_links_to":"","_links_to_target":""},"class_list":["post-12","page","type-page","status-publish","hentry"],"acf":[],"_links":{"self":[{"href":"https:\/\/fn.se\/lidingo\/wp-json\/wp\/v2\/pages\/12","targetHints":{"allow":["GET"]}}],"collection":[{"href":"https:\/\/fn.se\/lidingo\/wp-json\/wp\/v2\/pages"}],"about":[{"href":"https:\/\/fn.se\/lidingo\/wp-json\/wp\/v2\/types\/page"}],"author":[{"embeddable":true,"href":"https:\/\/fn.se\/lidingo\/wp-json\/wp\/v2\/users\/1"}],"replies":[{"embeddable":true,"href":"https:\/\/fn.se\/lidingo\/wp-json\/wp\/v2\/comments?post=12"}],"version-history":[{"count":31,"href":"https:\/\/fn.se\/lidingo\/wp-json\/wp\/v2\/pages\/12\/revisions"}],"predecessor-version":[{"id":87,"href":"https:\/\/fn.se\/lidingo\/wp-json\/wp\/v2\/pages\/12\/revisions\/87"}],"wp:attachment":[{"href":"https:\/\/fn.se\/lidingo\/wp-json\/wp\/v2\/media?parent=12"}],"curies":[{"name":"wp","href":"https:\/\/api.w.org\/{rel}","templated":true}]}}