{"id":34,"date":"2023-01-13T13:13:20","date_gmt":"2023-01-13T13:13:20","guid":{"rendered":"https:\/\/fn.se\/kristinehamn\/?page_id=34"},"modified":"2023-12-08T09:30:48","modified_gmt":"2023-12-08T09:30:48","slug":"aktiviteter-och-referat","status":"publish","type":"page","link":"https:\/\/fn.se\/kristinehamn\/aktiviteter-och-referat\/","title":{"rendered":"Aktiviteter"},"content":{"rendered":"\n<h1 class=\"wp-block-heading\">Aktiviteter och referat<\/h1>\n\n\n\n<p><\/p>\n\n\n\n<h2 class=\"wp-block-heading\">H\u00f6stens program 2023<\/h2>\n\n\n\n<p><strong>M\u00e5ndagen den 11 september kl 18:30<\/strong><br><em><a href=\"https:\/\/fn.se\/wp-content\/uploads\/2023\/12\/Barnkonventionen.pdf\">Barnkonventionen &#8211; fr\u00e5n Eglantyne Jebb 1919 till Svensk lag 2020.<\/a><\/em><br>Monica Ekstr\u00f6m, vice ordf\u00f6rande i Brottsofferjouren Sverige och ordf\u00f6rande i Funktionsr\u00e4tt V\u00e4rmland.<\/p>\n\n\n\n<p><strong>M\u00e5ndagen den 9 oktober kl 18:30<\/strong><br><em><a href=\"https:\/\/fn.se\/wp-content\/uploads\/2023\/12\/Agera-Varmland.pdf\">Fr\u00e4mlingsfientlighet &amp; rasism p\u00e5 v\u00e4rml\u00e4ndska &#8211; en l\u00e4gesbeskrivning<\/a><\/em><br>Lars Stiernel\u00f6f, Agera V\u00e4rmland, samordnare i arbetet mot v\u00e5ldsbejakande extremism.<\/p>\n\n\n\n<p><strong>M\u00e5ndagen den 20 november kl 18:30<br><\/strong><em><a href=\"https:\/\/fn.se\/wp-content\/uploads\/2023\/12\/Klimatkrisen-och-vagen-framat.pdf\">Klimatkrisen och v\u00e4gen fram\u00e5t<\/a><\/em><br>Erika Bjerstr\u00f6m, SVTs klimatkorrespondent och f\u00f6rfattare, har i \u00e5rtionden rest i v\u00e4rlden och skildrat de stora h\u00e4ndelserna, ofta genom m\u00f6ten med de m\u00e4nniskor som ber\u00f6rs.<br>I samarbete med S\u00e4llskapet f\u00f6r Naturskydd Kristinehamn.<\/p>\n\n\n\n<p><strong>Lokal<\/strong>: Bibliotekets h\u00f6rsal f\u00f6r samtliga evenemang. <br>Fri entr\u00e9<\/p>\n\n\n\n<h4 class=\"wp-block-heading\">Referat fr\u00e5n h\u00f6stens program<\/h4>\n\n\n\n<p><em><a href=\"https:\/\/fn.se\/wp-content\/uploads\/2023\/12\/Barnkonventionen.pdf\">Barnkonventionen &#8211; fr\u00e5n Eglantyne Jebb 1919 till Svensk lag 2020.<\/a><\/em> <br><em><a href=\"https:\/\/fn.se\/wp-content\/uploads\/2023\/12\/Agera-Varmland.pdf\">Fr\u00e4mlingsfientlighet &amp; rasism p\u00e5 v\u00e4rml\u00e4ndska &#8211; en l\u00e4gesbeskrivning<\/a><\/em><br><em><a href=\"https:\/\/fn.se\/wp-content\/uploads\/2023\/12\/Klimatkrisen-och-vagen-framat.pdf\">Klimatkrisen och v\u00e4gen fram\u00e5t<\/a><\/em><\/p>\n\n\n\n<h2 class=\"wp-block-heading\">V\u00e5rens program 2023<\/h2>\n\n\n\n<p><strong>M\u00e5ndag den 30 januari kl 18:30<\/strong>. Lokal: Bibliotekets h\u00f6rsal.<br>Fri entr\u00e9.<br><em><a href=\"https:\/\/fn.se\/kristinehamn\/wp-content\/uploads\/sites\/31\/2023\/02\/Damour-referat.pdf\" target=\"_blank\" rel=\"noreferrer noopener\">Far fick aldrig g\u00e5 p\u00e5 vatten<\/a>.&nbsp;<\/em>D&#8217;amour D. Nordkvist ber\u00e4ttar om sitt liv och sin bok. Civilekonom, uppvuxen i Rqanda, studier vid University of Sun Yat-sen i Kina, bosatt i V\u00e4rmland.<\/p>\n\n\n\n<p><strong>M\u00e5ndag den 20 februari kl. 18:30<\/strong>. Lokal: Bibliotekets h\u00f6rsal.<br>Fri entr\u00e9.<br>\u00c5rsm\u00f6te.<\/p>\n\n\n\n<p><strong>M\u00e5ndag den 28 mars kl. 18:30<\/strong>. Lokal: Bibliotekets h\u00f6rsal.<br>Fri entr\u00e9.<br><em>&#8221;Vi och dom&#8221;: Bengt Jangfeldt talar om Ryssland som id\u00e9.<br><\/em>Bengt Jangfeldt, f\u00f6rfattare, Rysslandsk\u00e4nnare.<br>I samarbete med Kristinehamns bibliotek.<\/p>\n\n\n\n<p><strong>M\u00e5ndag den 8 maj kl. 18:30<\/strong>. Lokal: Bibliotekets h\u00f6rsal.<br>Fri entr\u00e9.<br><em><a href=\"https:\/\/fn.se\/wp-content\/uploads\/2023\/12\/Henrik-Ekman-hos-FN-foreningen.pdf\">Naturen vi \u00e4rvde. Fr\u00e5n Tyst v\u00e5r till het sommar.&nbsp;<\/a><\/em>Henrik Ekman, f\u00f6rfattare, journalist och fotograf med inriktning p\u00e5 natur och vetenskap och presentat\u00f6r av naturprogram p\u00e5 SVT.<br>I samarbete med Kristinehamns bibliotek.<\/p>\n\n\n\n<p><strong>Utst\u00e4llning i Kristinehamns bibliotek den 2-30 mars.<\/strong><\/p>\n\n\n\n<h4 class=\"wp-block-heading\">Referat fr\u00e5n v\u00e5rens aktiviteter<\/h4>\n\n\n\n<p><a href=\"https:\/\/fn.se\/kristinehamn\/wp-content\/uploads\/sites\/31\/2023\/05\/Jangfeldt-referat.pdf\"><em>&#8221;Vi och dom&#8221;<\/em>: Bengt Jangfeldt talar om Ryssland som id\u00e9<\/a><br><a href=\"https:\/\/fn.se\/kristinehamn\/wp-content\/uploads\/sites\/31\/2023\/02\/Damour-referat.pdf\" target=\"_blank\" rel=\"noreferrer noopener\"><em>Far fick aldrig g\u00e5 p\u00e5 vatten.\u00a0<\/em>D&#8217;amour D. Nordkvist ber\u00e4ttar om sitt liv och sin bok<\/a><\/p>\n\n\n\n<p><\/p>\n\n\n\n<h2 class=\"wp-block-heading\">Tidigare aktiviteter<\/h2>\n\n\n\n<h4 class=\"wp-block-heading\">H\u00f6stens program 2022<\/h4>\n\n\n\n<p><a rel=\"noreferrer noopener\" href=\"https:\/\/fn.se\/kristinehamn\/wp-content\/uploads\/sites\/31\/2022\/09\/Program-h\u00f6sten-Kristinehamn-2022.pdf\" target=\"_blank\">H\u00e4r \u00e4r de aktiviteter vi genomf\u00f6rde under h\u00f6sten.<\/a><\/p>\n\n\n\n<p><\/p>\n\n\n\n<p><strong>Referat fr\u00e5n tidigare aktiviteter<\/strong><\/p>\n\n\n\n<p><a href=\"https:\/\/fn.se\/kristinehamn\/wp-content\/uploads\/sites\/31\/2022\/11\/SAK-besoker-FN-foreningen.pdf\">Svenska Afghanistankommitt\u00e9n bes\u00f6ker FN-f\u00f6reningen<\/a><\/p>\n\n\n\n<p><a href=\"https:\/\/fn.se\/kristinehamn\/wp-content\/uploads\/sites\/31\/2022\/11\/Lennart-Myhlback-hos-FN-forbundet.pdf\">Lennart Myhlback hos FN-f\u00f6rbundet<\/a><\/p>\n\n\n\n<p><a href=\"https:\/\/fn.se\/kristinehamn\/wp-content\/uploads\/sites\/31\/2022\/11\/Hans-Loden.pdf\">Hans L\u00f6d\u00e9n om Sveriges utrikespolitik i brytningstid \u201dmellan Ryssland och Nato\u201d<\/a><\/p>\n\n\n\n<p><a href=\"https:\/\/fn.se\/kristinehamn\/wp-content\/uploads\/sites\/31\/2022\/11\/Eliasson.pdf\">Nils Eliasson, s\u00e4kerhetspolitisk expert och f.d. ambassad\u00f6ren&nbsp;<\/a><\/p>\n\n\n\n<p><\/p>\n\n\n\n<p><strong>Artiklar av Kristinehamns FN-f\u00f6rening<\/strong><\/p>\n\n\n\n<p><a href=\"https:\/\/www.nkp.se\/2020\/10\/26\/fn-fyller-75-ar\/\" target=\"_blank\" rel=\"noreferrer noopener\">FN 75 \u00e5r &#8211; f\u00f6rtj\u00e4nster och brister<\/a><\/p>\n","protected":false},"excerpt":{"rendered":"<p>Aktiviteter och referat H\u00f6stens program 2023 M\u00e5ndagen den 11 september kl 18:30Barnkonventionen &#8211; fr\u00e5n Eglantyne Jebb 1919 till Svensk lag&hellip;<\/p>\n","protected":false},"author":211,"featured_media":0,"parent":0,"menu_order":0,"comment_status":"closed","ping_status":"closed","template":"","meta":{"_acf_changed":false,"footnotes":"","_links_to":"","_links_to_target":""},"class_list":["post-34","page","type-page","status-publish","hentry"],"acf":[],"_links":{"self":[{"href":"https:\/\/fn.se\/kristinehamn\/wp-json\/wp\/v2\/pages\/34","targetHints":{"allow":["GET"]}}],"collection":[{"href":"https:\/\/fn.se\/kristinehamn\/wp-json\/wp\/v2\/pages"}],"about":[{"href":"https:\/\/fn.se\/kristinehamn\/wp-json\/wp\/v2\/types\/page"}],"author":[{"embeddable":true,"href":"https:\/\/fn.se\/kristinehamn\/wp-json\/wp\/v2\/users\/211"}],"replies":[{"embeddable":true,"href":"https:\/\/fn.se\/kristinehamn\/wp-json\/wp\/v2\/comments?post=34"}],"version-history":[{"count":19,"href":"https:\/\/fn.se\/kristinehamn\/wp-json\/wp\/v2\/pages\/34\/revisions"}],"predecessor-version":[{"id":75,"href":"https:\/\/fn.se\/kristinehamn\/wp-json\/wp\/v2\/pages\/34\/revisions\/75"}],"wp:attachment":[{"href":"https:\/\/fn.se\/kristinehamn\/wp-json\/wp\/v2\/media?parent=34"}],"curies":[{"name":"wp","href":"https:\/\/api.w.org\/{rel}","templated":true}]}}

<h1 class="wp-block-heading">Aktiviteter och referat</h1>



<p></p>



<h2 class="wp-block-heading">Höstens program 2023</h2>



<p><strong>Måndagen den 11 september kl 18:30</strong><br><em><a href="https://fn.se/wp-content/uploads/2023/12/Barnkonventionen.pdf">Barnkonventionen &#8211; från Eglantyne Jebb 1919 till Svensk lag 2020.</a></em><br>Monica Ekström, vice ordförande i Brottsofferjouren Sverige och ordförande i Funktionsrätt Värmland.</p>



<p><strong>Måndagen den 9 oktober kl 18:30</strong><br><em><a href="https://fn.se/wp-content/uploads/2023/12/Agera-Varmland.pdf">Främlingsfientlighet &amp; rasism på värmländska &#8211; en lägesbeskrivning</a></em><br>Lars Stiernelöf, Agera Värmland, samordnare i arbetet mot våldsbejakande extremism.</p>



<p><strong>Måndagen den 20 november kl 18:30<br></strong><em><a href="https://fn.se/wp-content/uploads/2023/12/Klimatkrisen-och-vagen-framat.pdf">Klimatkrisen och vägen framåt</a></em><br>Erika Bjerström, SVTs klimatkorrespondent och författare, har i årtionden rest i världen och skildrat de stora händelserna, ofta genom möten med de människor som berörs.<br>I samarbete med Sällskapet för Naturskydd Kristinehamn.</p>



<p><strong>Lokal</strong>: Bibliotekets hörsal för samtliga evenemang. <br>Fri entré</p>



<h4 class="wp-block-heading">Referat från höstens program</h4>



<p><em><a href="https://fn.se/wp-content/uploads/2023/12/Barnkonventionen.pdf">Barnkonventionen &#8211; från Eglantyne Jebb 1919 till Svensk lag 2020.</a></em> <br><em><a href="https://fn.se/wp-content/uploads/2023/12/Agera-Varmland.pdf">Främlingsfientlighet &amp; rasism på värmländska &#8211; en lägesbeskrivning</a></em><br><em><a href="https://fn.se/wp-content/uploads/2023/12/Klimatkrisen-och-vagen-framat.pdf">Klimatkrisen och vägen framåt</a></em></p>



<h2 class="wp-block-heading">Vårens program 2023</h2>



<p><strong>Måndag den 30 januari kl 18:30</strong>. Lokal: Bibliotekets hörsal.<br>Fri entré.<br><em><a href="https://fn.se/kristinehamn/wp-content/uploads/sites/31/2023/02/Damour-referat.pdf" target="_blank" rel="noreferrer noopener">Far fick aldrig gå på vatten</a>.&nbsp;</em>D&#8217;amour D. Nordkvist berättar om sitt liv och sin bok. Civilekonom, uppvuxen i Rqanda, studier vid University of Sun Yat-sen i Kina, bosatt i Värmland.</p>



<p><strong>Måndag den 20 februari kl. 18:30</strong>. Lokal: Bibliotekets hörsal.<br>Fri entré.<br>Årsmöte.</p>



<p><strong>Måndag den 28 mars kl. 18:30</strong>. Lokal: Bibliotekets hörsal.<br>Fri entré.<br><em>&#8221;Vi och dom&#8221;: Bengt Jangfeldt talar om Ryssland som idé.<br></em>Bengt Jangfeldt, författare, Rysslandskännare.<br>I samarbete med Kristinehamns bibliotek.</p>



<p><strong>Måndag den 8 maj kl. 18:30</strong>. Lokal: Bibliotekets hörsal.<br>Fri entré.<br><em><a href="https://fn.se/wp-content/uploads/2023/12/Henrik-Ekman-hos-FN-foreningen.pdf">Naturen vi ärvde. Från Tyst vår till het sommar.&nbsp;</a></em>Henrik Ekman, författare, journalist och fotograf med inriktning på natur och vetenskap och presentatör av naturprogram på SVT.<br>I samarbete med Kristinehamns bibliotek.</p>



<p><strong>Utställning i Kristinehamns bibliotek den 2-30 mars.</strong></p>



<h4 class="wp-block-heading">Referat från vårens aktiviteter</h4>



<p><a href="https://fn.se/kristinehamn/wp-content/uploads/sites/31/2023/05/Jangfeldt-referat.pdf"><em>&#8221;Vi och dom&#8221;</em>: Bengt Jangfeldt talar om Ryssland som idé</a><br><a href="https://fn.se/kristinehamn/wp-content/uploads/sites/31/2023/02/Damour-referat.pdf" target="_blank" rel="noreferrer noopener"><em>Far fick aldrig gå på vatten. </em>D&#8217;amour D. Nordkvist berättar om sitt liv och sin bok</a></p>



<p></p>



<h2 class="wp-block-heading">Tidigare aktiviteter</h2>



<h4 class="wp-block-heading">Höstens program 2022</h4>



<p><a rel="noreferrer noopener" href="https://fn.se/kristinehamn/wp-content/uploads/sites/31/2022/09/Program-hösten-Kristinehamn-2022.pdf" target="_blank">Här är de aktiviteter vi genomförde under hösten.</a></p>



<p></p>



<p><strong>Referat från tidigare aktiviteter</strong></p>



<p><a href="https://fn.se/kristinehamn/wp-content/uploads/sites/31/2022/11/SAK-besoker-FN-foreningen.pdf">Svenska Afghanistankommittén besöker FN-föreningen</a></p>



<p><a href="https://fn.se/kristinehamn/wp-content/uploads/sites/31/2022/11/Lennart-Myhlback-hos-FN-forbundet.pdf">Lennart Myhlback hos FN-förbundet</a></p>



<p><a href="https://fn.se/kristinehamn/wp-content/uploads/sites/31/2022/11/Hans-Loden.pdf">Hans Lödén om Sveriges utrikespolitik i brytningstid ”mellan Ryssland och Nato”</a></p>



<p><a href="https://fn.se/kristinehamn/wp-content/uploads/sites/31/2022/11/Eliasson.pdf">Nils Eliasson, säkerhetspolitisk expert och f.d. ambassadören&nbsp;</a></p>



<p></p>



<p><strong>Artiklar av Kristinehamns FN-förening</strong></p>



<p><a href="https://www.nkp.se/2020/10/26/fn-fyller-75-ar/" target="_blank" rel="noreferrer noopener">FN 75 år &#8211; förtjänster och brister</a></p>

<p>Aktiviteter och referat Höstens program 2023 Måndagen den 11 september kl 18:30Barnkonventionen &#8211; från Eglantyne Jebb 1919 till Svensk lag&hellip;</p>
