{"id":86,"date":"2019-02-08T11:34:52","date_gmt":"2019-02-08T11:34:52","guid":{"rendered":"https:\/\/fn.se\/kalmar-oland\/?page_id=86"},"modified":"2023-02-20T19:25:14","modified_gmt":"2023-02-20T19:25:14","slug":"nyheter","status":"publish","type":"page","link":"https:\/\/fn.se\/kalmar-oland\/nyheter\/","title":{"rendered":"Nyheter"},"content":{"rendered":"\n<p><\/p>\n\n\n\n<p><strong>Zaida Catal\u00e1ns pris<\/strong><\/p>\n\n\n\n<p>Dagligen sker kr\u00e4nkningar av de m\u00e4nskliga r\u00e4ttigheterna i v\u00e5rt samh\u00e4lle. Ett barn blir kr\u00e4nkt f\u00f6r sin hudf\u00e4rg, en homosexuell kompetent man blir f\u00f6rvisad fr\u00e5n arbetsmarknaden, en ung tjejs liv hotas av att bli bortgift. Samtidigt pr\u00e4glas v\u00e5rt samh\u00e4lle av drivna sj\u00e4lar som ser or\u00e4ttvisor och motarbetar dem, som st\u00e5r upp och s\u00e4ger till n\u00e4r de ser n\u00e5gon kr\u00e4nkas, upplyser om or\u00e4ttvisor, startar projekt f\u00f6r f\u00f6r\u00e4ndring och st\u00f6ttar utsatta grupper.<\/p>\n\n\n\n<p>Visionen bakom Zaida Catal\u00e1ns pris \u00e4r att framh\u00e4va ungdomar i Kalmar l\u00e4n som st\u00e5r upp f\u00f6r m\u00e4nskliga r\u00e4ttigheter. P\u00e5 detta s\u00e4tt hoppas vi elever fr\u00e5n Kalmars gymnasief\u00f6rbund att inspirera fler ungdomar inom l\u00e4net att v\u00e5ga k\u00e4mpa f\u00f6r vad de tror p\u00e5, och p\u00e5 detta s\u00e4tt hoppas vi minimera de kr\u00e4nkningar som sker i v\u00e5rt samh\u00e4lle. V\u00e5r verksamhet \u00e4r att uppm\u00e4rksamma ungdomar i v\u00e5rt samh\u00e4lle som genom civilkurage st\u00e5tt upp f\u00f6r det de tror p\u00e5 och fr\u00e4mjat m\u00e4nskliga r\u00e4ttigheter. Vi delar d\u00e4rf\u00f6r varje \u00e5r ut ett stipendium om 5 000 kr till en ungdom under 25 \u00e5r inom Kalmar l\u00e4n. Personen nomineras av personer inom Kalmar l\u00e4n och utses av en jurygrupp.<\/p>\n\n\n\n<p><strong>Zaida Catal\u00e1n<\/strong><\/p>\n\n\n\n<p>Priset grundades f\u00f6r att hedra den kalmaritiska juristen och fd politikern Zaida Catal\u00e1n, som m\u00f6rdades under ett FN-uppdrag i Kongo-Kinshasa. Zaida Catal\u00e1n arbetade f\u00f6r att fr\u00e4mja m\u00e4nskliga r\u00e4ttigheter p\u00e5 EUs polisinsats och FNs Group on the Democratic Republic of Congo. Hon hade varit ute p\u00e5 flertalet expeditioner f\u00f6r fr\u00e5gor om djurr\u00e4tt och j\u00e4mst\u00e4lldhet. 2016 reste hon till Kongo f\u00f6r att utreda brott mot m\u00e4nskliga r\u00e4ttigheter, men m\u00f6tte en tragisk d\u00f6d i b\u00f6rjan av mars 2017.<\/p>\n\n\n\n<p>&#8212;&#8212;&#8212;&#8212;&#8212;&#8212;<\/p>\n\n\n<div>\n<p style=\"background: white;margin: 4.5pt 0cm 4.5pt 0cm\"><b><span style=\"font-size: 16.0pt;font-family: 'Arial',sans-serif;color: #1c1e21\">Kalmar\/\u00d6lands FN-f\u00f6rening deltar i \u00d6lands Museum Himmelsbergas sommarutst\u00e4llning &#8221;\u00d6l\u00e4ndskt arbetsliv &#8211; d\u00e5tid, nutid, framtid&#8221; 22 juni \u2013 1 september.<\/span><\/b><\/p>\n<p style=\"background: white;text-align: start;margin: 4.5pt 0cm .0001pt 0cm\"><span style=\"font-family: 'Arial',sans-serif;color: #1c1e21;background: white\">\u00d6ver hela sommaren sl\u00e5r vi flera slag f\u00f6r Agenda 2030, klimatanpassning inom jordbruket och \u00e5teruppt\u00e4ckten av det nyttiga kulturspannm\u00e5let \u00d6landsvete. <\/span><span style=\"font-family: 'Arial',sans-serif;color: #1c1e21\">Del-utst\u00e4llningen genomf\u00f6rs tillsammans med den ideella f\u00f6reningen Allkorn som arbetar f\u00f6r m\u00e5ngfald av kulturspannm\u00e5l, och Linn\u00e9universitetetbygger vidare p\u00e5 ett gemensamt forskningsprojekt.<\/span><\/p>\n<h2>&nbsp;&nbsp;<img loading=\"lazy\" decoding=\"async\" class=\"alignnone size-medium wp-image-140\" src=\"https:\/\/fn.se\/kalmar-oland\/wp-content\/uploads\/sites\/25\/2019\/07\/Marie-1-266x300.jpg\" alt=\"\" width=\"266\" height=\"300\" srcset=\"https:\/\/fn.se\/kalmar-oland\/wp-content\/uploads\/sites\/25\/2019\/07\/Marie-1-266x300.jpg 266w, https:\/\/fn.se\/kalmar-oland\/wp-content\/uploads\/sites\/25\/2019\/07\/Marie-1-768x866.jpg 768w, https:\/\/fn.se\/kalmar-oland\/wp-content\/uploads\/sites\/25\/2019\/07\/Marie-1-908x1024.jpg 908w, https:\/\/fn.se\/kalmar-oland\/wp-content\/uploads\/sites\/25\/2019\/07\/Marie-1-650x733.jpg 650w, https:\/\/fn.se\/kalmar-oland\/wp-content\/uploads\/sites\/25\/2019\/07\/Marie-1-1024x1155.jpg 1024w\" sizes=\"auto, (max-width: 266px) 100vw, 266px\" \/> <img loading=\"lazy\" decoding=\"async\" class=\"alignnone size-medium wp-image-139\" src=\"https:\/\/fn.se\/kalmar-oland\/wp-content\/uploads\/sites\/25\/2019\/07\/Agenda-2030-169x300.jpg\" alt=\"\" width=\"169\" height=\"300\" srcset=\"https:\/\/fn.se\/kalmar-oland\/wp-content\/uploads\/sites\/25\/2019\/07\/Agenda-2030-169x300.jpg 169w, https:\/\/fn.se\/kalmar-oland\/wp-content\/uploads\/sites\/25\/2019\/07\/Agenda-2030-768x1365.jpg 768w, https:\/\/fn.se\/kalmar-oland\/wp-content\/uploads\/sites\/25\/2019\/07\/Agenda-2030-576x1024.jpg 576w, https:\/\/fn.se\/kalmar-oland\/wp-content\/uploads\/sites\/25\/2019\/07\/Agenda-2030-650x1156.jpg 650w, https:\/\/fn.se\/kalmar-oland\/wp-content\/uploads\/sites\/25\/2019\/07\/Agenda-2030-1024x1820.jpg 1024w\" sizes=\"auto, (max-width: 169px) 100vw, 169px\" \/><img loading=\"lazy\" decoding=\"async\" class=\"alignnone size-medium wp-image-141\" src=\"https:\/\/fn.se\/kalmar-oland\/wp-content\/uploads\/sites\/25\/2019\/07\/Veteavdelningem-300x225.jpg\" alt=\"\" width=\"300\" height=\"225\" srcset=\"https:\/\/fn.se\/kalmar-oland\/wp-content\/uploads\/sites\/25\/2019\/07\/Veteavdelningem-300x225.jpg 300w, https:\/\/fn.se\/kalmar-oland\/wp-content\/uploads\/sites\/25\/2019\/07\/Veteavdelningem.jpg 640w\" sizes=\"auto, (max-width: 300px) 100vw, 300px\" \/><\/h2>\n<h2>Va? \u00c4r Sverige inte emot k\u00e4rnvapen?!<\/h2>\n<p>Nej, s\u00e5 \u00e4r det faktiskt. FN:s medlemsstater har f\u00f6rhandlat fram ett avtal om f\u00f6rbud mot k\u00e4rnvapen.&nbsp; &nbsp; &nbsp; &nbsp; &nbsp; &nbsp; &nbsp; &nbsp; &nbsp; &nbsp; &nbsp; &nbsp; &nbsp; &nbsp; &nbsp; &nbsp; &nbsp; &nbsp; &nbsp; &nbsp; &nbsp; &nbsp; &nbsp; &nbsp; &nbsp; &nbsp; &nbsp; &nbsp; &nbsp; &nbsp; &nbsp; &nbsp; &nbsp; &nbsp; &nbsp; Men Sverige har inte skrivit under. Detta trots att dagens k\u00e4rnvapen \u00e4r farligare \u00e4n n\u00e5gonsin.<\/p>\n<p><img loading=\"lazy\" decoding=\"async\" class=\"alignnone size-medium wp-image-122\" src=\"https:\/\/fn.se\/kalmar-oland\/wp-content\/uploads\/sites\/25\/2019\/05\/vapen-skiss-anti-nuclear-eps-vektorer_csp10374131-285x300.jpg\" alt=\"\" width=\"285\" height=\"300\" srcset=\"https:\/\/fn.se\/kalmar-oland\/wp-content\/uploads\/sites\/25\/2019\/05\/vapen-skiss-anti-nuclear-eps-vektorer_csp10374131-285x300.jpg 285w, https:\/\/fn.se\/kalmar-oland\/wp-content\/uploads\/sites\/25\/2019\/05\/vapen-skiss-anti-nuclear-eps-vektorer_csp10374131.jpg 447w\" sizes=\"auto, (max-width: 285px) 100vw, 285px\" \/><\/p>\n<h2>Skriv under mot k\u00e4rnvapen nu!<\/h2>\n<\/div>\n<div><strong>L\u00e4s mer p\u00e5&nbsp;<a href=\"https:\/\/www.fn.se\/karnvapen\">fn.se\/karnvapen<\/a><\/strong><\/div>\n<div>&nbsp;<\/div>\n<div>&nbsp;<\/div>\n<div>&nbsp;<\/div>\n<div>&nbsp;<\/div>\n<div>________________________________________________________________________________________________<\/div>\n<div>&nbsp;<\/div>\n<div>&nbsp;<\/div>\n<div>&nbsp;<\/div>\n<div>&nbsp;<\/div>\n<div><img loading=\"lazy\" decoding=\"async\" class=\"alignnone size-medium wp-image-98\" src=\"https:\/\/fn.se\/kalmar-oland\/wp-content\/uploads\/sites\/25\/2019\/04\/Minor-300x168.jpg\" alt=\"\" width=\"300\" height=\"168\"><\/div>\n<div>&nbsp;<\/div>\n<div>Idag, 4:e april, \u00e4r&nbsp;den internationella dagen mot landminor, en dag som \u00e4r till f\u00f6r att belysa vikten av minr\u00f6jning. Kvarl\u00e4mnade landminor och andra explosiva l\u00e4mningar \u00e4r ett problem i m\u00e5nga delar av v\u00e4rlden, och det uppskattas att upp till 10.000&nbsp;personer&nbsp;faller offer&nbsp;\u00e5rligen. L\u00e4s mer om Svenska FN-f\u00f6rbundets engagemang mot minor och f\u00f6r minr\u00f6jning h\u00e4r:<\/div>\n<div>&nbsp;<\/div>\n<div><a href=\"https:\/\/fn.se\/vi-gor\/vi-stodjer-viktiga-fn-projekt-i-varlden\/minor\/\" target=\"_blank\" rel=\"nofollow noopener\">https:\/\/fn.se\/vi-gor\/vi-stodjer-viktiga-fn-projekt-i-varlden\/minor\/<\/a><\/div>\n<div>&nbsp;<\/div>\n<div>&nbsp;<\/div>\n<div>\u00c4r du intresserad av att l\u00e4ra dig mer om landminor och minr\u00f6jning? Ans\u00f6k till en utbildninsdag om FN:s, Svenska FN-f\u00f6rbundets och F\u00f6rsvarsmaktens arbete kring minor och minr\u00f6jning. L\u00e4s mer och ans\u00f6k:<\/div>\n<div>&nbsp;<\/div>\n<div><a href=\"https:\/\/fn.se\/engagera-dig\/kalender\/utbildningsdag-om-minrojning\/\" target=\"_blank\" rel=\"nofollow noopener\">https:\/\/fn.se\/engagera-dig\/kalender\/utbildningsdag-om-minrojning\/<\/a><\/div>\n<p><\/p>\n<hr>\n<p><img loading=\"lazy\" decoding=\"async\" class=\"alignnone size-medium wp-image-90\" src=\"https:\/\/fn.se\/kalmar-oland\/wp-content\/uploads\/sites\/25\/2019\/03\/UN-8-mars-300x156.jpg\" alt=\"\" width=\"300\" height=\"156\" srcset=\"https:\/\/fn.se\/kalmar-oland\/wp-content\/uploads\/sites\/25\/2019\/03\/UN-8-mars-300x156.jpg 300w, https:\/\/fn.se\/kalmar-oland\/wp-content\/uploads\/sites\/25\/2019\/03\/UN-8-mars.jpg 311w\" sizes=\"auto, (max-width: 300px) 100vw, 300px\" \/><\/p>\n<div>\n<p>Internationella kvinnodagen uppm\u00e4rksammar oj\u00e4mst\u00e4lldhet och kvinnors situation v\u00e4rlden \u00f6ver, samtidigt som den inspirerar kvinnor och firar kvinnors framg\u00e5ngar. Dagen firades f\u00f6r f\u00f6rsta g\u00e5ngen 1911 och 1977 antog FN en resolution som rekommenderade ett allm\u00e4nt firande av kvinnodagen.<\/p>\n<\/div>\n<div class=\"yiv2998592732ydpf12f80edsignature\">\n<div>\n<p>Av de Globala m\u00e5len syftar M\u00e5l 5 till att uppn\u00e5 j\u00e4mst\u00e4lldhet. Delm\u00e5l 5.1 fastst\u00e4ller att alla former av diskriminering av alla kvinnor och flickor \u00f6verallt m\u00e5ste avskaffas, och delm\u00e5l 5.5 att kvinnor ska garanteras fullt och faktiskt deltagande p\u00e5 alla beslutsniv\u00e5er i det politiska, ekonomiska och offentliga livet. De Globala m\u00e5len \u00e4r integrerade och f\u00f6rutom m\u00e5l 5 ber\u00f6r flera av m\u00e5len kvinnors j\u00e4mst\u00e4lldhet och \u00f6kade egenmakt.&nbsp;<a href=\"https:\/\/www.globalamalen.se\/om-globala-malen\/mal-4-sakerstalla-god-undervisning\/\" target=\"_blank\" rel=\"nofollow noopener\">M\u00e5l 4 \u2013 God utbildning&nbsp;<\/a>f\u00f6r alla, handlar bland annat om att alla k\u00f6nsbaserade skillnader i tillg\u00e5ng till utbildning m\u00e5ste avskaffas.&nbsp;<a href=\"https:\/\/www.globalamalen.se\/om-globala-malen\/mal-8-goda-arbeten-och-ekonomisk-tillvaxt\/\" target=\"_blank\" rel=\"nofollow noopener\">M\u00e5l 8 \u2013 Anst\u00e4ndiga arbetsvillkor och ekonomisk tillv\u00e4xt<\/a>, fastst\u00e4ller att produktiv syssels\u00e4ttning med anst\u00e4ndiga arbetsvillkor f\u00f6r alla kvinnor och m\u00e4n, samt lika l\u00f6n f\u00f6r likv\u00e4rdigt arbete, ska uppn\u00e5s senast 2030.<\/p>\n<p>Trots att kvinnor fortfarande utg\u00f6r en majoritet av v\u00e4rldens fattiga har deras&nbsp;inflytande&nbsp;i samh\u00e4llet f\u00f6rst\u00e4rkts under de senaste decennierna. Deltagande i politiken och st\u00e4llning&nbsp;i arbetslivet har under de senaste \u00e5ren \u00f6kat i j\u00e4mn takt. De Globala m\u00e5len betonar just detta, och siktar p\u00e5 att b\u00e5de som m\u00e5l och medel ytterligare \u00f6ka kvinnors inflytande.&nbsp;<a href=\"http:\/\/www.unwomen.org\/en\" target=\"_blank\" rel=\"nofollow noopener\">UN-women<\/a>, FN:s enhet f\u00f6r j\u00e4mst\u00e4lldhet och kvinnors egenmakt, utvecklar f\u00f6rslag p\u00e5 hur kvinnor kan inkluderas i n\u00e4ringsliv och politik.<\/p>\n<p>N\u00e4r kvinnor och flickor kan bidra till samh\u00e4llet p\u00e5 lika villkor som m\u00e4n och pojkar genom sina resurser och kunskaper minskar fattigdomen, den ekonomiska produktiviteten v\u00e4xer och samh\u00e4llens v\u00e4lst\u00e5nd \u00f6kar. J\u00e4mst\u00e4lldhet \u00e4r f\u00f6rutom ett m\u00e5l i sig \u00e4ven en f\u00f6ruts\u00e4ttning f\u00f6r h\u00e5llbar och fredlig utveckling. D\u00e4rf\u00f6r firar vi internationella kvinnodagen!<\/p>\n<\/div>\n<\/div>","protected":false},"excerpt":{"rendered":"<p>Zaida Catal\u00e1ns pris Dagligen sker kr\u00e4nkningar av de m\u00e4nskliga r\u00e4ttigheterna i v\u00e5rt samh\u00e4lle. Ett barn blir kr\u00e4nkt f\u00f6r sin hudf\u00e4rg,&hellip;<\/p>\n","protected":false},"author":44,"featured_media":0,"parent":0,"menu_order":0,"comment_status":"closed","ping_status":"closed","template":"","meta":{"_acf_changed":false,"footnotes":"","_links_to":"","_links_to_target":""},"class_list":["post-86","page","type-page","status-publish","hentry"],"acf":[],"_links":{"self":[{"href":"https:\/\/fn.se\/kalmar-oland\/wp-json\/wp\/v2\/pages\/86","targetHints":{"allow":["GET"]}}],"collection":[{"href":"https:\/\/fn.se\/kalmar-oland\/wp-json\/wp\/v2\/pages"}],"about":[{"href":"https:\/\/fn.se\/kalmar-oland\/wp-json\/wp\/v2\/types\/page"}],"author":[{"embeddable":true,"href":"https:\/\/fn.se\/kalmar-oland\/wp-json\/wp\/v2\/users\/44"}],"replies":[{"embeddable":true,"href":"https:\/\/fn.se\/kalmar-oland\/wp-json\/wp\/v2\/comments?post=86"}],"version-history":[{"count":33,"href":"https:\/\/fn.se\/kalmar-oland\/wp-json\/wp\/v2\/pages\/86\/revisions"}],"predecessor-version":[{"id":247,"href":"https:\/\/fn.se\/kalmar-oland\/wp-json\/wp\/v2\/pages\/86\/revisions\/247"}],"wp:attachment":[{"href":"https:\/\/fn.se\/kalmar-oland\/wp-json\/wp\/v2\/media?parent=86"}],"curies":[{"name":"wp","href":"https:\/\/api.w.org\/{rel}","templated":true}]}}