{"id":2,"date":"2016-02-17T11:54:53","date_gmt":"2016-02-17T11:54:53","guid":{"rendered":"http:\/\/fn.se\/jonkoping\/?page_id=2"},"modified":"2025-02-14T00:27:47","modified_gmt":"2025-02-14T00:27:47","slug":"sample-page","status":"publish","type":"page","link":"https:\/\/fn.se\/jonkoping\/","title":{"rendered":"Hem"},"content":{"rendered":"<h1>V\u00e4lkommen till J\u00f6nk\u00f6pings FN-f\u00f6rening!<img loading=\"lazy\" decoding=\"async\" class=\"wp-image-8 alignright\" src=\"https:\/\/fn.se\/jonkoping\/wp-content\/uploads\/sites\/23\/2016\/02\/SFN_F\u00d6RENING_J\u00f6nk\u00f6pings.jpg\" alt=\"sfn_logopayoff_pos_right\" width=\"162\" height=\"403\" \/><\/h1>\n<p style=\"text-align: left\"><strong>J\u00f6nk\u00f6pings FN-f\u00f6rening<\/strong> \u00e4r en del av den svenska FN-r\u00f6relsen och knuten till Svenska FN-f\u00f6rbundet. F\u00f6reningen \u00e4r partipolitiskt och religi\u00f6st obunden. All verksamhet bygger p\u00e5 lokala och n\u00e4ra krafter \u2013 vi t\u00e4nker globalt och agerar lokalt. I v\u00e5r r\u00f6relse levandeg\u00f6rs visioner och id\u00e9er formas om hur internationellt samarbete kan fr\u00e4mjas.<\/p>\n<p>Genom ideella seminarier, f\u00f6rel\u00e4sningar, evenemang och insamlingsaktiviteter skapar vi medvetenhet och st\u00f6d f\u00f6r FN:s globala initiativ. Vi samarbetar med skolor och organisationer f\u00f6r att arrangera lokala aktiviteter och uppm\u00e4rksamma internationella FN-dagar.<\/p>\n<p>Som medlem f\u00e5r du m\u00f6jlighet att engagera dig, tr\u00e4ffa likasinnade, f\u00f6rdjupa din kunskap om internationella fr\u00e5gor och bidra till en b\u00e4ttre v\u00e4rld.<\/p>\n<p>Vi beh\u00f6ver FN. FN beh\u00f6ver dig<strong>. <\/strong><a class=\"new-window\" href=\"https:\/\/betalning.fn.se\/pfs\/memberregistration\/\" target=\"_blank\" rel=\"noopener\">V\u00e4lkommen som medlem i v\u00e5r f\u00f6rening!<\/a><\/p>\n<h4><\/h4>\n<h4><\/h4>\n<h4><\/h4>\n<h4><\/h4>\n<h4 class=\"intro\">M\u00e5l och vision<\/h4>\n<p class=\"intro\">Vi str\u00e4var efter att \u00f6ka kunskapen om FN och det internationella samarbetet p\u00e5 lokal niv\u00e5. V\u00e5rt m\u00e5l \u00e4r att engagera m\u00e4nniskor i alla \u00e5ldrar i globala fr\u00e5gor och skapa en stark opinion f\u00f6r ett mer inflytelserikt FN.<\/p>\n<p class=\"intro\"><em>V\u00e5r vision<\/em>: J\u00f6nk\u00f6ping har en unik koppling till FN \u2013 h\u00e4r f\u00f6ddes Dag Hammarskj\u00f6ld, en av FN:s framst\u00e5ende generalsekreterare,\u00a0 h\u00e4r har m\u00e5nga FN-soldater verkat f\u00f6r fredligt bevarande. Med detta arv som grund str\u00e4var vi efter att sprida FN:s v\u00e4rderingar och bli den st\u00f6rsta FN-f\u00f6reningen i Sverige<\/p>\n<h4>F\u00f6lj oss p\u00e5 sociala medier f\u00f6r att st\u00f6tta och ta del av v\u00e5rt viktiga arbete<\/h4>\n<ul>\n<li><a href=\"https:\/\/www.instagram.com\/jonkopings_fnforening\/\">Instagram<\/a><\/li>\n<li><a href=\"https:\/\/www.facebook.com\/jonkopingsfnforening\/\">Facebook<\/a><\/li>\n<li><a href=\"http:\/\/www.linkedin.com\/in\/j\u00f6nk\u00f6pings-fn-f\u00f6rening-una-j\u00f6nk\u00f6ping-012246269\">Linkedin<\/a><\/li>\n<\/ul>\n<h4>Kontakt<\/h4>\n<p>F\u00f6r att underl\u00e4tta kontakten med dig som medlem i v\u00e5r f\u00f6rening \u00e4r styrelsen tacksam om du skickar din e-postadress till oss.\u00a0Vi uppskattar \u00e4ven om du meddelar oss vid byte av e-postadress, s\u00e5 att vi kan kommunicera med varandra.<\/p>\n<p>Adress: J\u00f6nk\u00f6pings FN-f\u00f6rening<br \/>\nV\u00e4stra Storgatan 12, 553 15 J\u00f6nk\u00f6ping. I ABF J\u00f6nk\u00f6pings L\u00e4ns lokaler.<br \/>\nE-postadress: <a href=\"mailto:jonkopingsfnforening@gmail.com\">jonkopingsfnforening@gmail.com<\/a><\/p>\n<div class=\"m-c\"><\/div>\n","protected":false},"excerpt":{"rendered":"<p>V\u00e4lkommen till J\u00f6nk\u00f6pings FN-f\u00f6rening! J\u00f6nk\u00f6pings FN-f\u00f6rening \u00e4r en del av den svenska FN-r\u00f6relsen och knuten till Svenska FN-f\u00f6rbundet. F\u00f6reningen \u00e4r&hellip;<\/p>\n","protected":false},"author":1,"featured_media":0,"parent":0,"menu_order":0,"comment_status":"closed","ping_status":"open","template":"templates\/template-sub.php","meta":{"_acf_changed":false,"footnotes":"","_links_to":"","_links_to_target":""},"class_list":["post-2","page","type-page","status-publish","hentry"],"acf":[],"_links":{"self":[{"href":"https:\/\/fn.se\/jonkoping\/wp-json\/wp\/v2\/pages\/2","targetHints":{"allow":["GET"]}}],"collection":[{"href":"https:\/\/fn.se\/jonkoping\/wp-json\/wp\/v2\/pages"}],"about":[{"href":"https:\/\/fn.se\/jonkoping\/wp-json\/wp\/v2\/types\/page"}],"author":[{"embeddable":true,"href":"https:\/\/fn.se\/jonkoping\/wp-json\/wp\/v2\/users\/1"}],"replies":[{"embeddable":true,"href":"https:\/\/fn.se\/jonkoping\/wp-json\/wp\/v2\/comments?post=2"}],"version-history":[{"count":26,"href":"https:\/\/fn.se\/jonkoping\/wp-json\/wp\/v2\/pages\/2\/revisions"}],"predecessor-version":[{"id":243,"href":"https:\/\/fn.se\/jonkoping\/wp-json\/wp\/v2\/pages\/2\/revisions\/243"}],"wp:attachment":[{"href":"https:\/\/fn.se\/jonkoping\/wp-json\/wp\/v2\/media?parent=2"}],"curies":[{"name":"wp","href":"https:\/\/api.w.org\/{rel}","templated":true}]}}