{"id":888,"date":"2020-10-09T06:25:19","date_gmt":"2020-10-09T06:25:19","guid":{"rendered":"https:\/\/fn.se\/intebarasnack\/?page_id=888"},"modified":"2020-10-22T14:19:47","modified_gmt":"2020-10-22T14:19:47","slug":"faq","status":"publish","type":"page","link":"https:\/\/fn.se\/intebarasnack\/ny-startsida\/engagera-dig\/faq\/","title":{"rendered":"#intebara snack Fr\u00e5gor och Svar"},"content":{"rendered":"\n<p>Nu \u00e4r ni ig\u00e5ng, vad kul!<\/p>\n\n\n\n<p>Vi vill s\u00e5 klart hj\u00e4lpa er s\u00e5 mycket som m\u00f6jligt. H\u00e4r kan ni f\u00e5 svar p\u00e5 vanliga fr\u00e5gor.<\/p>\n\n\n\n<h4 class=\"wp-block-heading\">Lokal &amp; pengar<\/h4>\n\n\n\n<h3 class=\"wp-block-heading\"><strong>Vi skulle beh\u00f6va en lokal att f\u00f6rvara saker i tillf\u00e4lligt. Var kan vi hitta en s\u00e5dan lokal?<\/strong><\/h3>\n\n\n\n<p><strong>Bostadsbolag &amp; Hyresg\u00e4stf\u00f6reningen<\/strong><\/p>\n\n\n\n<p>Kommunens bostadsbolag kan ha lokaler som inv\u00e5narna kan l\u00e5na gratis. Hyresg\u00e4stf\u00f6reningen kan ha lokaler att l\u00e5na ut eller hyra billigt.<\/p>\n\n\n\n<p><strong>Facebook &amp; grannar<\/strong><\/p>\n\n\n\n<p>En sn\u00e4ll granne kan l\u00e5na ut ett garage eller material. Sn\u00e4lla grannar hittas via d\u00f6rrknackning eller Facebook-grupper (brukar heta \u201dVi som bor i \u2026\u201d)<\/p>\n\n\n\n<h3 class=\"wp-block-heading\"><strong>Vi beh\u00f6ver ett st\u00e4lle d\u00e4r vi kan ha loppis eller liknande f\u00f6rs\u00e4ljning. Var hittar vi det?<\/strong><\/h3>\n\n\n\n<p><strong>Bostadsbolag &amp; Hyresg\u00e4stf\u00f6reningen<\/strong><\/p>\n\n\n\n<p>Kommunens bostadsbolag kan ha lokaler som inv\u00e5narna kan l\u00e5na gratis. Hyresg\u00e4stf\u00f6reningen kan ha lokaler att l\u00e5na ut eller hyra billigt.<\/p>\n\n\n\n<p><strong>Facebook &amp; grannar<\/strong><\/p>\n\n\n\n<p>En sn\u00e4ll granne kan l\u00e5na ut ett garage eller material. Sn\u00e4lla grannar hittas via d\u00f6rrknackning eller Facebook-grupper (brukar heta \u201dVi som bor i \u2026\u201d)<\/p>\n\n\n\n<h3 class=\"wp-block-heading\"><strong>Vi beh\u00f6ver verktyg f\u00f6r att kunna tillverka saker i tr\u00e4 &amp; metall. Var kan vi hitta det?<\/strong><\/h3>\n\n\n\n<p><strong>Studief\u00f6rbund<\/strong><\/p>\n\n\n\n<p>G\u00f6r ert initiativ som en kurs i ett Studief\u00f6rbund. D\u00e5 kan ni s\u00f6ka bidrag och f\u00e5 tillg\u00e5ng till lokaler och utrustning. H\u00e4r finns alla studief\u00f6rbund. <a rel=\"noreferrer noopener\" href=\"https:\/\/studieforbunden.se\/studieforbund\" target=\"_blank\">https:\/\/studieforbunden.se\/studieforbund<\/a><\/p>\n\n\n\n<p><strong>Lokala f\u00f6retag<\/strong><\/p>\n\n\n\n<p>Byt tj\u00e4nster med ett f\u00f6retag: ni f\u00e5r l\u00e5na material eller utrustning, och f\u00f6retaget f\u00e5r synas p\u00e5 er instagram-profil, och f\u00f6r en god sak dessutom!<\/p>\n\n\n\n<h3 class=\"wp-block-heading\"><strong>Vi ska h\u00e5lla en kurs och beh\u00f6ver l\u00e5na utrustning f\u00f6r 10 personer. Var kan vi g\u00f6ra det?<\/strong><\/h3>\n\n\n\n<p><strong>Studief\u00f6rbund<\/strong><\/p>\n\n\n\n<p>G\u00f6r ert initiativ som en kurs i ett Studief\u00f6rbund. D\u00e5 kan ni s\u00f6ka bidrag och f\u00e5 tillg\u00e5ng till lokaler och utrustning. H\u00e4r finns alla studief\u00f6rbund. <a rel=\"noreferrer noopener\" href=\"https:\/\/studieforbunden.se\/studieforbund\" target=\"_blank\">https:\/\/studieforbunden.se\/studieforbund<\/a><\/p>\n\n\n\n<p><strong>Lokala f\u00f6retag<\/strong><\/p>\n\n\n\n<p>Byt tj\u00e4nster med ett f\u00f6retag: ni f\u00e5r l\u00e5na material eller utrustning, och f\u00f6retaget f\u00e5r synas p\u00e5 er instagram-profil, och f\u00f6r en god sak dessutom!<\/p>\n\n\n\n<p>H\u00e4r har vi samlat n\u00e5gra av de vanligaste fr\u00e5gorna och tips om resurser<\/p>\n","protected":false},"excerpt":{"rendered":"<p>Nu \u00e4r ni ig\u00e5ng, vad kul! Vi vill s\u00e5 klart hj\u00e4lpa er s\u00e5 mycket som m\u00f6jligt. H\u00e4r kan ni f\u00e5 svar p\u00e5 vanliga fr\u00e5gor. Lokal &amp; pengar Vi skulle beh\u00f6va en lokal att f\u00f6rvara saker i tillf\u00e4lligt. Var kan vi hitta en s\u00e5dan lokal? Bostadsbolag &amp; Hyresg\u00e4stf\u00f6reningen Kommunens bostadsbolag kan ha lokaler som inv\u00e5narna kan [&hellip;]<\/p>\n","protected":false},"author":224,"featured_media":0,"parent":870,"menu_order":0,"comment_status":"closed","ping_status":"closed","template":"","meta":{"_acf_changed":false,"footnotes":"","_links_to":"","_links_to_target":""},"class_list":["post-888","page","type-page","status-publish","hentry"],"acf":[],"_links":{"self":[{"href":"https:\/\/fn.se\/intebarasnack\/wp-json\/wp\/v2\/pages\/888","targetHints":{"allow":["GET"]}}],"collection":[{"href":"https:\/\/fn.se\/intebarasnack\/wp-json\/wp\/v2\/pages"}],"about":[{"href":"https:\/\/fn.se\/intebarasnack\/wp-json\/wp\/v2\/types\/page"}],"author":[{"embeddable":true,"href":"https:\/\/fn.se\/intebarasnack\/wp-json\/wp\/v2\/users\/224"}],"replies":[{"embeddable":true,"href":"https:\/\/fn.se\/intebarasnack\/wp-json\/wp\/v2\/comments?post=888"}],"version-history":[{"count":2,"href":"https:\/\/fn.se\/intebarasnack\/wp-json\/wp\/v2\/pages\/888\/revisions"}],"predecessor-version":[{"id":975,"href":"https:\/\/fn.se\/intebarasnack\/wp-json\/wp\/v2\/pages\/888\/revisions\/975"}],"up":[{"embeddable":true,"href":"https:\/\/fn.se\/intebarasnack\/wp-json\/wp\/v2\/pages\/870"}],"wp:attachment":[{"href":"https:\/\/fn.se\/intebarasnack\/wp-json\/wp\/v2\/media?parent=888"}],"curies":[{"name":"wp","href":"https:\/\/api.w.org\/{rel}","templated":true}]}}

#intebara snack Frågor och Svar

<p>Nu är ni igång, vad kul!</p>



<p>Vi vill så klart hjälpa er så mycket som möjligt. Här kan ni få svar på vanliga frågor.</p>



<h4 class="wp-block-heading">Lokal &amp; pengar</h4>



<h3 class="wp-block-heading"><strong>Vi skulle behöva en lokal att förvara saker i tillfälligt. Var kan vi hitta en sådan lokal?</strong></h3>



<p><strong>Bostadsbolag &amp; Hyresgästföreningen</strong></p>



<p>Kommunens bostadsbolag kan ha lokaler som invånarna kan låna gratis. Hyresgästföreningen kan ha lokaler att låna ut eller hyra billigt.</p>



<p><strong>Facebook &amp; grannar</strong></p>



<p>En snäll granne kan låna ut ett garage eller material. Snälla grannar hittas via dörrknackning eller Facebook-grupper (brukar heta ”Vi som bor i …”)</p>



<h3 class="wp-block-heading"><strong>Vi behöver ett ställe där vi kan ha loppis eller liknande försäljning. Var hittar vi det?</strong></h3>



<p><strong>Bostadsbolag &amp; Hyresgästföreningen</strong></p>



<p>Kommunens bostadsbolag kan ha lokaler som invånarna kan låna gratis. Hyresgästföreningen kan ha lokaler att låna ut eller hyra billigt.</p>



<p><strong>Facebook &amp; grannar</strong></p>



<p>En snäll granne kan låna ut ett garage eller material. Snälla grannar hittas via dörrknackning eller Facebook-grupper (brukar heta ”Vi som bor i …”)</p>



<h3 class="wp-block-heading"><strong>Vi behöver verktyg för att kunna tillverka saker i trä &amp; metall. Var kan vi hitta det?</strong></h3>



<p><strong>Studieförbund</strong></p>



<p>Gör ert initiativ som en kurs i ett Studieförbund. Då kan ni söka bidrag och få tillgång till lokaler och utrustning. Här finns alla studieförbund. <a rel="noreferrer noopener" href="https://studieforbunden.se/studieforbund" target="_blank">https://studieforbunden.se/studieforbund</a></p>



<p><strong>Lokala företag</strong></p>



<p>Byt tjänster med ett företag: ni får låna material eller utrustning, och företaget får synas på er instagram-profil, och för en god sak dessutom!</p>



<h3 class="wp-block-heading"><strong>Vi ska hålla en kurs och behöver låna utrustning för 10 personer. Var kan vi göra det?</strong></h3>



<p><strong>Studieförbund</strong></p>



<p>Gör ert initiativ som en kurs i ett Studieförbund. Då kan ni söka bidrag och få tillgång till lokaler och utrustning. Här finns alla studieförbund. <a rel="noreferrer noopener" href="https://studieforbunden.se/studieforbund" target="_blank">https://studieforbunden.se/studieforbund</a></p>



<p><strong>Lokala företag</strong></p>



<p>Byt tjänster med ett företag: ni får låna material eller utrustning, och företaget får synas på er instagram-profil, och för en god sak dessutom!</p>



<p>Här har vi samlat några av de vanligaste frågorna och tips om resurser</p>

<p>Nu är ni igång, vad kul! Vi vill så klart hjälpa er så mycket som möjligt. Här kan ni få svar på vanliga frågor. Lokal &amp; pengar Vi skulle behöva en lokal att förvara saker i tillfälligt. Var kan vi hitta en sådan lokal? Bostadsbolag &amp; Hyresgästföreningen Kommunens bostadsbolag kan ha lokaler som invånarna kan [&hellip;]</p>
