{"id":881,"date":"2020-10-09T05:33:16","date_gmt":"2020-10-09T05:33:16","guid":{"rendered":"https:\/\/fn.se\/intebarasnack\/?page_id=881"},"modified":"2021-11-17T12:23:55","modified_gmt":"2021-11-17T12:23:55","slug":"inspirera-andra-att-gora-som-ni","status":"publish","type":"page","link":"https:\/\/fn.se\/intebarasnack\/ny-startsida\/engagera-dig\/inspirera-andra-att-gora-som-ni\/","title":{"rendered":"Inspirera andra att g\u00f6ra som ni g\u00f6r"},"content":{"rendered":"\n<h1 class=\"wp-block-heading\">Inspirera andra att g\u00f6ra som ni g\u00f6r<\/h1>\n\n\n\n<div class=\"wp-block-cover\"><img loading=\"lazy\" decoding=\"async\" width=\"2000\" height=\"1213\" class=\"wp-block-cover__image-background wp-image-1063\" alt=\"\" src=\"https:\/\/fn.se\/intebarasnack\/wp-content\/uploads\/sites\/130\/2020\/10\/InspireraAndra.jpg\" data-object-fit=\"cover\" srcset=\"https:\/\/fn.se\/intebarasnack\/wp-content\/uploads\/sites\/130\/2020\/10\/InspireraAndra.jpg 2000w, https:\/\/fn.se\/intebarasnack\/wp-content\/uploads\/sites\/130\/2020\/10\/InspireraAndra-300x182.jpg 300w, https:\/\/fn.se\/intebarasnack\/wp-content\/uploads\/sites\/130\/2020\/10\/InspireraAndra-1024x621.jpg 1024w, https:\/\/fn.se\/intebarasnack\/wp-content\/uploads\/sites\/130\/2020\/10\/InspireraAndra-768x466.jpg 768w, https:\/\/fn.se\/intebarasnack\/wp-content\/uploads\/sites\/130\/2020\/10\/InspireraAndra-1536x932.jpg 1536w\" sizes=\"auto, (max-width: 2000px) 100vw, 2000px\" \/><div class=\"wp-block-cover__inner-container is-layout-flow wp-block-cover-is-layout-flow\">\n<p class=\"has-text-align-center has-large-font-size\"><\/p>\n<\/div><\/div>\n\n\n\n<div style=\"height:100px\" aria-hidden=\"true\" class=\"wp-block-spacer\"><\/div>\n\n\n\n<p>Sverige kommer n\u00e5 de globala m\u00e5len om alla hj\u00e4lper till. D\u00e4rf\u00f6r \u00e4r ni i ert team en s\u00e5 viktig f\u00f6rebild f\u00f6r andra. F\u00f6r att lyckas hela v\u00e4gen, beh\u00f6ver ocks\u00e5 andra se vad ni g\u00f6r. D\u00e4rf\u00f6r ska ni starta ett instagram-konto f\u00f6r ert initiativ.<\/p>\n\n\n\n<p>H\u00e4r f\u00e5r vi f\u00f6lja ert initiativ fr\u00e5n start till m\u00e5l. N\u00e4r ni \u00e4r ig\u00e5ng skickar ni ett personlig meddelande till @intebarasnack p\u00e5 Instagram och meddelar att ni finns och vad ert initiativ heter. Och sj\u00e4lvklart taggar ni era inl\u00e4gg med #intebarasnack och #globalam\u00e5len<\/p>\n\n\n\n<p>Dela g\u00e4rna p\u00e5 ansvaret f\u00f6r kontot och anv\u00e4nd fler kanaler som Youtube, Tiktok, Facebook om ni vill.<\/p>\n\n\n\n<ol style=\"font-size:20px\"><li><a href=\"https:\/\/fn.se\/intebarasnack\/borja-med-att-anmala-er\/\" data-type=\"page\" data-id=\"875\">Anm\u00e4lan &gt;<\/a> <a href=\"https:\/\/fn.se\/intebarasnack\/en-intebarasnack-coach-kontaktar-er\/\" data-type=\"page\" data-id=\"877\">2. N\u00e5gon av v\u00e5ra coacher kommer kontakta er<\/a> &gt; <a href=\"https:\/\/fn.se\/intebarasnack\/satt-igang\/\" data-type=\"page\" data-id=\"879\">3. Kom ig\u00e5ng med initiativet<\/a> &gt; 4. Inspirera andra att f\u00f6lja efter <\/li><\/ol>\n","protected":false},"excerpt":{"rendered":"<p>Inspirera andra att g\u00f6ra som ni g\u00f6r Sverige kommer n\u00e5 de globala m\u00e5len om alla hj\u00e4lper till. D\u00e4rf\u00f6r \u00e4r ni i ert team en s\u00e5 viktig f\u00f6rebild f\u00f6r andra. F\u00f6r att lyckas hela v\u00e4gen, beh\u00f6ver ocks\u00e5 andra se vad ni g\u00f6r. D\u00e4rf\u00f6r ska ni starta ett instagram-konto f\u00f6r ert initiativ. H\u00e4r f\u00e5r vi f\u00f6lja ert [&hellip;]<\/p>\n","protected":false},"author":224,"featured_media":0,"parent":870,"menu_order":0,"comment_status":"closed","ping_status":"closed","template":"","meta":{"_acf_changed":false,"footnotes":"","_links_to":"","_links_to_target":""},"class_list":["post-881","page","type-page","status-publish","hentry"],"acf":[],"_links":{"self":[{"href":"https:\/\/fn.se\/intebarasnack\/wp-json\/wp\/v2\/pages\/881","targetHints":{"allow":["GET"]}}],"collection":[{"href":"https:\/\/fn.se\/intebarasnack\/wp-json\/wp\/v2\/pages"}],"about":[{"href":"https:\/\/fn.se\/intebarasnack\/wp-json\/wp\/v2\/types\/page"}],"author":[{"embeddable":true,"href":"https:\/\/fn.se\/intebarasnack\/wp-json\/wp\/v2\/users\/224"}],"replies":[{"embeddable":true,"href":"https:\/\/fn.se\/intebarasnack\/wp-json\/wp\/v2\/comments?post=881"}],"version-history":[{"count":15,"href":"https:\/\/fn.se\/intebarasnack\/wp-json\/wp\/v2\/pages\/881\/revisions"}],"predecessor-version":[{"id":1373,"href":"https:\/\/fn.se\/intebarasnack\/wp-json\/wp\/v2\/pages\/881\/revisions\/1373"}],"up":[{"embeddable":true,"href":"https:\/\/fn.se\/intebarasnack\/wp-json\/wp\/v2\/pages\/870"}],"wp:attachment":[{"href":"https:\/\/fn.se\/intebarasnack\/wp-json\/wp\/v2\/media?parent=881"}],"curies":[{"name":"wp","href":"https:\/\/api.w.org\/{rel}","templated":true}]}}