{"id":1104,"date":"2020-10-16T12:54:39","date_gmt":"2020-10-16T12:54:39","guid":{"rendered":"https:\/\/fn.se\/intebarasnack\/?page_id=1104"},"modified":"2020-10-19T12:41:03","modified_gmt":"2020-10-19T12:41:03","slug":"initiativ-vintersport-at-alla","status":"publish","type":"page","link":"https:\/\/fn.se\/intebarasnack\/initiativ-vintersport-at-alla\/","title":{"rendered":""},"content":{"rendered":"\n<p><\/p>\n\n\n\n<div class=\"wp-block-media-text alignwide is-stacked-on-mobile\" style=\"grid-template-columns:15% auto\"><figure class=\"wp-block-media-text__media\"><img loading=\"lazy\" decoding=\"async\" width=\"1024\" height=\"1024\" src=\"https:\/\/fn.se\/intebarasnack\/wp-content\/uploads\/sites\/130\/2020\/10\/E-WEB-Goal-12-1024x1024.png\" alt=\"\" class=\"wp-image-1146\" srcset=\"https:\/\/fn.se\/intebarasnack\/wp-content\/uploads\/sites\/130\/2020\/10\/E-WEB-Goal-12-1024x1024.png 1024w, https:\/\/fn.se\/intebarasnack\/wp-content\/uploads\/sites\/130\/2020\/10\/E-WEB-Goal-12-300x300.png 300w, https:\/\/fn.se\/intebarasnack\/wp-content\/uploads\/sites\/130\/2020\/10\/E-WEB-Goal-12-150x150.png 150w, https:\/\/fn.se\/intebarasnack\/wp-content\/uploads\/sites\/130\/2020\/10\/E-WEB-Goal-12-768x768.png 768w, https:\/\/fn.se\/intebarasnack\/wp-content\/uploads\/sites\/130\/2020\/10\/E-WEB-Goal-12.png 1500w\" sizes=\"auto, (max-width: 1024px) 100vw, 1024px\" \/><\/figure><div class=\"wp-block-media-text__content\">\n<h1 class=\"wp-block-heading\">Initiativ: Vintersport \u00e5t alla<\/h1>\n<\/div><\/div>\n\n\n\n<div style=\"height:73px\" aria-hidden=\"true\" class=\"wp-block-spacer\"><\/div>\n\n\n\n<div class=\"wp-block-columns is-layout-flex wp-container-core-columns-is-layout-9d6595d7 wp-block-columns-is-layout-flex\">\n<div class=\"wp-block-column is-layout-flow wp-block-column-is-layout-flow\">\n<div class=\"wp-block-cover\" style=\"background-image:url(https:\/\/fn.se\/intebarasnack\/wp-content\/uploads\/sites\/130\/2020\/10\/skiing.jpg)\"><div class=\"wp-block-cover__inner-container is-layout-flow wp-block-cover-is-layout-flow\">\n<p class=\"has-text-align-center has-large-font-size\"><\/p>\n<\/div><\/div>\n\n\n\n<h3 class=\"wp-block-heading\">K\u00f6p mindre, byt mer<\/h3>\n\n\n\n<p>Till barns vinteraktiviteter beh\u00f6vs utrustning. Den blir snabbt urvuxen och m\u00e5ste ers\u00e4ttas varje \u00e5r. Det \u00f6kar sopm\u00e4ngden och konsumtionen av nya saker medan det gamla fortfarande fungerar.&nbsp;<\/p>\n<\/div>\n\n\n\n<div class=\"wp-block-column is-layout-flow wp-block-column-is-layout-flow\">\n<div class=\"wp-block-cover\" style=\"background-image:url(https:\/\/fn.se\/intebarasnack\/wp-content\/uploads\/sites\/130\/2020\/10\/skridskor.jpg)\"><div class=\"wp-block-cover__inner-container is-layout-flow wp-block-cover-is-layout-flow\">\n<p class=\"has-text-align-center has-large-font-size\"><\/p>\n<\/div><\/div>\n\n\n\n<h3 class=\"wp-block-heading\">Vi ordnar bytardagar f\u00f6r vintersportsutrustning&nbsp;<\/h3>\n\n\n\n<p>Vi anordnar bytardagar d\u00e5 man tar med sig utrustning som \u00e4r urvuxen, eller inte anv\u00e4nds l\u00e4ngre, och byter till det som passar b\u00e4ttre. Eller s\u00e5 kan de som inte har r\u00e5d att k\u00f6pa nytt \u00f6verta s\u00e5dant som inte anv\u00e4nds l\u00e4ngre.&nbsp;<\/p>\n<\/div>\n\n\n\n<div class=\"wp-block-column is-layout-flow wp-block-column-is-layout-flow\">\n<div class=\"wp-block-cover\" style=\"background-image:url(https:\/\/fn.se\/intebarasnack\/wp-content\/uploads\/sites\/130\/2020\/10\/snowboard.jpg);background-position:73% 42%\"><div class=\"wp-block-cover__inner-container is-layout-flow wp-block-cover-is-layout-flow\">\n<p class=\"has-text-align-center has-large-font-size\"><\/p>\n<\/div><\/div>\n\n\n\n<h3 class=\"wp-block-heading\">Resultat: 100 f\u00e4rre nyk\u00f6p inom vintersport. Minskade sopm\u00e4ngder inom vintersport&nbsp;<\/h3>\n\n\n\n<p>Efter projektets genomf\u00f6rande har 170 barn i omr\u00e5det f\u00e5tt \u00e5terbrukad vintersportutrustning.&nbsp;<\/p>\n<\/div>\n<\/div>\n\n\n\n<p><\/p>\n\n\n\n<div style=\"height:100px\" aria-hidden=\"true\" class=\"wp-block-spacer\"><\/div>\n\n\n\n<div style=\"height:76px\" aria-hidden=\"true\" class=\"wp-block-spacer\"><\/div>\n","protected":false},"excerpt":{"rendered":"<p>Initiativ: Vintersport \u00e5t alla K\u00f6p mindre, byt mer Till barns vinteraktiviteter beh\u00f6vs utrustning. Den blir snabbt urvuxen och m\u00e5ste ers\u00e4ttas varje \u00e5r. Det \u00f6kar sopm\u00e4ngden och konsumtionen av nya saker medan det gamla fortfarande fungerar.&nbsp; Vi ordnar bytardagar f\u00f6r vintersportsutrustning&nbsp; Vi anordnar bytardagar d\u00e5 man tar med sig utrustning som \u00e4r urvuxen, eller inte anv\u00e4nds [&hellip;]<\/p>\n","protected":false},"author":224,"featured_media":0,"parent":0,"menu_order":0,"comment_status":"closed","ping_status":"closed","template":"","meta":{"_acf_changed":false,"footnotes":"","_links_to":"","_links_to_target":""},"class_list":["post-1104","page","type-page","status-publish","hentry"],"acf":[],"_links":{"self":[{"href":"https:\/\/fn.se\/intebarasnack\/wp-json\/wp\/v2\/pages\/1104","targetHints":{"allow":["GET"]}}],"collection":[{"href":"https:\/\/fn.se\/intebarasnack\/wp-json\/wp\/v2\/pages"}],"about":[{"href":"https:\/\/fn.se\/intebarasnack\/wp-json\/wp\/v2\/types\/page"}],"author":[{"embeddable":true,"href":"https:\/\/fn.se\/intebarasnack\/wp-json\/wp\/v2\/users\/224"}],"replies":[{"embeddable":true,"href":"https:\/\/fn.se\/intebarasnack\/wp-json\/wp\/v2\/comments?post=1104"}],"version-history":[{"count":11,"href":"https:\/\/fn.se\/intebarasnack\/wp-json\/wp\/v2\/pages\/1104\/revisions"}],"predecessor-version":[{"id":1149,"href":"https:\/\/fn.se\/intebarasnack\/wp-json\/wp\/v2\/pages\/1104\/revisions\/1149"}],"wp:attachment":[{"href":"https:\/\/fn.se\/intebarasnack\/wp-json\/wp\/v2\/media?parent=1104"}],"curies":[{"name":"wp","href":"https:\/\/api.w.org\/{rel}","templated":true}]}}

<p></p>



<div class="wp-block-media-text alignwide is-stacked-on-mobile" style="grid-template-columns:15% auto"><figure class="wp-block-media-text__media"><img loading="lazy" decoding="async" width="1024" height="1024" src="https://fn.se/intebarasnack/wp-content/uploads/sites/130/2020/10/E-WEB-Goal-12-1024x1024.png" alt="" class="wp-image-1146" srcset="https://fn.se/intebarasnack/wp-content/uploads/sites/130/2020/10/E-WEB-Goal-12-1024x1024.png 1024w, https://fn.se/intebarasnack/wp-content/uploads/sites/130/2020/10/E-WEB-Goal-12-300x300.png 300w, https://fn.se/intebarasnack/wp-content/uploads/sites/130/2020/10/E-WEB-Goal-12-150x150.png 150w, https://fn.se/intebarasnack/wp-content/uploads/sites/130/2020/10/E-WEB-Goal-12-768x768.png 768w, https://fn.se/intebarasnack/wp-content/uploads/sites/130/2020/10/E-WEB-Goal-12.png 1500w" sizes="auto, (max-width: 1024px) 100vw, 1024px" /></figure><div class="wp-block-media-text__content">
<h1 class="wp-block-heading">Initiativ: Vintersport åt alla</h1>
</div></div>



<div style="height:73px" aria-hidden="true" class="wp-block-spacer"></div>



<div class="wp-block-columns is-layout-flex wp-container-core-columns-is-layout-9d6595d7 wp-block-columns-is-layout-flex">
<div class="wp-block-column is-layout-flow wp-block-column-is-layout-flow">
<div class="wp-block-cover" style="background-image:url(https://fn.se/intebarasnack/wp-content/uploads/sites/130/2020/10/skiing.jpg)"><div class="wp-block-cover__inner-container is-layout-flow wp-block-cover-is-layout-flow">
<p class="has-text-align-center has-large-font-size"></p>
</div></div>



<h3 class="wp-block-heading">Köp mindre, byt mer</h3>



<p>Till barns vinteraktiviteter behövs utrustning. Den blir snabbt urvuxen och måste ersättas varje år. Det ökar sopmängden och konsumtionen av nya saker medan det gamla fortfarande fungerar.&nbsp;</p>
</div>



<div class="wp-block-column is-layout-flow wp-block-column-is-layout-flow">
<div class="wp-block-cover" style="background-image:url(https://fn.se/intebarasnack/wp-content/uploads/sites/130/2020/10/skridskor.jpg)"><div class="wp-block-cover__inner-container is-layout-flow wp-block-cover-is-layout-flow">
<p class="has-text-align-center has-large-font-size"></p>
</div></div>



<h3 class="wp-block-heading">Vi ordnar bytardagar för vintersportsutrustning&nbsp;</h3>



<p>Vi anordnar bytardagar då man tar med sig utrustning som är urvuxen, eller inte används längre, och byter till det som passar bättre. Eller så kan de som inte har råd att köpa nytt överta sådant som inte används längre.&nbsp;</p>
</div>



<div class="wp-block-column is-layout-flow wp-block-column-is-layout-flow">
<div class="wp-block-cover" style="background-image:url(https://fn.se/intebarasnack/wp-content/uploads/sites/130/2020/10/snowboard.jpg);background-position:73% 42%"><div class="wp-block-cover__inner-container is-layout-flow wp-block-cover-is-layout-flow">
<p class="has-text-align-center has-large-font-size"></p>
</div></div>



<h3 class="wp-block-heading">Resultat: 100 färre nyköp inom vintersport. Minskade sopmängder inom vintersport&nbsp;</h3>



<p>Efter projektets genomförande har 170 barn i området fått återbrukad vintersportutrustning.&nbsp;</p>
</div>
</div>



<p></p>



<div style="height:100px" aria-hidden="true" class="wp-block-spacer"></div>



<div style="height:76px" aria-hidden="true" class="wp-block-spacer"></div>

<p>Initiativ: Vintersport åt alla Köp mindre, byt mer Till barns vinteraktiviteter behövs utrustning. Den blir snabbt urvuxen och måste ersättas varje år. Det ökar sopmängden och konsumtionen av nya saker medan det gamla fortfarande fungerar.&nbsp; Vi ordnar bytardagar för vintersportsutrustning&nbsp; Vi anordnar bytardagar då man tar med sig utrustning som är urvuxen, eller inte används [&hellip;]</p>
