{"id":1099,"date":"2020-10-16T12:37:42","date_gmt":"2020-10-16T12:37:42","guid":{"rendered":"https:\/\/fn.se\/intebarasnack\/?page_id=1099"},"modified":"2021-11-17T12:23:15","modified_gmt":"2021-11-17T12:23:15","slug":"initiativ-integration","status":"publish","type":"page","link":"https:\/\/fn.se\/intebarasnack\/initiativ-integration\/","title":{"rendered":"Initiativ integration"},"content":{"rendered":"\n<h1 class=\"wp-block-heading\">Initiativ integration<\/h1>\n\n\n\n<div class=\"wp-block-columns is-layout-flex wp-container-core-columns-is-layout-9d6595d7 wp-block-columns-is-layout-flex\">\n<div class=\"wp-block-column is-layout-flow wp-block-column-is-layout-flow\">\n<div class=\"wp-block-cover\" style=\"min-height:228px;aspect-ratio:unset;\"><img loading=\"lazy\" decoding=\"async\" width=\"2560\" height=\"1707\" class=\"wp-block-cover__image-background wp-image-1030\" alt=\"\" src=\"https:\/\/fn.se\/intebarasnack\/wp-content\/uploads\/sites\/130\/2020\/10\/iStock-913083924-scaled.jpg\" data-object-fit=\"cover\" srcset=\"https:\/\/fn.se\/intebarasnack\/wp-content\/uploads\/sites\/130\/2020\/10\/iStock-913083924-scaled.jpg 2560w, https:\/\/fn.se\/intebarasnack\/wp-content\/uploads\/sites\/130\/2020\/10\/iStock-913083924-300x200.jpg 300w, https:\/\/fn.se\/intebarasnack\/wp-content\/uploads\/sites\/130\/2020\/10\/iStock-913083924-1024x683.jpg 1024w, https:\/\/fn.se\/intebarasnack\/wp-content\/uploads\/sites\/130\/2020\/10\/iStock-913083924-768x512.jpg 768w, https:\/\/fn.se\/intebarasnack\/wp-content\/uploads\/sites\/130\/2020\/10\/iStock-913083924-1536x1024.jpg 1536w, https:\/\/fn.se\/intebarasnack\/wp-content\/uploads\/sites\/130\/2020\/10\/iStock-913083924-2048x1365.jpg 2048w\" sizes=\"auto, (max-width: 2560px) 100vw, 2560px\" \/><div class=\"wp-block-cover__inner-container is-layout-flow wp-block-cover-is-layout-flow\">\n<p class=\"has-text-align-center has-large-font-size\"><\/p>\n<\/div><\/div>\n\n\n\n<h3 class=\"wp-block-heading\">M\u00e5l 16: Integrera fler i bygemenskap<\/h3>\n\n\n\n<p>&nbsp;I och med flyktingv\u00e5gen 2015 har byns befolkning \u00f6kat med flera nysvenskar. Det \u00e4r sv\u00e5rt f\u00f6r dem att komma in i f\u00f6reningsliv och bygemenskapen.&nbsp;<\/p>\n<\/div>\n\n\n\n<div class=\"wp-block-column is-layout-flow wp-block-column-is-layout-flow\">\n<div class=\"wp-block-cover\"><img decoding=\"async\" class=\"wp-block-cover__image-background wp-image-1040\" alt=\"\" src=\"https:\/\/fn.se\/intebarasnack\/wp-content\/uploads\/sites\/130\/2020\/10\/iStock-1092744152-scaled.jpg\" data-object-fit=\"cover\"\/><div class=\"wp-block-cover__inner-container is-layout-flow wp-block-cover-is-layout-flow\">\n<p class=\"has-text-align-center has-large-font-size\"><\/p>\n<\/div><\/div>\n\n\n\n<h3 class=\"wp-block-heading\">Vi skapar m\u00f6ten mellan ny- och gammelsvenskar&nbsp;<\/h3>\n\n\n\n<p>&nbsp;Genom v\u00e4nfamiljer f\u00e5r nyanl\u00e4nda tr\u00e4ffa etablerade svenskar. Det blir en v\u00e4g in i gemenskaper kring kultur och idrott.&nbsp;<\/p>\n<\/div>\n\n\n\n<div class=\"wp-block-column is-layout-flow wp-block-column-is-layout-flow\">\n<div class=\"wp-block-cover\"><img decoding=\"async\" class=\"wp-block-cover__image-background wp-image-1021\" alt=\"\" src=\"https:\/\/fn.se\/intebarasnack\/wp-content\/uploads\/sites\/130\/2020\/10\/iStock-1137727268-scaled.jpg\" data-object-fit=\"cover\"\/><div class=\"wp-block-cover__inner-container is-layout-flow wp-block-cover-is-layout-flow\">\n<p class=\"has-text-align-center has-large-font-size\"><\/p>\n<\/div><\/div>\n\n\n\n<h3 class=\"wp-block-heading\">Resultat: fler v\u00e4nskaper mellan olika grupper i byn&nbsp;<\/h3>\n\n\n\n<p>&nbsp;Efter projektet har 25 v\u00e4nfamiljer anm\u00e4lt sitt intresse och 10 m\u00f6ten har \u00e4gt rum. 10 familjer har fortsatt kontakten&nbsp;<\/p>\n<\/div>\n<\/div>\n\n\n\n<h3 class=\"wp-block-heading\"><\/h3>\n\n\n\n<div style=\"height:131px\" aria-hidden=\"true\" class=\"wp-block-spacer\"><\/div>\n\n\n\n<div style=\"height:100px\" aria-hidden=\"true\" class=\"wp-block-spacer\"><\/div>\n\n\n\n<h2 class=\"wp-block-heading\"><\/h2>\n","protected":false},"excerpt":{"rendered":"<p>Initiativ integration M\u00e5l 16: Integrera fler i bygemenskap &nbsp;I och med flyktingv\u00e5gen 2015 har byns befolkning \u00f6kat med flera nysvenskar. Det \u00e4r sv\u00e5rt f\u00f6r dem att komma in i f\u00f6reningsliv och bygemenskapen.&nbsp; Vi skapar m\u00f6ten mellan ny- och gammelsvenskar&nbsp; &nbsp;Genom v\u00e4nfamiljer f\u00e5r nyanl\u00e4nda tr\u00e4ffa etablerade svenskar. Det blir en v\u00e4g in i gemenskaper kring kultur [&hellip;]<\/p>\n","protected":false},"author":224,"featured_media":0,"parent":0,"menu_order":0,"comment_status":"closed","ping_status":"closed","template":"","meta":{"_acf_changed":false,"footnotes":"","_links_to":"","_links_to_target":""},"class_list":["post-1099","page","type-page","status-publish","hentry"],"acf":[],"_links":{"self":[{"href":"https:\/\/fn.se\/intebarasnack\/wp-json\/wp\/v2\/pages\/1099","targetHints":{"allow":["GET"]}}],"collection":[{"href":"https:\/\/fn.se\/intebarasnack\/wp-json\/wp\/v2\/pages"}],"about":[{"href":"https:\/\/fn.se\/intebarasnack\/wp-json\/wp\/v2\/types\/page"}],"author":[{"embeddable":true,"href":"https:\/\/fn.se\/intebarasnack\/wp-json\/wp\/v2\/users\/224"}],"replies":[{"embeddable":true,"href":"https:\/\/fn.se\/intebarasnack\/wp-json\/wp\/v2\/comments?post=1099"}],"version-history":[{"count":7,"href":"https:\/\/fn.se\/intebarasnack\/wp-json\/wp\/v2\/pages\/1099\/revisions"}],"predecessor-version":[{"id":1371,"href":"https:\/\/fn.se\/intebarasnack\/wp-json\/wp\/v2\/pages\/1099\/revisions\/1371"}],"wp:attachment":[{"href":"https:\/\/fn.se\/intebarasnack\/wp-json\/wp\/v2\/media?parent=1099"}],"curies":[{"name":"wp","href":"https:\/\/api.w.org\/{rel}","templated":true}]}}

<h1 class="wp-block-heading">Initiativ integration</h1>



<div class="wp-block-columns is-layout-flex wp-container-core-columns-is-layout-9d6595d7 wp-block-columns-is-layout-flex">
<div class="wp-block-column is-layout-flow wp-block-column-is-layout-flow">
<div class="wp-block-cover" style="min-height:228px;aspect-ratio:unset;"><img loading="lazy" decoding="async" width="2560" height="1707" class="wp-block-cover__image-background wp-image-1030" alt="" src="https://fn.se/intebarasnack/wp-content/uploads/sites/130/2020/10/iStock-913083924-scaled.jpg" data-object-fit="cover" srcset="https://fn.se/intebarasnack/wp-content/uploads/sites/130/2020/10/iStock-913083924-scaled.jpg 2560w, https://fn.se/intebarasnack/wp-content/uploads/sites/130/2020/10/iStock-913083924-300x200.jpg 300w, https://fn.se/intebarasnack/wp-content/uploads/sites/130/2020/10/iStock-913083924-1024x683.jpg 1024w, https://fn.se/intebarasnack/wp-content/uploads/sites/130/2020/10/iStock-913083924-768x512.jpg 768w, https://fn.se/intebarasnack/wp-content/uploads/sites/130/2020/10/iStock-913083924-1536x1024.jpg 1536w, https://fn.se/intebarasnack/wp-content/uploads/sites/130/2020/10/iStock-913083924-2048x1365.jpg 2048w" sizes="auto, (max-width: 2560px) 100vw, 2560px" /><div class="wp-block-cover__inner-container is-layout-flow wp-block-cover-is-layout-flow">
<p class="has-text-align-center has-large-font-size"></p>
</div></div>



<h3 class="wp-block-heading">Mål 16: Integrera fler i bygemenskap</h3>



<p>&nbsp;I och med flyktingvågen 2015 har byns befolkning ökat med flera nysvenskar. Det är svårt för dem att komma in i föreningsliv och bygemenskapen.&nbsp;</p>
</div>



<div class="wp-block-column is-layout-flow wp-block-column-is-layout-flow">
<div class="wp-block-cover"><img decoding="async" class="wp-block-cover__image-background wp-image-1040" alt="" src="https://fn.se/intebarasnack/wp-content/uploads/sites/130/2020/10/iStock-1092744152-scaled.jpg" data-object-fit="cover"/><div class="wp-block-cover__inner-container is-layout-flow wp-block-cover-is-layout-flow">
<p class="has-text-align-center has-large-font-size"></p>
</div></div>



<h3 class="wp-block-heading">Vi skapar möten mellan ny- och gammelsvenskar&nbsp;</h3>



<p>&nbsp;Genom vänfamiljer får nyanlända träffa etablerade svenskar. Det blir en väg in i gemenskaper kring kultur och idrott.&nbsp;</p>
</div>



<div class="wp-block-column is-layout-flow wp-block-column-is-layout-flow">
<div class="wp-block-cover"><img decoding="async" class="wp-block-cover__image-background wp-image-1021" alt="" src="https://fn.se/intebarasnack/wp-content/uploads/sites/130/2020/10/iStock-1137727268-scaled.jpg" data-object-fit="cover"/><div class="wp-block-cover__inner-container is-layout-flow wp-block-cover-is-layout-flow">
<p class="has-text-align-center has-large-font-size"></p>
</div></div>



<h3 class="wp-block-heading">Resultat: fler vänskaper mellan olika grupper i byn&nbsp;</h3>



<p>&nbsp;Efter projektet har 25 vänfamiljer anmält sitt intresse och 10 möten har ägt rum. 10 familjer har fortsatt kontakten&nbsp;</p>
</div>
</div>



<h3 class="wp-block-heading"></h3>



<div style="height:131px" aria-hidden="true" class="wp-block-spacer"></div>



<div style="height:100px" aria-hidden="true" class="wp-block-spacer"></div>



<h2 class="wp-block-heading"></h2>

<p>Initiativ integration Mål 16: Integrera fler i bygemenskap &nbsp;I och med flyktingvågen 2015 har byns befolkning ökat med flera nysvenskar. Det är svårt för dem att komma in i föreningsliv och bygemenskapen.&nbsp; Vi skapar möten mellan ny- och gammelsvenskar&nbsp; &nbsp;Genom vänfamiljer får nyanlända träffa etablerade svenskar. Det blir en väg in i gemenskaper kring kultur [&hellip;]</p>
