{"id":22,"date":"2016-10-12T07:20:26","date_gmt":"2016-10-12T07:20:26","guid":{"rendered":"http:\/\/fn.se\/hassleholm\/?page_id=22"},"modified":"2021-05-01T21:24:01","modified_gmt":"2021-05-01T21:24:01","slug":"verksamhet","status":"publish","type":"page","link":"https:\/\/fn.se\/hassleholm\/verksamhet\/","title":{"rendered":"Verksamhet"},"content":{"rendered":"<h2>Verksamhet<\/h2>\n<p>H\u00e4r kan du se vad som \u00e4r p\u00e5 g\u00e5ng i v\u00e5r f\u00f6rening och vilka som sitter i v\u00e5r styrelse. Du kan ocks\u00e5 bl\u00e4ddra i v\u00e5rt arkiv f\u00f6r att hitta texter och bilder fr\u00e5n v\u00e5r tidigare verksamhet.<\/p>\n<h4>2021<\/h4>\n<p id=\"block-8e7487eb-c5ad-46ca-8907-7f1c7be3946d\" class=\"block-editor-rich-text__editable block-editor-block-list__block wp-block is-selected rich-text\" role=\"group\" aria-label=\"Block: Rubrik\" data-block=\"8e7487eb-c5ad-46ca-8907-7f1c7be3946d\" data-type=\"core\/heading\" data-title=\"Rubrik\"><a href=\"https:\/\/fn.se\/hassleholm\/globala-regionala-och-lokala-malen-en-presentation-av-agenda-2030\/\">Globala, regionala och lokala m\u00e5len: En presentation av Agenda 2030<\/a><\/p>\n<h4>2020<\/h4>\n<p><a href=\"https:\/\/fn.se\/hassleholm\/ny-styrelse-i-hassleholms-fn-forening\/\">Ny styrelse i H\u00e4ssleholms FN-f\u00f6rening<\/a><\/p>\n<h4>2016<\/h4>\n<p><a href=\"https:\/\/fn.se\/hassleholm\/aleksander-gabelic-har-ordet-160414\/\">Aleksander Gabelic har ordet 160414<\/a><\/p>\n<h4>2015<\/h4>\n<p><a href=\"https:\/\/fn.se\/hassleholm\/151019-forelasning-med-vladislav-savic-syrien-lockade-storpublik\/\">151019: F\u00f6rel\u00e4sning med Vladislav Savic- Syrien lockade storpublik\u00a0<\/a><\/p>\n","protected":false},"excerpt":{"rendered":"<p>Verksamhet H\u00e4r kan du se vad som \u00e4r p\u00e5 g\u00e5ng i v\u00e5r f\u00f6rening och vilka som sitter i v\u00e5r styrelse.&hellip;<\/p>\n","protected":false},"author":17,"featured_media":0,"parent":0,"menu_order":0,"comment_status":"closed","ping_status":"closed","template":"templates\/template-sub.php","meta":{"_acf_changed":false,"footnotes":"","_links_to":"","_links_to_target":""},"class_list":["post-22","page","type-page","status-publish","hentry"],"acf":[],"_links":{"self":[{"href":"https:\/\/fn.se\/hassleholm\/wp-json\/wp\/v2\/pages\/22","targetHints":{"allow":["GET"]}}],"collection":[{"href":"https:\/\/fn.se\/hassleholm\/wp-json\/wp\/v2\/pages"}],"about":[{"href":"https:\/\/fn.se\/hassleholm\/wp-json\/wp\/v2\/types\/page"}],"author":[{"embeddable":true,"href":"https:\/\/fn.se\/hassleholm\/wp-json\/wp\/v2\/users\/17"}],"replies":[{"embeddable":true,"href":"https:\/\/fn.se\/hassleholm\/wp-json\/wp\/v2\/comments?post=22"}],"version-history":[{"count":10,"href":"https:\/\/fn.se\/hassleholm\/wp-json\/wp\/v2\/pages\/22\/revisions"}],"predecessor-version":[{"id":93,"href":"https:\/\/fn.se\/hassleholm\/wp-json\/wp\/v2\/pages\/22\/revisions\/93"}],"wp:attachment":[{"href":"https:\/\/fn.se\/hassleholm\/wp-json\/wp\/v2\/media?parent=22"}],"curies":[{"name":"wp","href":"https:\/\/api.w.org\/{rel}","templated":true}]}}