{"id":88,"date":"2016-10-07T11:58:44","date_gmt":"2016-10-07T11:58:44","guid":{"rendered":"http:\/\/fn.se\/haparanda\/?page_id=88"},"modified":"2016-10-07T12:00:28","modified_gmt":"2016-10-07T12:00:28","slug":"februari-2010-ceremoni-for-flyktingmottagandet-i-haparanda","status":"publish","type":"page","link":"https:\/\/fn.se\/haparanda\/februari-2010-ceremoni-for-flyktingmottagandet-i-haparanda\/","title":{"rendered":"Februari 2010 Ceremoni f\u00f6r flyktingmottagandet i Haparanda"},"content":{"rendered":"<h1>Ceremoni f\u00f6r flyktingmottagandet i Haparanda<\/h1>\n<p class=\"intro\">Vid en enkel ceremoni p\u00e5 fredagen \u00f6verl\u00e4mnades blommor, choklad och medaljer till f\u00f6retr\u00e4dare f\u00f6r flyktingmottagningen och skolorna i Haparanda.Speciellt dekorerades Flyktingmottagningens chef Lena Lahti och rektor Kjell M\u00e4ki Gr\u00e4nsskolan, f\u00f6r f\u00f6red\u00f6mlig organisation, varsamhet, omtanke och medm\u00e4nsklighet vid omh\u00e4ndertagande av flyktingarna. FN-F\u00f6reningen repr. av ordf. Harald Dahlgren och kass\u00f6ren Jaana Hurtig.<\/p>\n<p><img loading=\"lazy\" decoding=\"async\" class=\"alignnone size-full wp-image-90\" src=\"https:\/\/fn.se\/haparanda\/wp-content\/uploads\/sites\/17\/2016\/10\/Haparanda-ceremoni-1.jpg\" alt=\"haparanda-ceremoni-1\" width=\"470\" height=\"353\" srcset=\"https:\/\/fn.se\/haparanda\/wp-content\/uploads\/sites\/17\/2016\/10\/Haparanda-ceremoni-1.jpg 470w, https:\/\/fn.se\/haparanda\/wp-content\/uploads\/sites\/17\/2016\/10\/Haparanda-ceremoni-1-300x225.jpg 300w, https:\/\/fn.se\/haparanda\/wp-content\/uploads\/sites\/17\/2016\/10\/Haparanda-ceremoni-1-426x320.jpg 426w\" sizes=\"auto, (max-width: 470px) 100vw, 470px\" \/><\/p>\n<p>Haparanda har till dags dato mottagit 50-talet flyktingar fr\u00e5n bl.a. Eritrea, Somalia,Afganistan, Irak, Kurdistan, Iran och Mongoliet. Dom talar fem olika spr\u00e5k.<br \/>\nUtbildningsniv\u00e5n allt fr\u00e5n analfabet till p\u00e5b\u00f6rjade universitetsstudier. Ofta helt olika kulturer och religioner. Etniska mots\u00e4ttningar f\u00f6rekommer. Problem?<\/p>\n<p>Det st\u00f6rsta hindret f\u00f6r flyktingarnas integration i det svenska samh\u00e4llet \u00e4r spr\u00e5ket.<br \/>\nDet \u00e4r d\u00e4rf\u00f6r av st\u00f6rsta vikt att stora resurser l\u00e4ggs p\u00e5 inl\u00e4rning av svenska spr\u00e5ket.<\/p>\n<p>F\u00f6red\u00f6mligt har b\u00e5de Gr\u00e4nsskolan ,Tornedalsskolan och F\u00f6rskolor genom bl.a SFI (svenska f\u00f6r invandrare) lagt focus p\u00e5 svenskundervisningen f\u00f6r flyktingar.<\/p>\n<p>Gr\u00e4nsskolan, som tagit hand de minsta av flyktingbarnen har, l\u00e5ngt ut\u00f6ver det vanliga, visat s\u00e4rskild omsorg, omtanke, v\u00e4rme, k\u00e4rlek och medm\u00e4nsklighet vid omsorgen av flyktingbarnen, helt i linje med intentionerna i FN:s Barnkonvention.<\/p>\n<p>Flyktingmottagningen har p\u00e5 ett utm\u00e4rkt s\u00e4tt placerat ut familjerna i tomma l\u00e4genheter p\u00e5 skilda h\u00e5ll i stan, ordnat med skolg\u00e5ng, praktikplatser ,fritidsaktiviteter och \u201d1000\u201d andra detaljer f\u00f6r flyktingarna .<br \/>\nVidare har Flyktingmottagningen engagerat \u00e4ven andra institutioner, s\u00e5som Kyrkan, Idrottsf\u00f6reningar, R\u00f6da Korset, Studief\u00f6rbundet Vuxenskolan, FN-F\u00f6reningen m.fl.<br \/>\ni integrationsarbetet f\u00f6r flyktingarna.<br \/>\nFlyktingmottagningen har ocks\u00e5 ordnat med svenska v\u00e4rdf\u00f6r\u00e4ldrar till n\u00e5gra av flyktingfamiljerna. Flera v\u00e4rdfamiljer beh\u00f6vs dock. Anm\u00e4l er till flyktingmottagningen.<\/p>\n<p>Alla flyktingarna har kommit till Sverige under medverkan av United Nations High Comissioner for Refugees, FN:s Flyktingkommissarie, som \u00e4r en av FN:s st\u00f6rsta underavdelningar med kontor i 120 l\u00e4nder, och regelbundet inspekterar alla flyktingl\u00e4ger i alla l\u00e4nder och g\u00f6r sig underkunniga om vilka som fr\u00e4mst b\u00f6r f\u00e5 komma till en tryggare tillvaro.<\/p>\n<p>Det \u00e4r d\u00e4rf\u00f6r med stor gl\u00e4dje och \u00e4nnu st\u00f6rre stolthet som FN-F\u00f6reningen kommer att avfatta en rapport till FN:s Flyktingskommissaries huvudkontor i Geneve, d\u00e4r vi framh\u00e5ller att Haparanda genom sitt f\u00f6rd\u00f6mliga agerande b\u00f6r utn\u00e4mnas till modellkommun f\u00f6r flyktingmottagning.<\/p>\n<p>F\u00f6r Haparanda kommun har flyktingarnas ankomst inneburit n\u00e4stan bara f\u00f6rdelar.<\/p>\n<ul>\n<li>M\u00e5nga l\u00e4genheter som st\u00e5tt tomma har f\u00e5tt hyresg\u00e4ster.<\/li>\n<li>Skolornas vikande elevunderlag har kunnat bromsas.<\/li>\n<li>Flyktingmottagningen har i dag 12 fastanst\u00e4llda.<\/li>\n<li>Mycket viktigt. Svenska Staten betalar ALLA kostnader f\u00f6r flyktingarna<\/li>\n<li>Inslag av nya kulturer tillf\u00f6rs Haparanda. Det m\u00e5ngkulturella samh\u00e4llet \u00e4r det starka samh\u00e4llet.<\/li>\n<\/ul>\n<p>Haparanda den 16 februari 2010<\/p>\n<p>Harald Dahlgren<br \/>\nOrdf. FN-F\u00f6reningen<\/p>\n<h2>Pressklipp<\/h2>\n<p>Klicka p\u00e5 bilderna f\u00f6r att l\u00e4sa texten i st\u00f6rre format<\/p>\n<p><a href=\"https:\/\/fn.se\/haparanda\/wp-content\/uploads\/sites\/17\/2016\/10\/Haparanda-ceremoni-pressklipp-2.jpg\"><img loading=\"lazy\" decoding=\"async\" class=\"alignnone wp-image-91 \" src=\"https:\/\/fn.se\/haparanda\/wp-content\/uploads\/sites\/17\/2016\/10\/Haparanda-ceremoni-pressklipp-2.jpg\" alt=\"haparanda-ceremoni-pressklipp-2\" width=\"464\" height=\"386\" srcset=\"https:\/\/fn.se\/haparanda\/wp-content\/uploads\/sites\/17\/2016\/10\/Haparanda-ceremoni-pressklipp-2.jpg 470w, https:\/\/fn.se\/haparanda\/wp-content\/uploads\/sites\/17\/2016\/10\/Haparanda-ceremoni-pressklipp-2-300x250.jpg 300w, https:\/\/fn.se\/haparanda\/wp-content\/uploads\/sites\/17\/2016\/10\/Haparanda-ceremoni-pressklipp-2-385x320.jpg 385w\" sizes=\"auto, (max-width: 464px) 100vw, 464px\" \/><\/a> <img loading=\"lazy\" decoding=\"async\" class=\"alignnone size-full wp-image-89\" src=\"https:\/\/fn.se\/haparanda\/wp-content\/uploads\/sites\/17\/2016\/10\/Haparanda-ceremoni-pressklipp_1.jpg\" alt=\"haparanda-ceremoni-pressklipp_1\" width=\"470\" height=\"692\" srcset=\"https:\/\/fn.se\/haparanda\/wp-content\/uploads\/sites\/17\/2016\/10\/Haparanda-ceremoni-pressklipp_1.jpg 470w, https:\/\/fn.se\/haparanda\/wp-content\/uploads\/sites\/17\/2016\/10\/Haparanda-ceremoni-pressklipp_1-204x300.jpg 204w, https:\/\/fn.se\/haparanda\/wp-content\/uploads\/sites\/17\/2016\/10\/Haparanda-ceremoni-pressklipp_1-217x320.jpg 217w\" sizes=\"auto, (max-width: 470px) 100vw, 470px\" \/><\/p>\n","protected":false},"excerpt":{"rendered":"<p>Ceremoni f\u00f6r flyktingmottagandet i Haparanda Vid en enkel ceremoni p\u00e5 fredagen \u00f6verl\u00e4mnades blommor, choklad och medaljer till f\u00f6retr\u00e4dare f\u00f6r flyktingmottagningen&hellip;<\/p>\n","protected":false},"author":17,"featured_media":0,"parent":0,"menu_order":0,"comment_status":"closed","ping_status":"closed","template":"templates\/template-sub.php","meta":{"_acf_changed":false,"footnotes":"","_links_to":"","_links_to_target":""},"class_list":["post-88","page","type-page","status-publish","hentry"],"acf":[],"_links":{"self":[{"href":"https:\/\/fn.se\/haparanda\/wp-json\/wp\/v2\/pages\/88","targetHints":{"allow":["GET"]}}],"collection":[{"href":"https:\/\/fn.se\/haparanda\/wp-json\/wp\/v2\/pages"}],"about":[{"href":"https:\/\/fn.se\/haparanda\/wp-json\/wp\/v2\/types\/page"}],"author":[{"embeddable":true,"href":"https:\/\/fn.se\/haparanda\/wp-json\/wp\/v2\/users\/17"}],"replies":[{"embeddable":true,"href":"https:\/\/fn.se\/haparanda\/wp-json\/wp\/v2\/comments?post=88"}],"version-history":[{"count":2,"href":"https:\/\/fn.se\/haparanda\/wp-json\/wp\/v2\/pages\/88\/revisions"}],"predecessor-version":[{"id":93,"href":"https:\/\/fn.se\/haparanda\/wp-json\/wp\/v2\/pages\/88\/revisions\/93"}],"wp:attachment":[{"href":"https:\/\/fn.se\/haparanda\/wp-json\/wp\/v2\/media?parent=88"}],"curies":[{"name":"wp","href":"https:\/\/api.w.org\/{rel}","templated":true}]}}