{"id":83,"date":"2016-10-07T11:48:50","date_gmt":"2016-10-07T11:48:50","guid":{"rendered":"http:\/\/fn.se\/haparanda\/?page_id=83"},"modified":"2016-10-07T11:48:50","modified_gmt":"2016-10-07T11:48:50","slug":"januari-2010-fn-foreningen-och-flyktingmottagningen-i-haparanda","status":"publish","type":"page","link":"https:\/\/fn.se\/haparanda\/januari-2010-fn-foreningen-och-flyktingmottagningen-i-haparanda\/","title":{"rendered":"Januari 2010 FN-F\u00f6reningen och flyktingmottagningen i Haparanda."},"content":{"rendered":"<h1>FN-F\u00f6reningen och flyktingmottagningen i Haparanda.<\/h1>\n<p class=\"intro\">Haparanda har p\u00e5 ett \u00e5r beg\u00e5vats med inte mindre \u00e4n 50 nya flyktingar fr\u00e5n bl.a. Eritrea, Somalia, Afganistan, Irak, Iran och Mongoliet.<\/p>\n<p>Den kulturella m\u00e5ngfalden \u00e4r mycket sp\u00e4nnande och berikar v\u00e5rt lilla samh\u00e4lle.<br \/>\nGivetvis inneb\u00e4r det tusen planeringsdetaljer med bost\u00e4der, skolg\u00e5ng, dagisplatser, svenskundervisning, tolkhj\u00e4lp, sjukv\u00e5rd och myndighetskontakter. Flyktingsamordnaren Lena Lahti med stab ordnar allt detta p\u00e5 ett f\u00f6red\u00f6mligt s\u00e4tt.<\/p>\n<p>FN-F\u00f6reningens insatser best\u00e5r fr\u00e4mst i att medverka till att varje flyktingfamilj f\u00e5r en svensk v\u00e4rdfamilj\/faddrar som hj\u00e4lper till med vardagliga saker och underl\u00e4ttar integrationen i det svenska samh\u00e4llet. M\u00e5ltider i vanliga svenska hem. Ber\u00e4tta om &#8221;regler&#8221; i det svenska samh\u00e4llet.<\/p>\n<p>Ta del av deras kulturella ber\u00e4ttelser f\u00f6r \u00f6kad f\u00f6rst\u00e5else av olikheter i levnadss\u00e4tt i resp. land. Kort sagt att ha en &#8221;plastmamma och pappa&#8221; att alltid v\u00e4nda sig till, \u00e4ven med de mest triviala fr\u00e5gor, har visat sig mycket v\u00e4rdefullt f\u00f6r snabb integration och bil\u00e4ggande av meningsskiljaktligheter.<\/p>\n<p>Vi som \u00e4r engagerade i detta arbete tycker att det \u00e4r roligt och berikar \u00e4ven v\u00e5ra liv. Det \u00e4r absolut ingen belastning utan en fin krydda i tillvaron.<\/p>\n<div id=\"attachment_84\" style=\"width: 480px\" class=\"wp-caption alignnone\"><img loading=\"lazy\" decoding=\"async\" aria-describedby=\"caption-attachment-84\" class=\"size-full wp-image-84\" src=\"https:\/\/fn.se\/haparanda\/wp-content\/uploads\/sites\/17\/2016\/10\/Haparanda-flyktingar-1.jpg\" alt=\"En liten flyktingflicka fr\u00e5n Eritrea som charmar alla m\u00e4nniskor.\" width=\"470\" height=\"270\" srcset=\"https:\/\/fn.se\/haparanda\/wp-content\/uploads\/sites\/17\/2016\/10\/Haparanda-flyktingar-1.jpg 470w, https:\/\/fn.se\/haparanda\/wp-content\/uploads\/sites\/17\/2016\/10\/Haparanda-flyktingar-1-300x172.jpg 300w, https:\/\/fn.se\/haparanda\/wp-content\/uploads\/sites\/17\/2016\/10\/Haparanda-flyktingar-1-450x259.jpg 450w\" sizes=\"auto, (max-width: 470px) 100vw, 470px\" \/><p id=\"caption-attachment-84\" class=\"wp-caption-text\">En liten flyktingflicka fr\u00e5n Eritrea som charmar alla m\u00e4nniskor.<\/p><\/div>\n<div id=\"attachment_85\" style=\"width: 480px\" class=\"wp-caption alignnone\"><img loading=\"lazy\" decoding=\"async\" aria-describedby=\"caption-attachment-85\" class=\"size-full wp-image-85\" src=\"https:\/\/fn.se\/haparanda\/wp-content\/uploads\/sites\/17\/2016\/10\/Haparanda-flyktingar-2.jpg\" alt=\"L\u00e4raren i svenska Marja. Sahra och Kladra med dotter. Flyktingar fr\u00e5n Eritrea\" width=\"470\" height=\"270\" srcset=\"https:\/\/fn.se\/haparanda\/wp-content\/uploads\/sites\/17\/2016\/10\/Haparanda-flyktingar-2.jpg 470w, https:\/\/fn.se\/haparanda\/wp-content\/uploads\/sites\/17\/2016\/10\/Haparanda-flyktingar-2-300x172.jpg 300w, https:\/\/fn.se\/haparanda\/wp-content\/uploads\/sites\/17\/2016\/10\/Haparanda-flyktingar-2-450x259.jpg 450w\" sizes=\"auto, (max-width: 470px) 100vw, 470px\" \/><p id=\"caption-attachment-85\" class=\"wp-caption-text\">L\u00e4raren i svenska Marja. Sahra och Kladra med dotter. Flyktingar fr\u00e5n Eritrea<\/p><\/div>\n<div id=\"attachment_86\" style=\"width: 480px\" class=\"wp-caption alignnone\"><img loading=\"lazy\" decoding=\"async\" aria-describedby=\"caption-attachment-86\" class=\"size-full wp-image-86\" src=\"https:\/\/fn.se\/haparanda\/wp-content\/uploads\/sites\/17\/2016\/10\/Haparanda-Flyktingsamordnare-Lena-Lahti.jpg\" alt=\"Flyktingsamordnare Lena Lahti\" width=\"470\" height=\"270\" srcset=\"https:\/\/fn.se\/haparanda\/wp-content\/uploads\/sites\/17\/2016\/10\/Haparanda-Flyktingsamordnare-Lena-Lahti.jpg 470w, https:\/\/fn.se\/haparanda\/wp-content\/uploads\/sites\/17\/2016\/10\/Haparanda-Flyktingsamordnare-Lena-Lahti-300x172.jpg 300w, https:\/\/fn.se\/haparanda\/wp-content\/uploads\/sites\/17\/2016\/10\/Haparanda-Flyktingsamordnare-Lena-Lahti-450x259.jpg 450w\" sizes=\"auto, (max-width: 470px) 100vw, 470px\" \/><p id=\"caption-attachment-86\" class=\"wp-caption-text\">Flyktingsamordnare Lena Lahti<\/p><\/div>\n","protected":false},"excerpt":{"rendered":"<p>FN-F\u00f6reningen och flyktingmottagningen i Haparanda. Haparanda har p\u00e5 ett \u00e5r beg\u00e5vats med inte mindre \u00e4n 50 nya flyktingar fr\u00e5n bl.a.&hellip;<\/p>\n","protected":false},"author":17,"featured_media":0,"parent":0,"menu_order":0,"comment_status":"closed","ping_status":"closed","template":"templates\/template-sub.php","meta":{"_acf_changed":false,"footnotes":"","_links_to":"","_links_to_target":""},"class_list":["post-83","page","type-page","status-publish","hentry"],"acf":[],"_links":{"self":[{"href":"https:\/\/fn.se\/haparanda\/wp-json\/wp\/v2\/pages\/83","targetHints":{"allow":["GET"]}}],"collection":[{"href":"https:\/\/fn.se\/haparanda\/wp-json\/wp\/v2\/pages"}],"about":[{"href":"https:\/\/fn.se\/haparanda\/wp-json\/wp\/v2\/types\/page"}],"author":[{"embeddable":true,"href":"https:\/\/fn.se\/haparanda\/wp-json\/wp\/v2\/users\/17"}],"replies":[{"embeddable":true,"href":"https:\/\/fn.se\/haparanda\/wp-json\/wp\/v2\/comments?post=83"}],"version-history":[{"count":1,"href":"https:\/\/fn.se\/haparanda\/wp-json\/wp\/v2\/pages\/83\/revisions"}],"predecessor-version":[{"id":87,"href":"https:\/\/fn.se\/haparanda\/wp-json\/wp\/v2\/pages\/83\/revisions\/87"}],"wp:attachment":[{"href":"https:\/\/fn.se\/haparanda\/wp-json\/wp\/v2\/media?parent=83"}],"curies":[{"name":"wp","href":"https:\/\/api.w.org\/{rel}","templated":true}]}}