{"id":71,"date":"2016-10-07T11:35:40","date_gmt":"2016-10-07T11:35:40","guid":{"rendered":"http:\/\/fn.se\/haparanda\/?page_id=71"},"modified":"2016-10-07T11:35:40","modified_gmt":"2016-10-07T11:35:40","slug":"nationaldagsfirande-i-haparanda-kyrka","status":"publish","type":"page","link":"https:\/\/fn.se\/haparanda\/nationaldagsfirande-i-haparanda-kyrka\/","title":{"rendered":"Nationaldagsfirande i Haparanda Kyrka"},"content":{"rendered":"<h2>Nationaldagsfirande i Haparanda Kyrka<\/h2>\n<p class=\"intro\">Kyrkan var n\u00e4stan fullsatt med\u00a0300 personer. S\u00e5ngk\u00f6rer, solos\u00e5nger och h\u00f6gtidstal var n\u00e5gra av inslagen i firandet, liksom utdelandet av olika ungdomsstipender.<\/p>\n<p>Namnen p\u00e5 alla 57 nya invandrare som erh\u00e5llit svenskt medborgarskap l\u00e4stes ocks\u00e5 upp.<\/p>\n<div id=\"attachment_72\" style=\"width: 480px\" class=\"wp-caption alignnone\"><img loading=\"lazy\" decoding=\"async\" aria-describedby=\"caption-attachment-72\" class=\"wp-image-72 size-full\" src=\"https:\/\/fn.se\/haparanda\/wp-content\/uploads\/sites\/17\/2016\/10\/Haparanda-nationaldag-1.jpg\" alt=\"Uppskattat s\u00e5ngframtr\u00e4dande av Elin Tossavainen.\" width=\"470\" height=\"250\" srcset=\"https:\/\/fn.se\/haparanda\/wp-content\/uploads\/sites\/17\/2016\/10\/Haparanda-nationaldag-1.jpg 470w, https:\/\/fn.se\/haparanda\/wp-content\/uploads\/sites\/17\/2016\/10\/Haparanda-nationaldag-1-300x160.jpg 300w, https:\/\/fn.se\/haparanda\/wp-content\/uploads\/sites\/17\/2016\/10\/Haparanda-nationaldag-1-450x239.jpg 450w\" sizes=\"auto, (max-width: 470px) 100vw, 470px\" \/><p id=\"caption-attachment-72\" class=\"wp-caption-text\">Uppskattat s\u00e5ngframtr\u00e4dande av Elin Tossavainen.<\/p><\/div>\n<div id=\"attachment_73\" style=\"width: 480px\" class=\"wp-caption alignnone\"><img loading=\"lazy\" decoding=\"async\" aria-describedby=\"caption-attachment-73\" class=\"size-full wp-image-73\" src=\"https:\/\/fn.se\/haparanda\/wp-content\/uploads\/sites\/17\/2016\/10\/Haparanda-nationaldag-2.jpg\" alt=\"Fehmi Mahdi (m\u00f6rk kostym) fr\u00e5n Tunisien I Hedersfanvakten.\" width=\"470\" height=\"250\" srcset=\"https:\/\/fn.se\/haparanda\/wp-content\/uploads\/sites\/17\/2016\/10\/Haparanda-nationaldag-2.jpg 470w, https:\/\/fn.se\/haparanda\/wp-content\/uploads\/sites\/17\/2016\/10\/Haparanda-nationaldag-2-300x160.jpg 300w, https:\/\/fn.se\/haparanda\/wp-content\/uploads\/sites\/17\/2016\/10\/Haparanda-nationaldag-2-450x239.jpg 450w\" sizes=\"auto, (max-width: 470px) 100vw, 470px\" \/><p id=\"caption-attachment-73\" class=\"wp-caption-text\">Fehmi Mahdi (m\u00f6rk kostym) fr\u00e5n Tunisien I Hedersfanvakten.<\/p><\/div>\n<div id=\"attachment_74\" style=\"width: 480px\" class=\"wp-caption alignnone\"><img loading=\"lazy\" decoding=\"async\" aria-describedby=\"caption-attachment-74\" class=\"size-full wp-image-74\" src=\"https:\/\/fn.se\/haparanda\/wp-content\/uploads\/sites\/17\/2016\/10\/Haparanda-nationaldag-3.jpg\" alt=\"Berit Dahlgren i Norrbottens folkdr\u00e4kt.\" width=\"470\" height=\"250\" srcset=\"https:\/\/fn.se\/haparanda\/wp-content\/uploads\/sites\/17\/2016\/10\/Haparanda-nationaldag-3.jpg 470w, https:\/\/fn.se\/haparanda\/wp-content\/uploads\/sites\/17\/2016\/10\/Haparanda-nationaldag-3-300x160.jpg 300w, https:\/\/fn.se\/haparanda\/wp-content\/uploads\/sites\/17\/2016\/10\/Haparanda-nationaldag-3-450x239.jpg 450w\" sizes=\"auto, (max-width: 470px) 100vw, 470px\" \/><p id=\"caption-attachment-74\" class=\"wp-caption-text\">Berit Dahlgren i Norrbottens folkdr\u00e4kt.<\/p><\/div>\n<div id=\"attachment_75\" style=\"width: 480px\" class=\"wp-caption alignnone\"><img loading=\"lazy\" decoding=\"async\" aria-describedby=\"caption-attachment-75\" class=\"size-full wp-image-75\" src=\"https:\/\/fn.se\/haparanda\/wp-content\/uploads\/sites\/17\/2016\/10\/Haparanda-nationaldag-4.jpg\" alt=\"Rolf Pelli M\u00f6rk (kostym) i fanvakten.\" width=\"470\" height=\"250\" srcset=\"https:\/\/fn.se\/haparanda\/wp-content\/uploads\/sites\/17\/2016\/10\/Haparanda-nationaldag-4.jpg 470w, https:\/\/fn.se\/haparanda\/wp-content\/uploads\/sites\/17\/2016\/10\/Haparanda-nationaldag-4-300x160.jpg 300w, https:\/\/fn.se\/haparanda\/wp-content\/uploads\/sites\/17\/2016\/10\/Haparanda-nationaldag-4-450x239.jpg 450w\" sizes=\"auto, (max-width: 470px) 100vw, 470px\" \/><p id=\"caption-attachment-75\" class=\"wp-caption-text\">Rolf Pelli M\u00f6rk (kostym) i fanvakten.<\/p><\/div>\n","protected":false},"excerpt":{"rendered":"<p>Nationaldagsfirande i Haparanda Kyrka Kyrkan var n\u00e4stan fullsatt med\u00a0300 personer. S\u00e5ngk\u00f6rer, solos\u00e5nger och h\u00f6gtidstal var n\u00e5gra av inslagen i firandet,&hellip;<\/p>\n","protected":false},"author":17,"featured_media":0,"parent":0,"menu_order":0,"comment_status":"closed","ping_status":"closed","template":"templates\/template-sub.php","meta":{"_acf_changed":false,"footnotes":"","_links_to":"","_links_to_target":""},"class_list":["post-71","page","type-page","status-publish","hentry"],"acf":[],"_links":{"self":[{"href":"https:\/\/fn.se\/haparanda\/wp-json\/wp\/v2\/pages\/71","targetHints":{"allow":["GET"]}}],"collection":[{"href":"https:\/\/fn.se\/haparanda\/wp-json\/wp\/v2\/pages"}],"about":[{"href":"https:\/\/fn.se\/haparanda\/wp-json\/wp\/v2\/types\/page"}],"author":[{"embeddable":true,"href":"https:\/\/fn.se\/haparanda\/wp-json\/wp\/v2\/users\/17"}],"replies":[{"embeddable":true,"href":"https:\/\/fn.se\/haparanda\/wp-json\/wp\/v2\/comments?post=71"}],"version-history":[{"count":1,"href":"https:\/\/fn.se\/haparanda\/wp-json\/wp\/v2\/pages\/71\/revisions"}],"predecessor-version":[{"id":76,"href":"https:\/\/fn.se\/haparanda\/wp-json\/wp\/v2\/pages\/71\/revisions\/76"}],"wp:attachment":[{"href":"https:\/\/fn.se\/haparanda\/wp-json\/wp\/v2\/media?parent=71"}],"curies":[{"name":"wp","href":"https:\/\/api.w.org\/{rel}","templated":true}]}}

<h2>Nationaldagsfirande i Haparanda Kyrka</h2>
<p class="intro">Kyrkan var nästan fullsatt med 300 personer. Sångkörer, solosånger och högtidstal var några av inslagen i firandet, liksom utdelandet av olika ungdomsstipender.</p>
<p>Namnen på alla 57 nya invandrare som erhållit svenskt medborgarskap lästes också upp.</p>
<div id="attachment_72" style="width: 480px" class="wp-caption alignnone"><img loading="lazy" decoding="async" aria-describedby="caption-attachment-72" class="wp-image-72 size-full" src="https://fn.se/haparanda/wp-content/uploads/sites/17/2016/10/Haparanda-nationaldag-1.jpg" alt="Uppskattat sångframträdande av Elin Tossavainen." width="470" height="250" srcset="https://fn.se/haparanda/wp-content/uploads/sites/17/2016/10/Haparanda-nationaldag-1.jpg 470w, https://fn.se/haparanda/wp-content/uploads/sites/17/2016/10/Haparanda-nationaldag-1-300x160.jpg 300w, https://fn.se/haparanda/wp-content/uploads/sites/17/2016/10/Haparanda-nationaldag-1-450x239.jpg 450w" sizes="auto, (max-width: 470px) 100vw, 470px" /><p id="caption-attachment-72" class="wp-caption-text">Uppskattat sångframträdande av Elin Tossavainen.</p></div>
<div id="attachment_73" style="width: 480px" class="wp-caption alignnone"><img loading="lazy" decoding="async" aria-describedby="caption-attachment-73" class="size-full wp-image-73" src="https://fn.se/haparanda/wp-content/uploads/sites/17/2016/10/Haparanda-nationaldag-2.jpg" alt="Fehmi Mahdi (mörk kostym) från Tunisien I Hedersfanvakten." width="470" height="250" srcset="https://fn.se/haparanda/wp-content/uploads/sites/17/2016/10/Haparanda-nationaldag-2.jpg 470w, https://fn.se/haparanda/wp-content/uploads/sites/17/2016/10/Haparanda-nationaldag-2-300x160.jpg 300w, https://fn.se/haparanda/wp-content/uploads/sites/17/2016/10/Haparanda-nationaldag-2-450x239.jpg 450w" sizes="auto, (max-width: 470px) 100vw, 470px" /><p id="caption-attachment-73" class="wp-caption-text">Fehmi Mahdi (mörk kostym) från Tunisien I Hedersfanvakten.</p></div>
<div id="attachment_74" style="width: 480px" class="wp-caption alignnone"><img loading="lazy" decoding="async" aria-describedby="caption-attachment-74" class="size-full wp-image-74" src="https://fn.se/haparanda/wp-content/uploads/sites/17/2016/10/Haparanda-nationaldag-3.jpg" alt="Berit Dahlgren i Norrbottens folkdräkt." width="470" height="250" srcset="https://fn.se/haparanda/wp-content/uploads/sites/17/2016/10/Haparanda-nationaldag-3.jpg 470w, https://fn.se/haparanda/wp-content/uploads/sites/17/2016/10/Haparanda-nationaldag-3-300x160.jpg 300w, https://fn.se/haparanda/wp-content/uploads/sites/17/2016/10/Haparanda-nationaldag-3-450x239.jpg 450w" sizes="auto, (max-width: 470px) 100vw, 470px" /><p id="caption-attachment-74" class="wp-caption-text">Berit Dahlgren i Norrbottens folkdräkt.</p></div>
<div id="attachment_75" style="width: 480px" class="wp-caption alignnone"><img loading="lazy" decoding="async" aria-describedby="caption-attachment-75" class="size-full wp-image-75" src="https://fn.se/haparanda/wp-content/uploads/sites/17/2016/10/Haparanda-nationaldag-4.jpg" alt="Rolf Pelli Mörk (kostym) i fanvakten." width="470" height="250" srcset="https://fn.se/haparanda/wp-content/uploads/sites/17/2016/10/Haparanda-nationaldag-4.jpg 470w, https://fn.se/haparanda/wp-content/uploads/sites/17/2016/10/Haparanda-nationaldag-4-300x160.jpg 300w, https://fn.se/haparanda/wp-content/uploads/sites/17/2016/10/Haparanda-nationaldag-4-450x239.jpg 450w" sizes="auto, (max-width: 470px) 100vw, 470px" /><p id="caption-attachment-75" class="wp-caption-text">Rolf Pelli Mörk (kostym) i fanvakten.</p></div>

<p>Nationaldagsfirande i Haparanda Kyrka Kyrkan var nästan fullsatt med 300 personer. Sångkörer, solosånger och högtidstal var några av inslagen i firandet,&hellip;</p>
