{"id":63,"date":"2016-10-07T11:26:39","date_gmt":"2016-10-07T11:26:39","guid":{"rendered":"http:\/\/fn.se\/haparanda\/?page_id=63"},"modified":"2016-10-07T11:26:47","modified_gmt":"2016-10-07T11:26:47","slug":"om-budkavlen","status":"publish","type":"page","link":"https:\/\/fn.se\/haparanda\/om-budkavlen\/","title":{"rendered":"Om budkavlen"},"content":{"rendered":"<h1>Budkavlen f\u00f6r en k\u00e4rnvapenfri v\u00e4rld<\/h1>\n<p class=\"intro\">Nu har budkavlen passerat Hudiksvall och \u00e4r p\u00e5 v\u00e4g s\u00f6derut. L\u00e4s om vad som h\u00e4nde i Hudiksvall den 28 februari 2009, n\u00e4r vi skickade in \u00f6ver 4167 namnunderskrifter fr\u00e5n kommunen, h\u00e4r till v\u00e4nster.\u00a02008 och 2009 har totalt 50000 namnunderskrifter skickats in till Sveriges regering.<\/p>\n<p class=\"intro\">2010 har vi l\u00e4mnat \u00f6ver projektansvaret f\u00f6r BUDKAVLEN till Kvinnor f\u00f6r fred, v\u00e4st, f\u00f6r forts\u00e4ttningen i s\u00f6dra Sverige.<\/p>\n<h2><img loading=\"lazy\" decoding=\"async\" class=\"alignnone size-full wp-image-64\" src=\"https:\/\/fn.se\/haparanda\/wp-content\/uploads\/sites\/17\/2016\/10\/Budkavle-2.jpg\" alt=\"budkavle-2\" width=\"448\" height=\"336\" srcset=\"https:\/\/fn.se\/haparanda\/wp-content\/uploads\/sites\/17\/2016\/10\/Budkavle-2.jpg 448w, https:\/\/fn.se\/haparanda\/wp-content\/uploads\/sites\/17\/2016\/10\/Budkavle-2-300x225.jpg 300w, https:\/\/fn.se\/haparanda\/wp-content\/uploads\/sites\/17\/2016\/10\/Budkavle-2-427x320.jpg 427w\" sizes=\"auto, (max-width: 448px) 100vw, 448px\" \/><\/h2>\n<h2><strong>Hur?<\/strong><\/h2>\n<p>Varje l\u00f6rdag kl. 5 i 12 h\u00f6lls en manifestation i n\u00e5gra av Sveriges 290 kommuner med start 15 november 2008 i Haparanda, Kalix, Boden, Lule\u00e5 och Pite\u00e5. Budkavlen drog sen vidare s\u00f6derut fr\u00e5n kommun till kommun och f\u00f6rv\u00e4ntades vara klar under 2010.<\/p>\n<p>\u00c4ven lokala aktuella fr\u00e5gor kan tas upp runt manifestationen, t ex uranprospektering, en fr\u00e5ga som i Hudiksvallsomr\u00e5det \u00e4r brinnande aktuell.<\/p>\n<p>En namninsamling startar i samband med budkavlen &#8211; \u201d Sveriges folk kr\u00e4ver en k\u00e4rnvapenfri v\u00e4rld\u201d vilken l\u00f6pande skickas in efter varje manifestation till Regeringskansliet, UD, 103 39 Stockholm<\/p>\n<div id=\"attachment_65\" style=\"width: 458px\" class=\"wp-caption alignnone\"><img loading=\"lazy\" decoding=\"async\" aria-describedby=\"caption-attachment-65\" class=\"size-full wp-image-65\" src=\"https:\/\/fn.se\/haparanda\/wp-content\/uploads\/sites\/17\/2016\/10\/Budkavle-Carolina-Kl\u00fcft.jpg\" alt=\"Under FN-f\u00f6rbundets kongress i Sk\u00f6vde 13-14 juni 2009 skrev ambassad\u00f6r Carolina Kl\u00fcft p\u00e5 v\u00e5rt upprop om en k\u00e4rnvapenfri v\u00e4rld!\" width=\"448\" height=\"336\" srcset=\"https:\/\/fn.se\/haparanda\/wp-content\/uploads\/sites\/17\/2016\/10\/Budkavle-Carolina-Kl\u00fcft.jpg 448w, https:\/\/fn.se\/haparanda\/wp-content\/uploads\/sites\/17\/2016\/10\/Budkavle-Carolina-Kl\u00fcft-300x225.jpg 300w, https:\/\/fn.se\/haparanda\/wp-content\/uploads\/sites\/17\/2016\/10\/Budkavle-Carolina-Kl\u00fcft-427x320.jpg 427w\" sizes=\"auto, (max-width: 448px) 100vw, 448px\" \/><p id=\"caption-attachment-65\" class=\"wp-caption-text\">Under FN-f\u00f6rbundets kongress i Sk\u00f6vde 13-14 juni 2009 skrev ambassad\u00f6r Carolina Kl\u00fcft p\u00e5 v\u00e5rt upprop om en k\u00e4rnvapenfri v\u00e4rld!<\/p><\/div>\n<p><img loading=\"lazy\" decoding=\"async\" class=\"alignnone size-full wp-image-66\" src=\"https:\/\/fn.se\/haparanda\/wp-content\/uploads\/sites\/17\/2016\/10\/Budkavle-Namnlistorna.jpg\" alt=\"budkavle-namnlistorna\" width=\"448\" height=\"336\" srcset=\"https:\/\/fn.se\/haparanda\/wp-content\/uploads\/sites\/17\/2016\/10\/Budkavle-Namnlistorna.jpg 448w, https:\/\/fn.se\/haparanda\/wp-content\/uploads\/sites\/17\/2016\/10\/Budkavle-Namnlistorna-300x225.jpg 300w, https:\/\/fn.se\/haparanda\/wp-content\/uploads\/sites\/17\/2016\/10\/Budkavle-Namnlistorna-427x320.jpg 427w\" sizes=\"auto, (max-width: 448px) 100vw, 448px\" \/><\/p>\n<p><strong>Varf\u00f6r?<\/strong><\/p>\n<p>NPT-avtalet (Nuclear Non-proliferation Treaty) fr\u00e5n \u00e5r 2000 behandlar i 13 punkter hur k\u00e4rnvapennedrustning kan genomf\u00f6ras. NPT-avtalet \u00e4r undertecknat men ej verkst\u00e4llt. \u00c5r 2010 m\u00f6ts alla FN-l\u00e4nder f\u00f6r en uppf\u00f6ljning och vi vill att den svenska regeringen ska ta fram en konkret handlingsplan till dess.<\/p>\n<p>Under Kunskapshelgen p\u00e5 Forsa Folkh\u00f6gskola 21-23 september 2007, anordnad av Norra H\u00e4lsinglands FN-f\u00f6rening, besl\u00f6t deltagarna att starta en\u00a0<b>Budkavle f\u00f6r en k\u00e4rnvapenfri v\u00e4rld<\/b>. Budkavlen g\u00e5r genom Sveriges alla kommuner och blir en kraftfull signal fr\u00e5n hela svenska folket till regeringen att arbeta fram d<strong>en konkreta handlingsplanen.<\/strong><\/p>\n<p><strong>Budkavlen st\u00f6ds av organisationerna FN-f\u00f6reningar, Folkkampanjen mot k\u00e4rnkraft\/k\u00e4rnvapen, Framtiden i V\u00e5ra H\u00e4nder, Green Cross Sweden, Internationella Kvinnof\u00f6rbundet f\u00f6r fred och frihet, Kvinnor f\u00f6r fred, L\u00e4kare mot k\u00e4rnvapen, Milj\u00f6f\u00f6rbundet Jordens V\u00e4nner, Skrota K\u00e4rnvapen, Svenska freds- och skiljedomsf\u00f6reningen, Yrkesgrupper mot k\u00e4rnvapen samt medlemmar i m\u00e5nga folkr\u00f6relser &amp; enskilda.\u00a0<\/strong><\/p>\n<p>Senast uppdaterat: 6 april 2010<\/p>\n","protected":false},"excerpt":{"rendered":"<p>Budkavlen f\u00f6r en k\u00e4rnvapenfri v\u00e4rld Nu har budkavlen passerat Hudiksvall och \u00e4r p\u00e5 v\u00e4g s\u00f6derut. L\u00e4s om vad som h\u00e4nde&hellip;<\/p>\n","protected":false},"author":17,"featured_media":0,"parent":0,"menu_order":0,"comment_status":"closed","ping_status":"closed","template":"templates\/template-sub.php","meta":{"_acf_changed":false,"footnotes":"","_links_to":"","_links_to_target":""},"class_list":["post-63","page","type-page","status-publish","hentry"],"acf":[],"_links":{"self":[{"href":"https:\/\/fn.se\/haparanda\/wp-json\/wp\/v2\/pages\/63","targetHints":{"allow":["GET"]}}],"collection":[{"href":"https:\/\/fn.se\/haparanda\/wp-json\/wp\/v2\/pages"}],"about":[{"href":"https:\/\/fn.se\/haparanda\/wp-json\/wp\/v2\/types\/page"}],"author":[{"embeddable":true,"href":"https:\/\/fn.se\/haparanda\/wp-json\/wp\/v2\/users\/17"}],"replies":[{"embeddable":true,"href":"https:\/\/fn.se\/haparanda\/wp-json\/wp\/v2\/comments?post=63"}],"version-history":[{"count":2,"href":"https:\/\/fn.se\/haparanda\/wp-json\/wp\/v2\/pages\/63\/revisions"}],"predecessor-version":[{"id":68,"href":"https:\/\/fn.se\/haparanda\/wp-json\/wp\/v2\/pages\/63\/revisions\/68"}],"wp:attachment":[{"href":"https:\/\/fn.se\/haparanda\/wp-json\/wp\/v2\/media?parent=63"}],"curies":[{"name":"wp","href":"https:\/\/api.w.org\/{rel}","templated":true}]}}