{"id":47,"date":"2016-10-07T10:56:16","date_gmt":"2016-10-07T10:56:16","guid":{"rendered":"http:\/\/fn.se\/haparanda\/?page_id=47"},"modified":"2019-05-07T08:07:36","modified_gmt":"2019-05-07T08:07:36","slug":"arkiv","status":"publish","type":"page","link":"https:\/\/fn.se\/haparanda\/arkiv\/","title":{"rendered":"Arkiv"},"content":{"rendered":"<h1>Arkiv<\/h1>\n<p>H\u00e4r hittar du texter och bilder fr\u00e5n v\u00e5r tidigare verksamhet. \u00c5rsm\u00f6teshandlingar finns under <a href=\"https:\/\/fn.se\/haparanda\/protokoll\/\">protokoll<\/a>.<\/p>\n<p>&nbsp;<\/p>\n<h4>2018<\/h4>\n<p><a href=\"https:\/\/fn.se\/haparanda\/2018\/08\/29\/haparanda-fn-forening-organiserade-seminarium-om-manskliga-rattigher-och-narkotikapolicy-1-augusti-2018\/\">Seminarium om M\u00e4nskliga R\u00e4ttigher och Narkotikapolicy<\/a><\/p>\n<p><a href=\"https:\/\/fn.se\/haparanda\/dessa-tva-uppsatser-belonades-med-stipendium-ur-harald-dahlgrens-minnesfond-i-maj-2018\/\">Uppsatserna bel\u00f6nade med stipendium ur Harald Dahlgrens minnesfond 2018<\/a><\/p>\n<p><a href=\"https:\/\/fn.se\/haparanda\/harald-dahlgrens-minnesstipendium-for-manskliga-rattigheter-utdelat\/\" target=\"_blank\" rel=\"noopener\">Harald Dahlgrens minnesstipendium f\u00f6r m\u00e4nskliga r\u00e4ttigheter utdelat<\/a><\/p>\n<p><a href=\"https:\/\/fn.se\/haparanda\/vill-oka-aktivitet-i-foreningen\/\" target=\"_blank\" rel=\"noopener\">Vill \u00f6ka aktivitet i f\u00f6reningen<\/a><\/p>\n<h4>2017<\/h4>\n<p><a href=\"https:\/\/fn.se\/haparanda\/sommarskola-2017\/\">Sommarskola 2017<\/a><\/p>\n<h4>2016<\/h4>\n<p><a href=\"https:\/\/fn.se\/haparanda\/sommarskola-2016\/\">Sommarskola 2016<\/a><\/p>\n<p><a href=\"https:\/\/fn.se\/haparanda\/315-2\/\">FN-dagen 2016<\/a><\/p>\n<h4>2015<\/h4>\n<p><a href=\"https:\/\/fn.se\/haparanda\/fn-dagen-2015\/\">FN-dagen 2015<\/a><\/p>\n<p><a href=\"https:\/\/fn.se\/haparanda\/4-augusti-ungdomarna-bjod-pa-kulturdag\/\">4 augusti: Ungdomarna bj\u00f6d p\u00e5 kulturdag<\/a><\/p>\n<h4>2014<\/h4>\n<p><a href=\"https:\/\/fn.se\/haparanda\/fn-dagen-2014\/\">FN-dagen 2014<\/a><\/p>\n<p><a href=\"https:\/\/fn.se\/haparanda\/sommarskola-2014\/\">Sommarskola 2014<\/a><\/p>\n<p><a href=\"https:\/\/fn.se\/haparanda\/auschwitzresa\/\">Auschwitzresa<\/a><\/p>\n<p><a href=\"https:\/\/fn.se\/haparanda\/liten-resume-om-haparanda-fn-forening\/\">Liten resume om Haparanda FN-f\u00f6rening<\/a><\/p>\n<p><a href=\"https:\/\/fn.se\/haparanda\/nytt-uf-foretag-i-haparanda\/\">Nytt UF-f\u00f6retag i Haparanda<\/a><\/p>\n<h4>2013<\/h4>\n<p><a href=\"https:\/\/fn.se\/haparanda\/open-letter-from-swedish-united-nations-association-of-haparanda-to-president-barack-obama\/\">Open letter from Swedish United Nations Association of Haparanda to President Barack Obama<\/a><\/p>\n<p><a href=\"https:\/\/fn.se\/haparanda\/sommarskola-2013\/\">Sommarskola 2013<\/a><\/p>\n<p><a href=\"https:\/\/fn.se\/haparanda\/sommarresa\/\">Sommarresa<\/a><\/p>\n<p><a href=\"https:\/\/fn.se\/haparanda\/interview-with-dr-gilberto-gerra\/\">Interview with Dr. Gilberto Gerra<\/a><\/p>\n<p><a href=\"https:\/\/fn.se\/haparanda\/16-juni-mini-integrationsresa\/\">16 juni: Mini-integrationsresa<\/a><\/p>\n<p><a href=\"https:\/\/fn.se\/haparanda\/25-maj-eritreas-nationaldag\/\">25 maj: Eritreas nationaldag<\/a><\/p>\n<p><a href=\"https:\/\/fn.se\/haparanda\/att-slappa-knark-fritt-ar-inte-humanism\/\">&#8221;Att sl\u00e4ppa knark fritt \u00e4r inte humanism&#8221;<\/a><\/p>\n<p><a href=\"https:\/\/fn.se\/haparanda\/praktiserade-pa-barnhem-i-tanzania\/\">Praktiserade p\u00e5 barnhem i Tanzania<\/a><\/p>\n<p><a href=\"https:\/\/fn.se\/haparanda\/haparandas-fn-ungdomar-aker-till-moldavien\/\">Haparandas FN-ungdomar \u00e5ker till Moldavien<\/a><\/p>\n<p><a href=\"https:\/\/fn.se\/haparanda\/haparandamedlem-vinner-tavling-med-fn-uppsats\/\">Haparandamedlem vinner t\u00e4vling med FN-uppsats<\/a><\/p>\n<p><a href=\"https:\/\/fn.se\/haparanda\/mobilisering-mot-droger-efterlyses\/\">Mobilisering mot droger efterlyses<\/a><\/p>\n<h4>2012<\/h4>\n<p><a href=\"https:\/\/fn.se\/haparanda\/fn-dagen-2012\/\">FN-dagen 2012<\/a><\/p>\n<p><a href=\"https:\/\/fn.se\/haparanda\/besok-fran-moldavien\/\">Bes\u00f6k fr\u00e5n Moldavien<\/a><\/p>\n<p><a href=\"https:\/\/fn.se\/haparanda\/invandrarstipendiet-ar-2012\/\">Invandrarstipendiet \u00e5r 2012<\/a><\/p>\n<p><a href=\"https:\/\/fn.se\/haparanda\/4-5-juni-studieresa-till-finska-osterbotten\/\">4-5 juni: Studieresa till Finska \u00d6sterbotten<\/a><\/p>\n<p><a href=\"https:\/\/fn.se\/haparanda\/6-juni-utmarkelsen-arets-medmanniska\/\">6 juni: Utm\u00e4rkelsen \u00c5rets medm\u00e4nniska<\/a><\/p>\n<p><a href=\"https:\/\/fn.se\/haparanda\/mars-lyckad-kulinarisk-integrationsmiddag\/\">Mars: Lyckad kulinarisk integrationsmiddag<\/a><\/p>\n<h4>2011<\/h4>\n<p><a href=\"https:\/\/fn.se\/haparanda\/fn-dagen-firades-stort-i-haparanda\/\">FN-Dagen firades stort i Haparanda<\/a><\/p>\n<p><a href=\"https:\/\/fn.se\/haparanda\/10-oktober-invandrarstipendiater-for-2011-utsedda\/\">10 oktober: Invandrarstipendiater f\u00f6r 2011 utsedda<\/a><\/p>\n<p><a href=\"https:\/\/fn.se\/haparanda\/generalsekreterares-framtradande-pa-vuxenskolan-i-haparanda-den-18-8\/\">Generalsekreterares framtr\u00e4dande p\u00e5 Vuxenskolan i Haparanda den 18 \/8<\/a><\/p>\n<p><a href=\"https:\/\/fn.se\/haparanda\/7-8-augusti-rapport-fran-integrationsresa\/\">7-8 Augusti Rapport fr\u00e5n integrationsresa<\/a><\/p>\n<p><a href=\"https:\/\/fn.se\/haparanda\/8-9-juni-fn-foreningens-bussresa-till-suomussalmi\/\">8-9 juni FN-f\u00f6reningens bussresa till Suomussalmi<\/a><\/p>\n<h4>2010<\/h4>\n<p><a href=\"https:\/\/fn.se\/haparanda\/24-november-pakistan-och-fn-dag\/\">24 november Pakistan och FN-dag<\/a><\/p>\n<p><a href=\"https:\/\/fn.se\/haparanda\/16-november-stalins-skitiga-nasduk\/\">16 november: Stalins skitiga n\u00e4sduk<\/a><\/p>\n<p><a href=\"https:\/\/fn.se\/haparanda\/fn-dagen-2010\/\">FN-dagen 2010<\/a><\/p>\n<p><a href=\"https:\/\/fn.se\/haparanda\/3-oktober-alla-varldens-folk\/\">3 oktober: Alla V\u00e4rldens Folk<\/a><\/p>\n<p><a href=\"https:\/\/fn.se\/haparanda\/14-september-haparanda-fn-forenings-invandrarstipendiat-ar-2010\/\">14 september Haparanda FN-F\u00f6renings Invandrarstipendiat \u00e5r 2010<\/a><\/p>\n<p><a href=\"https:\/\/fn.se\/haparanda\/sommarskola\/\">Sommarskola<\/a><\/p>\n<p><a href=\"https:\/\/fn.se\/haparanda\/29-april-fn-koren\/\">29 april FN-k\u00f6ren<\/a><\/p>\n<p><a href=\"https:\/\/fn.se\/haparanda\/21-april-2010-nominering-till-nansen-refugee-award-prize-unhcr-geneva\/\">21 april Nominering till Nansen Refugee Award Prize, UNHCR, Geneva<\/a><\/p>\n<p><a href=\"https:\/\/fn.se\/haparanda\/11-mars-berattelser-fran-israel-palestina\/\">11 mars: Ber\u00e4ttelser fr\u00e5n Israel \u2013 Palestina<\/a><\/p>\n<p><a href=\"https:\/\/fn.se\/haparanda\/1-mars-moldavien-landet-annorlunda\/\">1 mars: Moldavien- landet annorlunda<\/a><\/p>\n<p><a href=\"https:\/\/fn.se\/haparanda\/februari-2010-ceremoni-for-flyktingmottagandet-i-haparanda\/\">Februari 2010 Ceremoni f\u00f6r flyktingmottagandet i Haparanda<\/a><\/p>\n<p><a href=\"https:\/\/fn.se\/haparanda\/januari-2010-fn-foreningen-och-flyktingmottagningen-i-haparanda\/\">Januari 2010 FN-F\u00f6reningen och flyktingmottagningen i Haparanda<\/a><\/p>\n<h4>2009<\/h4>\n<p><a href=\"https:\/\/fn.se\/haparanda\/fn-dagen-i-haparanda-2009\/\">FN-dagen i Haparanda 2009<\/a><\/p>\n<p><a href=\"https:\/\/fn.se\/haparanda\/nationaldagsfirande-i-haparanda-kyrka\/\">Nationaldagsfirande i Haparanda Kyrka<\/a><\/p>\n<h4>2008<\/h4>\n<p><a href=\"https:\/\/fn.se\/haparanda\/15-november-budkavlestart-for-budkavle\/\">15 november Budkavlestart f\u00f6r budkavle<\/a><\/p>\n<p><a href=\"https:\/\/fn.se\/haparanda\/fn-dagsfirandet-ar-2008\/\">FN-dagsfirandet \u00e5r 2008<\/a><\/p>\n<p><a href=\"https:\/\/fn.se\/haparanda\/invandrarstipendiet-ar-2008\/\">Invandrarstipendiet \u00e5r 2008<\/a><\/p>\n","protected":false},"excerpt":{"rendered":"<p>Arkiv H\u00e4r hittar du texter och bilder fr\u00e5n v\u00e5r tidigare verksamhet. \u00c5rsm\u00f6teshandlingar finns under protokoll. &nbsp; 2018 Seminarium om M\u00e4nskliga&hellip;<\/p>\n","protected":false},"author":1,"featured_media":409,"parent":0,"menu_order":0,"comment_status":"closed","ping_status":"closed","template":"templates\/template-sub.php","meta":{"_acf_changed":false,"footnotes":"","_links_to":"","_links_to_target":""},"class_list":["post-47","page","type-page","status-publish","has-post-thumbnail","hentry"],"acf":[],"_links":{"self":[{"href":"https:\/\/fn.se\/haparanda\/wp-json\/wp\/v2\/pages\/47","targetHints":{"allow":["GET"]}}],"collection":[{"href":"https:\/\/fn.se\/haparanda\/wp-json\/wp\/v2\/pages"}],"about":[{"href":"https:\/\/fn.se\/haparanda\/wp-json\/wp\/v2\/types\/page"}],"author":[{"embeddable":true,"href":"https:\/\/fn.se\/haparanda\/wp-json\/wp\/v2\/users\/1"}],"replies":[{"embeddable":true,"href":"https:\/\/fn.se\/haparanda\/wp-json\/wp\/v2\/comments?post=47"}],"version-history":[{"count":23,"href":"https:\/\/fn.se\/haparanda\/wp-json\/wp\/v2\/pages\/47\/revisions"}],"predecessor-version":[{"id":387,"href":"https:\/\/fn.se\/haparanda\/wp-json\/wp\/v2\/pages\/47\/revisions\/387"}],"wp:featuredmedia":[{"embeddable":true,"href":"https:\/\/fn.se\/haparanda\/wp-json\/wp\/v2\/media\/409"}],"wp:attachment":[{"href":"https:\/\/fn.se\/haparanda\/wp-json\/wp\/v2\/media?parent=47"}],"curies":[{"name":"wp","href":"https:\/\/api.w.org\/{rel}","templated":true}]}}