{"id":261,"date":"2016-10-10T15:09:47","date_gmt":"2016-10-10T15:09:47","guid":{"rendered":"http:\/\/fn.se\/haparanda\/?page_id=261"},"modified":"2016-10-10T15:09:47","modified_gmt":"2016-10-10T15:09:47","slug":"fn-dagen-2014","status":"publish","type":"page","link":"https:\/\/fn.se\/haparanda\/fn-dagen-2014\/","title":{"rendered":"FN-dagen 2014"},"content":{"rendered":"<h1>FN-dagen 2014<\/h1>\n<p class=\"intro\">I sedvanlig ordning firades FN-dagen i Haparanda fredagen den 24 oktober.<\/p>\n<p>Haparanda FN-f\u00f6rening hade i god tid bjudit in Emerich Roth till FN-dagen. Emerich \u00e4r en av numera f\u00e5 \u00f6verlevare efter nazisternas illg\u00e4rningar under andra v\u00e4rldskriget. F\u00f6r ett par m\u00e5nader sedan fyllde han 90 \u00e5r men \u00e4r fortfarande aktiv och bes\u00f6ker skolor f\u00f6r att informera om f\u00f6rintelsen.<\/p>\n<p>I samarbete med bl.a. Tornedalsskolan i Haparanda hade f\u00f6reningen arrangerat s\u00e5 att Emerich mitt p\u00e5 dagen genomf\u00f6rde ett program f\u00f6r eleverna och d\u00e4refter p\u00e5 kv\u00e4llen medverkade som h\u00f6gtidstalare i kyrkan.<\/p>\n<p>F\u00f6rel\u00e4sningen f\u00f6r skolan och samtalet med eleverna, med en inledande filmvisning om Emerichs liv, r\u00f6nte ett mycket stort intresse bland s\u00e5v\u00e4l elever som l\u00e4rare och ett antal inbjudna vuxna. Emerich m\u00f6ttes redan, n\u00e4r han efter filmvisningen tr\u00e4dde fram till talarstolen, av st\u00e5ende appl\u00e5der. Efter\u00e5t omringades Emerich av elever som ville tacka och krama om honom samt ta selfies eller fotograferas med honom.<\/p>\n<p>Under kv\u00e4llens ceremoni i kyrkan medverkade Emerich som h\u00f6gtidstalare och m\u00f6ttes \u00e4ven d\u00e5 av stor uppskattning av s\u00e5v\u00e4l unga som \u00e4ldre i publiken. Kv\u00e4llsprogrammet inleddes av f\u00f6reningens ordf\u00f6rande med ett anf\u00f6rande om FN:s roll i v\u00e4rlden idag. Tv\u00e5 av gymnasisterna, Lydia Granvik och Joakim Liikamaa, ber\u00e4ttade tillsammans med sin medresande historiel\u00e4rare Karl Hallgren om resan under v\u00e5ren till Auschwitz och det intryck som den gav. Den avg\u00e5ngne ordf\u00f6randen sedan ca 25 \u00e5r Harald Dahlgren avtackades vederb\u00f6rligt med tal och blommor. Programmet i sin helhet inramades av musikinslag bl.a. av operas\u00e5ngerskan Ann-Sofie Ailovuo, de sjungande eleverna Ellen Wallin, Frida Medstr\u00f6m och Fanni Heroja fr\u00e5n Gr\u00e4nsskolan, k\u00f6ren Gr\u00e4nsklang m.m. Kollekten som insamlades g\u00e5r oavkortat till Emerichfonden. I publiken m\u00e4rktes bland andra f\u00f6reningens m\u00e5ng\u00e5rige medlem landsbygdsminister Sven-Erik Bucht.<\/p>\n<p>Bifogat fotografi visar Emerich tillsammans med Lydia Granvik som i kyrkan ber\u00e4ttade om sina intryck av resan till Auschwitz.<\/p>\n<p>Lars Suo<\/p>\n","protected":false},"excerpt":{"rendered":"<p>FN-dagen 2014 I sedvanlig ordning firades FN-dagen i Haparanda fredagen den 24 oktober. Haparanda FN-f\u00f6rening hade i god tid bjudit&hellip;<\/p>\n","protected":false},"author":17,"featured_media":0,"parent":0,"menu_order":0,"comment_status":"closed","ping_status":"closed","template":"templates\/template-sub.php","meta":{"_acf_changed":false,"footnotes":"","_links_to":"","_links_to_target":""},"class_list":["post-261","page","type-page","status-publish","hentry"],"acf":[],"_links":{"self":[{"href":"https:\/\/fn.se\/haparanda\/wp-json\/wp\/v2\/pages\/261","targetHints":{"allow":["GET"]}}],"collection":[{"href":"https:\/\/fn.se\/haparanda\/wp-json\/wp\/v2\/pages"}],"about":[{"href":"https:\/\/fn.se\/haparanda\/wp-json\/wp\/v2\/types\/page"}],"author":[{"embeddable":true,"href":"https:\/\/fn.se\/haparanda\/wp-json\/wp\/v2\/users\/17"}],"replies":[{"embeddable":true,"href":"https:\/\/fn.se\/haparanda\/wp-json\/wp\/v2\/comments?post=261"}],"version-history":[{"count":1,"href":"https:\/\/fn.se\/haparanda\/wp-json\/wp\/v2\/pages\/261\/revisions"}],"predecessor-version":[{"id":262,"href":"https:\/\/fn.se\/haparanda\/wp-json\/wp\/v2\/pages\/261\/revisions\/262"}],"wp:attachment":[{"href":"https:\/\/fn.se\/haparanda\/wp-json\/wp\/v2\/media?parent=261"}],"curies":[{"name":"wp","href":"https:\/\/api.w.org\/{rel}","templated":true}]}}