{"id":26,"date":"2016-10-07T09:13:15","date_gmt":"2016-10-07T09:13:15","guid":{"rendered":"http:\/\/fn.se\/haparanda\/?page_id=26"},"modified":"2016-10-10T14:52:10","modified_gmt":"2016-10-10T14:52:10","slug":"verksamhet","status":"publish","type":"page","link":"https:\/\/fn.se\/haparanda\/verksamhet\/","title":{"rendered":"Verksamhet"},"content":{"rendered":"<h2>Verksamhet<\/h2>\n<p>H\u00e4r kan du l\u00e4sa mer om v\u00e5r tidigare och kommande verksamhet. Kontakta n\u00e5gon ur v\u00e5r <a href=\"https:\/\/fn.se\/haparanda\/styrelsekontakt\/\">styrelse<\/a> om du har n\u00e5gra fr\u00e5gor!<\/p>\n<p><a href=\"https:\/\/fn.se\/haparanda\/protokoll\/\">Protokoll <\/a>fr\u00e5n tidigare m\u00f6ten<\/p>\n<p><a href=\"https:\/\/fn.se\/haparanda\/arkiv\/\">Arkiv <\/a>med bilder och texter fr\u00e5n tidigare verksamhet.<\/p>\n<p><a href=\"https:\/\/fn.se\/haparanda\/liten-resume-om-haparanda-fn-forening\/\">Liten resum\u00e9 om Haparanda FN-f\u00f6rening<\/a><\/p>\n<p>&nbsp;<\/p>\n","protected":false},"excerpt":{"rendered":"<p>Verksamhet H\u00e4r kan du l\u00e4sa mer om v\u00e5r tidigare och kommande verksamhet. Kontakta n\u00e5gon ur v\u00e5r styrelse om du har&hellip;<\/p>\n","protected":false},"author":17,"featured_media":0,"parent":0,"menu_order":0,"comment_status":"closed","ping_status":"closed","template":"templates\/template-sub.php","meta":{"_acf_changed":false,"footnotes":"","_links_to":"","_links_to_target":""},"class_list":["post-26","page","type-page","status-publish","hentry"],"acf":[],"_links":{"self":[{"href":"https:\/\/fn.se\/haparanda\/wp-json\/wp\/v2\/pages\/26","targetHints":{"allow":["GET"]}}],"collection":[{"href":"https:\/\/fn.se\/haparanda\/wp-json\/wp\/v2\/pages"}],"about":[{"href":"https:\/\/fn.se\/haparanda\/wp-json\/wp\/v2\/types\/page"}],"author":[{"embeddable":true,"href":"https:\/\/fn.se\/haparanda\/wp-json\/wp\/v2\/users\/17"}],"replies":[{"embeddable":true,"href":"https:\/\/fn.se\/haparanda\/wp-json\/wp\/v2\/comments?post=26"}],"version-history":[{"count":5,"href":"https:\/\/fn.se\/haparanda\/wp-json\/wp\/v2\/pages\/26\/revisions"}],"predecessor-version":[{"id":33,"href":"https:\/\/fn.se\/haparanda\/wp-json\/wp\/v2\/pages\/26\/revisions\/33"}],"wp:attachment":[{"href":"https:\/\/fn.se\/haparanda\/wp-json\/wp\/v2\/media?parent=26"}],"curies":[{"name":"wp","href":"https:\/\/api.w.org\/{rel}","templated":true}]}}