{"id":255,"date":"2016-10-10T15:07:27","date_gmt":"2016-10-10T15:07:27","guid":{"rendered":"http:\/\/fn.se\/haparanda\/?page_id=255"},"modified":"2016-10-11T07:55:14","modified_gmt":"2016-10-11T07:55:14","slug":"sommarskola-2014","status":"publish","type":"page","link":"https:\/\/fn.se\/haparanda\/sommarskola-2014\/","title":{"rendered":"Sommarskola 2014"},"content":{"rendered":"<h1>Sommarskola 2014<\/h1>\n<div><strong>Fokus p\u00e5 skolg\u00e5ng och framtidsdr\u00f6mmar! Tidigare i somras deltog 17 ensamkommande flyktinggrabbar i Haparanda i \u00e5rets Sommarskola. \u00c4mnena var allt fr\u00e5n bakning och volleyboll till diskussion om rasism och m\u00e4nskliga r\u00e4ttigheter.<\/strong><\/div>\n<div><strong>\u2013 I \u00e5r beslutade vi att koncentrera oss p\u00e5 temat &#8221;Skolg\u00e5ng och framtidsdr\u00f6mmar&#8221;, s\u00e4ger kursledaren Tina Mykk\u00e4nen.<\/strong><\/div>\n<p>Den popul\u00e4ra Sommarskolan f\u00f6r ensamkommande flyktingungdomar i Haparanda, arrangeras sedan fyra \u00e5r av Studief\u00f6rbundet Vuxenskolan och kommunens integrationsenhet. Tina Mykk\u00e4nen fr\u00e5n Studief\u00f6rbundet Vuxenskolan \u00e4r den som planerar och genomf\u00f6r aktiviteten.<\/p>\n<p>\u2013 FN-f\u00f6reningen, d\u00e4r jag \u00e4r ungdomsansvarig, \u00e4r medarrang\u00f6r. Dess ledare bidrar med f\u00f6rel\u00e4sning och material som g\u00e4ller bland annat m\u00e4nskliga r\u00e4ttigheter. FN-f\u00f6reningens ordf\u00f6rande Lars Suo f\u00f6rel\u00e4ste om FN i v\u00e4rlden, Sverige och Haparanda.<\/p>\n<p>Mykk\u00e4nen ber\u00e4ttar att deltagarna i Sommarskolan varje \u00e5r arbetar med ett s\u00e4rskilt tema. F\u00f6rra \u00e5ret var det &#8221;H\u00e4lsa och v\u00e4lm\u00e5ende&#8221; och \u00e5ret dessf\u00f6rinnan &#8221;Samh\u00e4llsorientering&#8221;. I \u00e5r bestod klassen av 17 grabbar i \u00e5ldern 14-20 \u00e5r. \u2013 \u00c5rets tema har mestadels kretsat kring yrken och framtidsdr\u00f6mmar &#8211; men mycket plats har getts f\u00f6r diskussioner kring mobbning, kulturskillnader och rasism.<\/p>\n<p><strong>L\u00e4r genom fr\u00e5gor<\/strong><\/p>\n<p>Ett av inslagen har varit &#8221;yrkesintervjuer&#8221;. \u2013Tillsammans med deltagarna har vi arbetat fram intervjufr\u00e5gor. P\u00e5 tu man hand har de d\u00e4refter f\u00e5tt genomf\u00f6ra en intervju om en specifik yrkesroll &#8211; och sedan redovisat svaren f\u00f6r \u00f6vriga deltagare, ber\u00e4ttar Mykk\u00e4nen. Syftet med intervjuerna ha bland annat varit att inspirera deltagarna genom att de f\u00e5r direkt information om vad yrket g\u00e5r ut p\u00e5, den utbildning som kr\u00e4vs, karri\u00e4r, arbetsmarknad och annat.<\/p>\n<p>\u2013 Jag vill s\u00e4nda ett tack till de personer inom olika yrkesroller i Haparanda som st\u00e4llt upp p\u00e5 intervjuer under sommartider; trots kollegor p\u00e5 semestrar, s\u00e4ger Mykk\u00e4nen.<\/p>\n<p><strong>Allvar och lek<\/strong><\/p>\n<p>Deltagarna diskuterade bland annat kring att ha ett arbete och jobbdr\u00f6mar i framtiden. De gjorde intressetest, s\u00e5g p\u00e5 filmklipp om yrken men lagade ocks\u00e5 pizza, bakade och spelade volleyboll. Vidare diskuterade ungdomarna r\u00e4ttigheter\/skyldigheter, rasism, kultur och religion samt k\u00f6n, gifterm\u00e5l och sexualitet. De s\u00e5g ocks\u00e5 en film om m\u00e4nskliga r\u00e4ttigheter.<\/p>\n<p>Som hj\u00e4lpledare har Mykk\u00e4nen i \u00e5r haft Farid Akbari. \u2013 Han har hj\u00e4lpt till med \u00f6vers\u00e4ttningen i den grupp med deltagare som varit i Sverige en kortare tid. Han har varit v\u00e4ldigt omtyckt, vilket framkommer av deltagarnas kommentarer vid utv\u00e4rderingen.<\/p>\n<p>Ungdomarna har i vanlig ordning f\u00e5tt g\u00f6ra utv\u00e4rdera Sommarskolan. Var och en av f\u00e5r s\u00e4tta po\u00e4ng (1-5) f\u00f6r varje aktivitet och totalpo\u00e4ngen divideras sedan med antalet inl\u00e4mnade svar. Genomsnittpo\u00e4ngen hamnar p\u00e5 relativt h\u00f6ga 4,5-4,6 av 5,0 m\u00f6jliga. Av utv\u00e4rderingen framg\u00e5r att gruppen uppskattar b\u00e5de inneh\u00e5llet i kursen &#8211; och ledaren Tina Mykk\u00e4nen.<\/p>\n<div id=\"attachment_256\" style=\"width: 778px\" class=\"wp-caption alignnone\"><img loading=\"lazy\" decoding=\"async\" aria-describedby=\"caption-attachment-256\" class=\"size-large wp-image-256\" src=\"https:\/\/fn.se\/haparanda\/wp-content\/uploads\/sites\/17\/2016\/10\/Sommarskola-2014-1-768x1024.jpg\" alt=\"Hussein Naseri (f\u00f6rgrund), Mohammad Isa Majidi, Farid Akbari och Safiullah Hajizada p\u00e5b\u00f6rjar beskrivande sj\u00e4lvportr\u00e4tt. \" width=\"768\" height=\"1024\" srcset=\"https:\/\/fn.se\/haparanda\/wp-content\/uploads\/sites\/17\/2016\/10\/Sommarskola-2014-1-768x1024.jpg 768w, https:\/\/fn.se\/haparanda\/wp-content\/uploads\/sites\/17\/2016\/10\/Sommarskola-2014-1-225x300.jpg 225w, https:\/\/fn.se\/haparanda\/wp-content\/uploads\/sites\/17\/2016\/10\/Sommarskola-2014-1-240x320.jpg 240w, https:\/\/fn.se\/haparanda\/wp-content\/uploads\/sites\/17\/2016\/10\/Sommarskola-2014-1-525x700.jpg 525w\" sizes=\"auto, (max-width: 768px) 100vw, 768px\" \/><p id=\"caption-attachment-256\" class=\"wp-caption-text\">Hussein Naseri (f\u00f6rgrund), Mohammad Isa Majidi, Farid Akbari och Safiullah Hajizada p\u00e5b\u00f6rjar beskrivande sj\u00e4lvportr\u00e4tt.<\/p><\/div>\n<div id=\"attachment_257\" style=\"width: 1034px\" class=\"wp-caption alignnone\"><img loading=\"lazy\" decoding=\"async\" aria-describedby=\"caption-attachment-257\" class=\"wp-image-257 size-large\" src=\"https:\/\/fn.se\/haparanda\/wp-content\/uploads\/sites\/17\/2016\/10\/Sommarskola-2014-2-1024x768.jpg\" alt=\"sommarskola-2014-2\" width=\"1024\" height=\"768\" srcset=\"https:\/\/fn.se\/haparanda\/wp-content\/uploads\/sites\/17\/2016\/10\/Sommarskola-2014-2-1024x768.jpg 1024w, https:\/\/fn.se\/haparanda\/wp-content\/uploads\/sites\/17\/2016\/10\/Sommarskola-2014-2-300x225.jpg 300w, https:\/\/fn.se\/haparanda\/wp-content\/uploads\/sites\/17\/2016\/10\/Sommarskola-2014-2-768x576.jpg 768w, https:\/\/fn.se\/haparanda\/wp-content\/uploads\/sites\/17\/2016\/10\/Sommarskola-2014-2-427x320.jpg 427w, https:\/\/fn.se\/haparanda\/wp-content\/uploads\/sites\/17\/2016\/10\/Sommarskola-2014-2-933x700.jpg 933w\" sizes=\"auto, (max-width: 1024px) 100vw, 1024px\" \/><p id=\"caption-attachment-257\" class=\"wp-caption-text\">Omtyckt volleyboll vald till utomhusaktivitet denna soliga eftermiddag. Till vanster i bilden: Mohammad Isa Majidi, Ali Khademi, Ali Rahimi, Mamudu Kebe. P\u00e5 andra sidan n\u00e4tet: Ali Hassan Farhadi, Abshir Adam Hassan, Safiullah Hajizada, Aziz Safari, Abdagani Mohamed.<\/p><\/div>\n<div id=\"attachment_258\" style=\"width: 1034px\" class=\"wp-caption alignnone\"><img loading=\"lazy\" decoding=\"async\" aria-describedby=\"caption-attachment-258\" class=\"wp-image-258 size-large\" src=\"https:\/\/fn.se\/haparanda\/wp-content\/uploads\/sites\/17\/2016\/10\/Sommarskola-2014-3-1024x768.jpg\" alt=\"sommarskola-2014-3\" width=\"1024\" height=\"768\" srcset=\"https:\/\/fn.se\/haparanda\/wp-content\/uploads\/sites\/17\/2016\/10\/Sommarskola-2014-3-1024x768.jpg 1024w, https:\/\/fn.se\/haparanda\/wp-content\/uploads\/sites\/17\/2016\/10\/Sommarskola-2014-3-300x225.jpg 300w, https:\/\/fn.se\/haparanda\/wp-content\/uploads\/sites\/17\/2016\/10\/Sommarskola-2014-3-768x576.jpg 768w, https:\/\/fn.se\/haparanda\/wp-content\/uploads\/sites\/17\/2016\/10\/Sommarskola-2014-3-427x320.jpg 427w, https:\/\/fn.se\/haparanda\/wp-content\/uploads\/sites\/17\/2016\/10\/Sommarskola-2014-3-933x700.jpg 933w\" sizes=\"auto, (max-width: 1024px) 100vw, 1024px\" \/><p id=\"caption-attachment-258\" class=\"wp-caption-text\">Said Aselderov, Ali Bahrami, Ali Hassan Farhadi, Mohammad Reza, Ali Rahimi och en koncentrerad Hamse Abdi Wahab.<\/p><\/div>\n<div id=\"attachment_272\" style=\"width: 1034px\" class=\"wp-caption alignnone\"><img loading=\"lazy\" decoding=\"async\" aria-describedby=\"caption-attachment-272\" class=\"size-large wp-image-272\" src=\"https:\/\/fn.se\/haparanda\/wp-content\/uploads\/sites\/17\/2016\/10\/Sommarskola-2014-5-1024x768.jpg\" alt=\"Diskussionsstund ute i solen g\u00e4llande mobbning med Mohammad Isa Majidi, Mamudu Kebbe, Ali Khademi, hjalpledare Farid Akbari, Hussein Naseri, Abdagani Mohamed, Aziz Safari och Safiullah Hajizada.\" width=\"1024\" height=\"768\" srcset=\"https:\/\/fn.se\/haparanda\/wp-content\/uploads\/sites\/17\/2016\/10\/Sommarskola-2014-5-1024x768.jpg 1024w, https:\/\/fn.se\/haparanda\/wp-content\/uploads\/sites\/17\/2016\/10\/Sommarskola-2014-5-300x225.jpg 300w, https:\/\/fn.se\/haparanda\/wp-content\/uploads\/sites\/17\/2016\/10\/Sommarskola-2014-5-768x576.jpg 768w, https:\/\/fn.se\/haparanda\/wp-content\/uploads\/sites\/17\/2016\/10\/Sommarskola-2014-5-427x320.jpg 427w, https:\/\/fn.se\/haparanda\/wp-content\/uploads\/sites\/17\/2016\/10\/Sommarskola-2014-5-933x700.jpg 933w\" sizes=\"auto, (max-width: 1024px) 100vw, 1024px\" \/><p id=\"caption-attachment-272\" class=\"wp-caption-text\">Diskussionsstund ute i solen g\u00e4llande mobbning med Mohammad Isa Majidi, Mamudu Kebbe, Ali Khademi, hjalpledare Farid Akbari, Hussein Naseri, Abdagani Mohamed, Aziz Safari och Safiullah Hajizada.<\/p><\/div>\n<p>Text: Leif Svanberg\/Haparandabladet<\/p>\n<p>Bildtext och foto: Tina Mykk\u00e4nen\/Haparanda FN-f\u00f6rening<\/p>\n","protected":false},"excerpt":{"rendered":"<p>Sommarskola 2014 Fokus p\u00e5 skolg\u00e5ng och framtidsdr\u00f6mmar! Tidigare i somras deltog 17 ensamkommande flyktinggrabbar i Haparanda i \u00e5rets Sommarskola. \u00c4mnena&hellip;<\/p>\n","protected":false},"author":17,"featured_media":0,"parent":0,"menu_order":0,"comment_status":"closed","ping_status":"closed","template":"templates\/template-sub.php","meta":{"_acf_changed":false,"footnotes":"","_links_to":"","_links_to_target":""},"class_list":["post-255","page","type-page","status-publish","hentry"],"acf":[],"_links":{"self":[{"href":"https:\/\/fn.se\/haparanda\/wp-json\/wp\/v2\/pages\/255","targetHints":{"allow":["GET"]}}],"collection":[{"href":"https:\/\/fn.se\/haparanda\/wp-json\/wp\/v2\/pages"}],"about":[{"href":"https:\/\/fn.se\/haparanda\/wp-json\/wp\/v2\/types\/page"}],"author":[{"embeddable":true,"href":"https:\/\/fn.se\/haparanda\/wp-json\/wp\/v2\/users\/17"}],"replies":[{"embeddable":true,"href":"https:\/\/fn.se\/haparanda\/wp-json\/wp\/v2\/comments?post=255"}],"version-history":[{"count":5,"href":"https:\/\/fn.se\/haparanda\/wp-json\/wp\/v2\/pages\/255\/revisions"}],"predecessor-version":[{"id":273,"href":"https:\/\/fn.se\/haparanda\/wp-json\/wp\/v2\/pages\/255\/revisions\/273"}],"wp:attachment":[{"href":"https:\/\/fn.se\/haparanda\/wp-json\/wp\/v2\/media?parent=255"}],"curies":[{"name":"wp","href":"https:\/\/api.w.org\/{rel}","templated":true}]}}

<h1>Sommarskola 2014</h1>
<div><strong>Fokus på skolgång och framtidsdrömmar! Tidigare i somras deltog 17 ensamkommande flyktinggrabbar i Haparanda i årets Sommarskola. Ämnena var allt från bakning och volleyboll till diskussion om rasism och mänskliga rättigheter.</strong></div>
<div><strong>– I år beslutade vi att koncentrera oss på temat &#8221;Skolgång och framtidsdrömmar&#8221;, säger kursledaren Tina Mykkänen.</strong></div>
<p>Den populära Sommarskolan för ensamkommande flyktingungdomar i Haparanda, arrangeras sedan fyra år av Studieförbundet Vuxenskolan och kommunens integrationsenhet. Tina Mykkänen från Studieförbundet Vuxenskolan är den som planerar och genomför aktiviteten.</p>
<p>– FN-föreningen, där jag är ungdomsansvarig, är medarrangör. Dess ledare bidrar med föreläsning och material som gäller bland annat mänskliga rättigheter. FN-föreningens ordförande Lars Suo föreläste om FN i världen, Sverige och Haparanda.</p>
<p>Mykkänen berättar att deltagarna i Sommarskolan varje år arbetar med ett särskilt tema. Förra året var det &#8221;Hälsa och välmående&#8221; och året dessförinnan &#8221;Samhällsorientering&#8221;. I år bestod klassen av 17 grabbar i åldern 14-20 år. – Årets tema har mestadels kretsat kring yrken och framtidsdrömmar &#8211; men mycket plats har getts för diskussioner kring mobbning, kulturskillnader och rasism.</p>
<p><strong>Lär genom frågor</strong></p>
<p>Ett av inslagen har varit &#8221;yrkesintervjuer&#8221;. –Tillsammans med deltagarna har vi arbetat fram intervjufrågor. På tu man hand har de därefter fått genomföra en intervju om en specifik yrkesroll &#8211; och sedan redovisat svaren för övriga deltagare, berättar Mykkänen. Syftet med intervjuerna ha bland annat varit att inspirera deltagarna genom att de får direkt information om vad yrket går ut på, den utbildning som krävs, karriär, arbetsmarknad och annat.</p>
<p>– Jag vill sända ett tack till de personer inom olika yrkesroller i Haparanda som ställt upp på intervjuer under sommartider; trots kollegor på semestrar, säger Mykkänen.</p>
<p><strong>Allvar och lek</strong></p>
<p>Deltagarna diskuterade bland annat kring att ha ett arbete och jobbdrömar i framtiden. De gjorde intressetest, såg på filmklipp om yrken men lagade också pizza, bakade och spelade volleyboll. Vidare diskuterade ungdomarna rättigheter/skyldigheter, rasism, kultur och religion samt kön, giftermål och sexualitet. De såg också en film om mänskliga rättigheter.</p>
<p>Som hjälpledare har Mykkänen i år haft Farid Akbari. – Han har hjälpt till med översättningen i den grupp med deltagare som varit i Sverige en kortare tid. Han har varit väldigt omtyckt, vilket framkommer av deltagarnas kommentarer vid utvärderingen.</p>
<p>Ungdomarna har i vanlig ordning fått göra utvärdera Sommarskolan. Var och en av får sätta poäng (1-5) för varje aktivitet och totalpoängen divideras sedan med antalet inlämnade svar. Genomsnittpoängen hamnar på relativt höga 4,5-4,6 av 5,0 möjliga. Av utvärderingen framgår att gruppen uppskattar både innehållet i kursen &#8211; och ledaren Tina Mykkänen.</p>
<div id="attachment_256" style="width: 778px" class="wp-caption alignnone"><img loading="lazy" decoding="async" aria-describedby="caption-attachment-256" class="size-large wp-image-256" src="https://fn.se/haparanda/wp-content/uploads/sites/17/2016/10/Sommarskola-2014-1-768x1024.jpg" alt="Hussein Naseri (förgrund), Mohammad Isa Majidi, Farid Akbari och Safiullah Hajizada påbörjar beskrivande självporträtt. " width="768" height="1024" srcset="https://fn.se/haparanda/wp-content/uploads/sites/17/2016/10/Sommarskola-2014-1-768x1024.jpg 768w, https://fn.se/haparanda/wp-content/uploads/sites/17/2016/10/Sommarskola-2014-1-225x300.jpg 225w, https://fn.se/haparanda/wp-content/uploads/sites/17/2016/10/Sommarskola-2014-1-240x320.jpg 240w, https://fn.se/haparanda/wp-content/uploads/sites/17/2016/10/Sommarskola-2014-1-525x700.jpg 525w" sizes="auto, (max-width: 768px) 100vw, 768px" /><p id="caption-attachment-256" class="wp-caption-text">Hussein Naseri (förgrund), Mohammad Isa Majidi, Farid Akbari och Safiullah Hajizada påbörjar beskrivande självporträtt.</p></div>
<div id="attachment_257" style="width: 1034px" class="wp-caption alignnone"><img loading="lazy" decoding="async" aria-describedby="caption-attachment-257" class="wp-image-257 size-large" src="https://fn.se/haparanda/wp-content/uploads/sites/17/2016/10/Sommarskola-2014-2-1024x768.jpg" alt="sommarskola-2014-2" width="1024" height="768" srcset="https://fn.se/haparanda/wp-content/uploads/sites/17/2016/10/Sommarskola-2014-2-1024x768.jpg 1024w, https://fn.se/haparanda/wp-content/uploads/sites/17/2016/10/Sommarskola-2014-2-300x225.jpg 300w, https://fn.se/haparanda/wp-content/uploads/sites/17/2016/10/Sommarskola-2014-2-768x576.jpg 768w, https://fn.se/haparanda/wp-content/uploads/sites/17/2016/10/Sommarskola-2014-2-427x320.jpg 427w, https://fn.se/haparanda/wp-content/uploads/sites/17/2016/10/Sommarskola-2014-2-933x700.jpg 933w" sizes="auto, (max-width: 1024px) 100vw, 1024px" /><p id="caption-attachment-257" class="wp-caption-text">Omtyckt volleyboll vald till utomhusaktivitet denna soliga eftermiddag. Till vanster i bilden: Mohammad Isa Majidi, Ali Khademi, Ali Rahimi, Mamudu Kebe. På andra sidan nätet: Ali Hassan Farhadi, Abshir Adam Hassan, Safiullah Hajizada, Aziz Safari, Abdagani Mohamed.</p></div>
<div id="attachment_258" style="width: 1034px" class="wp-caption alignnone"><img loading="lazy" decoding="async" aria-describedby="caption-attachment-258" class="wp-image-258 size-large" src="https://fn.se/haparanda/wp-content/uploads/sites/17/2016/10/Sommarskola-2014-3-1024x768.jpg" alt="sommarskola-2014-3" width="1024" height="768" srcset="https://fn.se/haparanda/wp-content/uploads/sites/17/2016/10/Sommarskola-2014-3-1024x768.jpg 1024w, https://fn.se/haparanda/wp-content/uploads/sites/17/2016/10/Sommarskola-2014-3-300x225.jpg 300w, https://fn.se/haparanda/wp-content/uploads/sites/17/2016/10/Sommarskola-2014-3-768x576.jpg 768w, https://fn.se/haparanda/wp-content/uploads/sites/17/2016/10/Sommarskola-2014-3-427x320.jpg 427w, https://fn.se/haparanda/wp-content/uploads/sites/17/2016/10/Sommarskola-2014-3-933x700.jpg 933w" sizes="auto, (max-width: 1024px) 100vw, 1024px" /><p id="caption-attachment-258" class="wp-caption-text">Said Aselderov, Ali Bahrami, Ali Hassan Farhadi, Mohammad Reza, Ali Rahimi och en koncentrerad Hamse Abdi Wahab.</p></div>
<div id="attachment_272" style="width: 1034px" class="wp-caption alignnone"><img loading="lazy" decoding="async" aria-describedby="caption-attachment-272" class="size-large wp-image-272" src="https://fn.se/haparanda/wp-content/uploads/sites/17/2016/10/Sommarskola-2014-5-1024x768.jpg" alt="Diskussionsstund ute i solen gällande mobbning med Mohammad Isa Majidi, Mamudu Kebbe, Ali Khademi, hjalpledare Farid Akbari, Hussein Naseri, Abdagani Mohamed, Aziz Safari och Safiullah Hajizada." width="1024" height="768" srcset="https://fn.se/haparanda/wp-content/uploads/sites/17/2016/10/Sommarskola-2014-5-1024x768.jpg 1024w, https://fn.se/haparanda/wp-content/uploads/sites/17/2016/10/Sommarskola-2014-5-300x225.jpg 300w, https://fn.se/haparanda/wp-content/uploads/sites/17/2016/10/Sommarskola-2014-5-768x576.jpg 768w, https://fn.se/haparanda/wp-content/uploads/sites/17/2016/10/Sommarskola-2014-5-427x320.jpg 427w, https://fn.se/haparanda/wp-content/uploads/sites/17/2016/10/Sommarskola-2014-5-933x700.jpg 933w" sizes="auto, (max-width: 1024px) 100vw, 1024px" /><p id="caption-attachment-272" class="wp-caption-text">Diskussionsstund ute i solen gällande mobbning med Mohammad Isa Majidi, Mamudu Kebbe, Ali Khademi, hjalpledare Farid Akbari, Hussein Naseri, Abdagani Mohamed, Aziz Safari och Safiullah Hajizada.</p></div>
<p>Text: Leif Svanberg/Haparandabladet</p>
<p>Bildtext och foto: Tina Mykkänen/Haparanda FN-förening</p>

<p>Sommarskola 2014 Fokus på skolgång och framtidsdrömmar! Tidigare i somras deltog 17 ensamkommande flyktinggrabbar i Haparanda i årets Sommarskola. Ämnena&hellip;</p>
