{"id":206,"date":"2016-10-10T14:15:09","date_gmt":"2016-10-10T14:15:09","guid":{"rendered":"http:\/\/fn.se\/haparanda\/?page_id=206"},"modified":"2016-10-10T14:15:09","modified_gmt":"2016-10-10T14:15:09","slug":"25-maj-eritreas-nationaldag","status":"publish","type":"page","link":"https:\/\/fn.se\/haparanda\/25-maj-eritreas-nationaldag\/","title":{"rendered":"25 maj: Eritreas nationaldag"},"content":{"rendered":"<h1>Eritreas nationaldag<\/h1>\n<p class=\"intro\">V\u00e5ra flyktingar fr\u00e5n Eritrea firade den 25 maj sin Nationaldag p\u00e5 Folkets Hus i Haparanda.<\/p>\n<p>FN-F\u00f6reningen var en av medarrang\u00f6rerna.<\/p>\n<div>Festen bes\u00f6ktes av ca 60 personer. Eritreanerna visade bl.a upp folkdans.<\/div>\n<div><\/div>\n<div>Flera tal h\u00f6lls. FN-f\u00f6reningen h\u00e4lsade v\u00e5ra nya svenskar v\u00e4lkomna till Sverige och Haparanda.<\/div>\n<div><\/div>\n<div>Alla bj\u00f6ds p\u00e5 en dignande Eritreansk buffe med uts\u00f6kta l\u00e4ckerheter.<\/div>\n<div><\/div>\n<div>G\u00e4sternas tack framf\u00f6rdes av Harald Dahlgren FN-F\u00f6reningen<\/div>\n<div>\n<div id=\"attachment_207\" style=\"width: 1034px\" class=\"wp-caption alignright\"><img loading=\"lazy\" decoding=\"async\" aria-describedby=\"caption-attachment-207\" class=\"size-large wp-image-207\" src=\"https:\/\/fn.se\/haparanda\/wp-content\/uploads\/sites\/17\/2016\/10\/Eritrea-1-1024x768.jpg\" alt=\"Tv\u00e5 eritreanska sk\u00f6nheter, Freta och Serkalem\" width=\"1024\" height=\"768\" srcset=\"https:\/\/fn.se\/haparanda\/wp-content\/uploads\/sites\/17\/2016\/10\/Eritrea-1-1024x768.jpg 1024w, https:\/\/fn.se\/haparanda\/wp-content\/uploads\/sites\/17\/2016\/10\/Eritrea-1-300x225.jpg 300w, https:\/\/fn.se\/haparanda\/wp-content\/uploads\/sites\/17\/2016\/10\/Eritrea-1-768x576.jpg 768w, https:\/\/fn.se\/haparanda\/wp-content\/uploads\/sites\/17\/2016\/10\/Eritrea-1-427x320.jpg 427w, https:\/\/fn.se\/haparanda\/wp-content\/uploads\/sites\/17\/2016\/10\/Eritrea-1-933x700.jpg 933w\" sizes=\"auto, (max-width: 1024px) 100vw, 1024px\" \/><p id=\"caption-attachment-207\" class=\"wp-caption-text\">Tv\u00e5 eritreanska sk\u00f6nheter, Freta och Serkalem<\/p><\/div>\n<div id=\"attachment_208\" style=\"width: 1034px\" class=\"wp-caption alignright\"><img loading=\"lazy\" decoding=\"async\" aria-describedby=\"caption-attachment-208\" class=\"size-large wp-image-208\" src=\"https:\/\/fn.se\/haparanda\/wp-content\/uploads\/sites\/17\/2016\/10\/Eritrea-2-1024x768.jpg\" alt=\"En liten ny svensk med FN-f\u00f6reningens ordf\u00f6rande\" width=\"1024\" height=\"768\" srcset=\"https:\/\/fn.se\/haparanda\/wp-content\/uploads\/sites\/17\/2016\/10\/Eritrea-2-1024x768.jpg 1024w, https:\/\/fn.se\/haparanda\/wp-content\/uploads\/sites\/17\/2016\/10\/Eritrea-2-300x225.jpg 300w, https:\/\/fn.se\/haparanda\/wp-content\/uploads\/sites\/17\/2016\/10\/Eritrea-2-768x576.jpg 768w, https:\/\/fn.se\/haparanda\/wp-content\/uploads\/sites\/17\/2016\/10\/Eritrea-2-427x320.jpg 427w, https:\/\/fn.se\/haparanda\/wp-content\/uploads\/sites\/17\/2016\/10\/Eritrea-2-933x700.jpg 933w\" sizes=\"auto, (max-width: 1024px) 100vw, 1024px\" \/><p id=\"caption-attachment-208\" class=\"wp-caption-text\">En liten ny svensk med FN-f\u00f6reningens ordf\u00f6rande<\/p><\/div>\n<div id=\"attachment_209\" style=\"width: 1034px\" class=\"wp-caption alignright\"><img loading=\"lazy\" decoding=\"async\" aria-describedby=\"caption-attachment-209\" class=\"size-large wp-image-209\" src=\"https:\/\/fn.se\/haparanda\/wp-content\/uploads\/sites\/17\/2016\/10\/Eritrea-3-1024x768.jpg\" alt=\"Nationaldagst\u00e5rtans ljus t\u00e4nds\" width=\"1024\" height=\"768\" srcset=\"https:\/\/fn.se\/haparanda\/wp-content\/uploads\/sites\/17\/2016\/10\/Eritrea-3-1024x768.jpg 1024w, https:\/\/fn.se\/haparanda\/wp-content\/uploads\/sites\/17\/2016\/10\/Eritrea-3-300x225.jpg 300w, https:\/\/fn.se\/haparanda\/wp-content\/uploads\/sites\/17\/2016\/10\/Eritrea-3-768x576.jpg 768w, https:\/\/fn.se\/haparanda\/wp-content\/uploads\/sites\/17\/2016\/10\/Eritrea-3-427x320.jpg 427w, https:\/\/fn.se\/haparanda\/wp-content\/uploads\/sites\/17\/2016\/10\/Eritrea-3-933x700.jpg 933w\" sizes=\"auto, (max-width: 1024px) 100vw, 1024px\" \/><p id=\"caption-attachment-209\" class=\"wp-caption-text\">Nationaldagst\u00e5rtans ljus t\u00e4nds<\/p><\/div>\n<div id=\"attachment_210\" style=\"width: 1034px\" class=\"wp-caption alignright\"><img loading=\"lazy\" decoding=\"async\" aria-describedby=\"caption-attachment-210\" class=\"size-large wp-image-210\" src=\"https:\/\/fn.se\/haparanda\/wp-content\/uploads\/sites\/17\/2016\/10\/Eritrea-4-1024x768.jpg\" alt=\"Eritreansk dans\" width=\"1024\" height=\"768\" srcset=\"https:\/\/fn.se\/haparanda\/wp-content\/uploads\/sites\/17\/2016\/10\/Eritrea-4-1024x768.jpg 1024w, https:\/\/fn.se\/haparanda\/wp-content\/uploads\/sites\/17\/2016\/10\/Eritrea-4-300x225.jpg 300w, https:\/\/fn.se\/haparanda\/wp-content\/uploads\/sites\/17\/2016\/10\/Eritrea-4-768x576.jpg 768w, https:\/\/fn.se\/haparanda\/wp-content\/uploads\/sites\/17\/2016\/10\/Eritrea-4-427x320.jpg 427w, https:\/\/fn.se\/haparanda\/wp-content\/uploads\/sites\/17\/2016\/10\/Eritrea-4-933x700.jpg 933w\" sizes=\"auto, (max-width: 1024px) 100vw, 1024px\" \/><p id=\"caption-attachment-210\" class=\"wp-caption-text\">Eritreansk dans<\/p><\/div>\n<div id=\"attachment_211\" style=\"width: 1034px\" class=\"wp-caption alignnone\"><img loading=\"lazy\" decoding=\"async\" aria-describedby=\"caption-attachment-211\" class=\"size-large wp-image-211\" src=\"https:\/\/fn.se\/haparanda\/wp-content\/uploads\/sites\/17\/2016\/10\/Eritrea-5-1024x768.jpg\" alt=\"En liten eritreansk prinsessa\" width=\"1024\" height=\"768\" srcset=\"https:\/\/fn.se\/haparanda\/wp-content\/uploads\/sites\/17\/2016\/10\/Eritrea-5-1024x768.jpg 1024w, https:\/\/fn.se\/haparanda\/wp-content\/uploads\/sites\/17\/2016\/10\/Eritrea-5-300x225.jpg 300w, https:\/\/fn.se\/haparanda\/wp-content\/uploads\/sites\/17\/2016\/10\/Eritrea-5-768x576.jpg 768w, https:\/\/fn.se\/haparanda\/wp-content\/uploads\/sites\/17\/2016\/10\/Eritrea-5-427x320.jpg 427w, https:\/\/fn.se\/haparanda\/wp-content\/uploads\/sites\/17\/2016\/10\/Eritrea-5-933x700.jpg 933w\" sizes=\"auto, (max-width: 1024px) 100vw, 1024px\" \/><p id=\"caption-attachment-211\" class=\"wp-caption-text\">En liten eritreansk prinsessa<\/p><\/div>\n<\/div>\n","protected":false},"excerpt":{"rendered":"<p>Eritreas nationaldag V\u00e5ra flyktingar fr\u00e5n Eritrea firade den 25 maj sin Nationaldag p\u00e5 Folkets Hus i Haparanda. FN-F\u00f6reningen var en&hellip;<\/p>\n","protected":false},"author":17,"featured_media":0,"parent":0,"menu_order":0,"comment_status":"closed","ping_status":"closed","template":"templates\/template-sub.php","meta":{"_acf_changed":false,"footnotes":"","_links_to":"","_links_to_target":""},"class_list":["post-206","page","type-page","status-publish","hentry"],"acf":[],"_links":{"self":[{"href":"https:\/\/fn.se\/haparanda\/wp-json\/wp\/v2\/pages\/206","targetHints":{"allow":["GET"]}}],"collection":[{"href":"https:\/\/fn.se\/haparanda\/wp-json\/wp\/v2\/pages"}],"about":[{"href":"https:\/\/fn.se\/haparanda\/wp-json\/wp\/v2\/types\/page"}],"author":[{"embeddable":true,"href":"https:\/\/fn.se\/haparanda\/wp-json\/wp\/v2\/users\/17"}],"replies":[{"embeddable":true,"href":"https:\/\/fn.se\/haparanda\/wp-json\/wp\/v2\/comments?post=206"}],"version-history":[{"count":1,"href":"https:\/\/fn.se\/haparanda\/wp-json\/wp\/v2\/pages\/206\/revisions"}],"predecessor-version":[{"id":212,"href":"https:\/\/fn.se\/haparanda\/wp-json\/wp\/v2\/pages\/206\/revisions\/212"}],"wp:attachment":[{"href":"https:\/\/fn.se\/haparanda\/wp-json\/wp\/v2\/media?parent=206"}],"curies":[{"name":"wp","href":"https:\/\/api.w.org\/{rel}","templated":true}]}}