{"id":190,"date":"2016-10-10T13:35:03","date_gmt":"2016-10-10T13:35:03","guid":{"rendered":"http:\/\/fn.se\/haparanda\/?page_id=190"},"modified":"2016-10-10T13:35:03","modified_gmt":"2016-10-10T13:35:03","slug":"fn-dagen-2012","status":"publish","type":"page","link":"https:\/\/fn.se\/haparanda\/fn-dagen-2012\/","title":{"rendered":"FN-dagen 2012"},"content":{"rendered":"<p class=\"intro\">FN-dagen firades traditionsenligt i Haparanda<\/p>\n<p>Dagen b\u00f6rjade p\u00e5 Folkets Hus med att \u00d6versten och Flottiljchefen Fredrik Bergman F 21 ber\u00e4ttade om FN:s och F21:s fredsbefr\u00e4mjande insats i Libyen f\u00f6rra \u00e5ret. \u00c5tta st. JAS-plan \u00f6vervakade luftrummet i mera \u00e4n 4 m\u00e5nader. Detta var en mycket viktig aktivitet f\u00f6r de samverkande FN\/Nato stridskrafterna, som bek\u00e4mpade de Kadaffitrogna milit\u00e4ra styrkorna.<\/p>\n<p>Att f\u00f6redraget var engagerande kunde man konstatera p\u00e5 den unga publiken som var mycket intresserade. Alla lyssnade and\u00e4ktigt i mera \u00e4n en ttimma.<\/p>\n<p>FN-Dagen fortsatte sedan p\u00e5 kv\u00e4llen i en v\u00e4lfylld Kyrka, d\u00e4r en m\u00e4ktig fanparad med orkester inledde<\/p>\n<div id=\"attachment_194\" style=\"width: 235px\" class=\"wp-caption alignright\"><img loading=\"lazy\" decoding=\"async\" aria-describedby=\"caption-attachment-194\" class=\"wp-image-194 size-medium\" src=\"https:\/\/fn.se\/haparanda\/wp-content\/uploads\/sites\/17\/2016\/10\/Haparanda-FN-dagen-2012-306-225x300.jpg\" alt=\"\u00d6verste Fredrik Bergman avtackades med blommor\" width=\"225\" height=\"300\" srcset=\"https:\/\/fn.se\/haparanda\/wp-content\/uploads\/sites\/17\/2016\/10\/Haparanda-FN-dagen-2012-306-225x300.jpg 225w, https:\/\/fn.se\/haparanda\/wp-content\/uploads\/sites\/17\/2016\/10\/Haparanda-FN-dagen-2012-306-768x1024.jpg 768w, https:\/\/fn.se\/haparanda\/wp-content\/uploads\/sites\/17\/2016\/10\/Haparanda-FN-dagen-2012-306-240x320.jpg 240w, https:\/\/fn.se\/haparanda\/wp-content\/uploads\/sites\/17\/2016\/10\/Haparanda-FN-dagen-2012-306-525x700.jpg 525w\" sizes=\"auto, (max-width: 225px) 100vw, 225px\" \/><p id=\"caption-attachment-194\" class=\"wp-caption-text\">\u00d6verste Fredrik Bergman avtackades med blommor\u00a0<\/p><\/div>\n<p>aftonen och inte mindre \u00e4n fyra k\u00f6rer och orkester medverkade.<\/p>\n<p>FN-F\u00f6reningens Invandrarstipendium \u00f6verl\u00e4mnades av \u00d6verste Bergman till Fam. Orlando Cevallos . Bergman h\u00f6ll ocks\u00e5 ett mycket uppskattat och finst\u00e4mt h\u00f6gtidstal om bl.a. m\u00e4nniskors lika v\u00e4rde.<\/p>\n<p>Ett tack till alla medverkande framf\u00f6rdes av Harald Dahlgren.<\/p>\n<p>Som avslutning bj\u00f6d Lottorna alla p\u00e5 kaffe i F\u00f6rsamlingshemmet.<\/p>\n<p><em>Harald Dahlgren<\/em><\/p>\n<div id=\"attachment_192\" style=\"width: 1034px\" class=\"wp-caption alignnone\"><img loading=\"lazy\" decoding=\"async\" aria-describedby=\"caption-attachment-192\" class=\"wp-image-192 size-large\" src=\"https:\/\/fn.se\/haparanda\/wp-content\/uploads\/sites\/17\/2016\/10\/Haparanda-FN-dagen-2012-291-1024x768.jpg\" alt=\"Invandrarstipendiaterna Fam. Orlando Cevallos.\" width=\"1024\" height=\"768\" srcset=\"https:\/\/fn.se\/haparanda\/wp-content\/uploads\/sites\/17\/2016\/10\/Haparanda-FN-dagen-2012-291-1024x768.jpg 1024w, https:\/\/fn.se\/haparanda\/wp-content\/uploads\/sites\/17\/2016\/10\/Haparanda-FN-dagen-2012-291-300x225.jpg 300w, https:\/\/fn.se\/haparanda\/wp-content\/uploads\/sites\/17\/2016\/10\/Haparanda-FN-dagen-2012-291-768x576.jpg 768w, https:\/\/fn.se\/haparanda\/wp-content\/uploads\/sites\/17\/2016\/10\/Haparanda-FN-dagen-2012-291-427x320.jpg 427w, https:\/\/fn.se\/haparanda\/wp-content\/uploads\/sites\/17\/2016\/10\/Haparanda-FN-dagen-2012-291-933x700.jpg 933w\" sizes=\"auto, (max-width: 1024px) 100vw, 1024px\" \/><p id=\"caption-attachment-192\" class=\"wp-caption-text\">Invandrarstipendiaterna Fam. Orlando Cevallos.<\/p><\/div>\n<div id=\"attachment_193\" style=\"width: 4010px\" class=\"wp-caption alignnone\"><img loading=\"lazy\" decoding=\"async\" aria-describedby=\"caption-attachment-193\" class=\"size-full wp-image-193\" src=\"https:\/\/fn.se\/haparanda\/wp-content\/uploads\/sites\/17\/2016\/10\/Haparanda-FN-dagen-2012-304.jpg\" alt=\"fr.v Markko Putila k\u00f6rledare,Per-Ivan M\u00e4kiorkesterledare, Ulla-Britt Kentt\u00e4 lottachef,Harald Dahlgren ordf., Ulla Hardelin ordf. R\u00e4ddabarnen, Helena Mykk\u00e4nen Vuxenskolan, Tina Mykk\u00e4nen styrelseledamot FN-F\u00f6ren., Fredrik Bergman, h\u00f6gtidstalare.\" width=\"4000\" height=\"3000\" srcset=\"https:\/\/fn.se\/haparanda\/wp-content\/uploads\/sites\/17\/2016\/10\/Haparanda-FN-dagen-2012-304.jpg 4000w, https:\/\/fn.se\/haparanda\/wp-content\/uploads\/sites\/17\/2016\/10\/Haparanda-FN-dagen-2012-304-300x225.jpg 300w, https:\/\/fn.se\/haparanda\/wp-content\/uploads\/sites\/17\/2016\/10\/Haparanda-FN-dagen-2012-304-768x576.jpg 768w, https:\/\/fn.se\/haparanda\/wp-content\/uploads\/sites\/17\/2016\/10\/Haparanda-FN-dagen-2012-304-1024x768.jpg 1024w, https:\/\/fn.se\/haparanda\/wp-content\/uploads\/sites\/17\/2016\/10\/Haparanda-FN-dagen-2012-304-427x320.jpg 427w, https:\/\/fn.se\/haparanda\/wp-content\/uploads\/sites\/17\/2016\/10\/Haparanda-FN-dagen-2012-304-933x700.jpg 933w\" sizes=\"auto, (max-width: 4000px) 100vw, 4000px\" \/><p id=\"caption-attachment-193\" class=\"wp-caption-text\">fr.v Markko Putila k\u00f6rledare,Per-Ivan M\u00e4kiorkesterledare, Ulla-Britt Kentt\u00e4 lottachef,Harald Dahlgren ordf., Ulla Hardelin ordf. R\u00e4ddabarnen, Helena Mykk\u00e4nen Vuxenskolan, Tina Mykk\u00e4nen styrelseledamot FN-F\u00f6ren., Fredrik Bergman, h\u00f6gtidstalare.<\/p><\/div>\n<div id=\"attachment_191\" style=\"width: 1034px\" class=\"wp-caption alignnone\"><img loading=\"lazy\" decoding=\"async\" aria-describedby=\"caption-attachment-191\" class=\"wp-image-191 size-large\" src=\"https:\/\/fn.se\/haparanda\/wp-content\/uploads\/sites\/17\/2016\/10\/Haparanda-FN-dagen-2012-286-1024x768.jpg\" alt=\"Daniel F\u00e4lldin tackades av \u00d6v. Bergman f\u00f6r utm\u00e4rkt info om Haparanda kommun.\" width=\"1024\" height=\"768\" srcset=\"https:\/\/fn.se\/haparanda\/wp-content\/uploads\/sites\/17\/2016\/10\/Haparanda-FN-dagen-2012-286-1024x768.jpg 1024w, https:\/\/fn.se\/haparanda\/wp-content\/uploads\/sites\/17\/2016\/10\/Haparanda-FN-dagen-2012-286-300x225.jpg 300w, https:\/\/fn.se\/haparanda\/wp-content\/uploads\/sites\/17\/2016\/10\/Haparanda-FN-dagen-2012-286-768x576.jpg 768w, https:\/\/fn.se\/haparanda\/wp-content\/uploads\/sites\/17\/2016\/10\/Haparanda-FN-dagen-2012-286-427x320.jpg 427w, https:\/\/fn.se\/haparanda\/wp-content\/uploads\/sites\/17\/2016\/10\/Haparanda-FN-dagen-2012-286-933x700.jpg 933w\" sizes=\"auto, (max-width: 1024px) 100vw, 1024px\" \/><p id=\"caption-attachment-191\" class=\"wp-caption-text\">Daniel F\u00e4lldin tackades av \u00d6v. Bergman f\u00f6r utm\u00e4rkt info om Haparanda kommun.<\/p><\/div>\n","protected":false},"excerpt":{"rendered":"<p>FN-dagen firades traditionsenligt i Haparanda Dagen b\u00f6rjade p\u00e5 Folkets Hus med att \u00d6versten och Flottiljchefen Fredrik Bergman F 21 ber\u00e4ttade&hellip;<\/p>\n","protected":false},"author":17,"featured_media":0,"parent":0,"menu_order":0,"comment_status":"closed","ping_status":"closed","template":"templates\/template-sub.php","meta":{"_acf_changed":false,"footnotes":"","_links_to":"","_links_to_target":""},"class_list":["post-190","page","type-page","status-publish","hentry"],"acf":[],"_links":{"self":[{"href":"https:\/\/fn.se\/haparanda\/wp-json\/wp\/v2\/pages\/190","targetHints":{"allow":["GET"]}}],"collection":[{"href":"https:\/\/fn.se\/haparanda\/wp-json\/wp\/v2\/pages"}],"about":[{"href":"https:\/\/fn.se\/haparanda\/wp-json\/wp\/v2\/types\/page"}],"author":[{"embeddable":true,"href":"https:\/\/fn.se\/haparanda\/wp-json\/wp\/v2\/users\/17"}],"replies":[{"embeddable":true,"href":"https:\/\/fn.se\/haparanda\/wp-json\/wp\/v2\/comments?post=190"}],"version-history":[{"count":1,"href":"https:\/\/fn.se\/haparanda\/wp-json\/wp\/v2\/pages\/190\/revisions"}],"predecessor-version":[{"id":195,"href":"https:\/\/fn.se\/haparanda\/wp-json\/wp\/v2\/pages\/190\/revisions\/195"}],"wp:attachment":[{"href":"https:\/\/fn.se\/haparanda\/wp-json\/wp\/v2\/media?parent=190"}],"curies":[{"name":"wp","href":"https:\/\/api.w.org\/{rel}","templated":true}]}}

<p class="intro">FN-dagen firades traditionsenligt i Haparanda</p>
<p>Dagen började på Folkets Hus med att Översten och Flottiljchefen Fredrik Bergman F 21 berättade om FN:s och F21:s fredsbefrämjande insats i Libyen förra året. Åtta st. JAS-plan övervakade luftrummet i mera än 4 månader. Detta var en mycket viktig aktivitet för de samverkande FN/Nato stridskrafterna, som bekämpade de Kadaffitrogna militära styrkorna.</p>
<p>Att föredraget var engagerande kunde man konstatera på den unga publiken som var mycket intresserade. Alla lyssnade andäktigt i mera än en ttimma.</p>
<p>FN-Dagen fortsatte sedan på kvällen i en välfylld Kyrka, där en mäktig fanparad med orkester inledde</p>
<div id="attachment_194" style="width: 235px" class="wp-caption alignright"><img loading="lazy" decoding="async" aria-describedby="caption-attachment-194" class="wp-image-194 size-medium" src="https://fn.se/haparanda/wp-content/uploads/sites/17/2016/10/Haparanda-FN-dagen-2012-306-225x300.jpg" alt="Överste Fredrik Bergman avtackades med blommor" width="225" height="300" srcset="https://fn.se/haparanda/wp-content/uploads/sites/17/2016/10/Haparanda-FN-dagen-2012-306-225x300.jpg 225w, https://fn.se/haparanda/wp-content/uploads/sites/17/2016/10/Haparanda-FN-dagen-2012-306-768x1024.jpg 768w, https://fn.se/haparanda/wp-content/uploads/sites/17/2016/10/Haparanda-FN-dagen-2012-306-240x320.jpg 240w, https://fn.se/haparanda/wp-content/uploads/sites/17/2016/10/Haparanda-FN-dagen-2012-306-525x700.jpg 525w" sizes="auto, (max-width: 225px) 100vw, 225px" /><p id="caption-attachment-194" class="wp-caption-text">Överste Fredrik Bergman avtackades med blommor </p></div>
<p>aftonen och inte mindre än fyra körer och orkester medverkade.</p>
<p>FN-Föreningens Invandrarstipendium överlämnades av Överste Bergman till Fam. Orlando Cevallos . Bergman höll också ett mycket uppskattat och finstämt högtidstal om bl.a. människors lika värde.</p>
<p>Ett tack till alla medverkande framfördes av Harald Dahlgren.</p>
<p>Som avslutning bjöd Lottorna alla på kaffe i Församlingshemmet.</p>
<p><em>Harald Dahlgren</em></p>
<div id="attachment_192" style="width: 1034px" class="wp-caption alignnone"><img loading="lazy" decoding="async" aria-describedby="caption-attachment-192" class="wp-image-192 size-large" src="https://fn.se/haparanda/wp-content/uploads/sites/17/2016/10/Haparanda-FN-dagen-2012-291-1024x768.jpg" alt="Invandrarstipendiaterna Fam. Orlando Cevallos." width="1024" height="768" srcset="https://fn.se/haparanda/wp-content/uploads/sites/17/2016/10/Haparanda-FN-dagen-2012-291-1024x768.jpg 1024w, https://fn.se/haparanda/wp-content/uploads/sites/17/2016/10/Haparanda-FN-dagen-2012-291-300x225.jpg 300w, https://fn.se/haparanda/wp-content/uploads/sites/17/2016/10/Haparanda-FN-dagen-2012-291-768x576.jpg 768w, https://fn.se/haparanda/wp-content/uploads/sites/17/2016/10/Haparanda-FN-dagen-2012-291-427x320.jpg 427w, https://fn.se/haparanda/wp-content/uploads/sites/17/2016/10/Haparanda-FN-dagen-2012-291-933x700.jpg 933w" sizes="auto, (max-width: 1024px) 100vw, 1024px" /><p id="caption-attachment-192" class="wp-caption-text">Invandrarstipendiaterna Fam. Orlando Cevallos.</p></div>
<div id="attachment_193" style="width: 4010px" class="wp-caption alignnone"><img loading="lazy" decoding="async" aria-describedby="caption-attachment-193" class="size-full wp-image-193" src="https://fn.se/haparanda/wp-content/uploads/sites/17/2016/10/Haparanda-FN-dagen-2012-304.jpg" alt="fr.v Markko Putila körledare,Per-Ivan Mäkiorkesterledare, Ulla-Britt Kenttä lottachef,Harald Dahlgren ordf., Ulla Hardelin ordf. Räddabarnen, Helena Mykkänen Vuxenskolan, Tina Mykkänen styrelseledamot FN-Fören., Fredrik Bergman, högtidstalare." width="4000" height="3000" srcset="https://fn.se/haparanda/wp-content/uploads/sites/17/2016/10/Haparanda-FN-dagen-2012-304.jpg 4000w, https://fn.se/haparanda/wp-content/uploads/sites/17/2016/10/Haparanda-FN-dagen-2012-304-300x225.jpg 300w, https://fn.se/haparanda/wp-content/uploads/sites/17/2016/10/Haparanda-FN-dagen-2012-304-768x576.jpg 768w, https://fn.se/haparanda/wp-content/uploads/sites/17/2016/10/Haparanda-FN-dagen-2012-304-1024x768.jpg 1024w, https://fn.se/haparanda/wp-content/uploads/sites/17/2016/10/Haparanda-FN-dagen-2012-304-427x320.jpg 427w, https://fn.se/haparanda/wp-content/uploads/sites/17/2016/10/Haparanda-FN-dagen-2012-304-933x700.jpg 933w" sizes="auto, (max-width: 4000px) 100vw, 4000px" /><p id="caption-attachment-193" class="wp-caption-text">fr.v Markko Putila körledare,Per-Ivan Mäkiorkesterledare, Ulla-Britt Kenttä lottachef,Harald Dahlgren ordf., Ulla Hardelin ordf. Räddabarnen, Helena Mykkänen Vuxenskolan, Tina Mykkänen styrelseledamot FN-Fören., Fredrik Bergman, högtidstalare.</p></div>
<div id="attachment_191" style="width: 1034px" class="wp-caption alignnone"><img loading="lazy" decoding="async" aria-describedby="caption-attachment-191" class="wp-image-191 size-large" src="https://fn.se/haparanda/wp-content/uploads/sites/17/2016/10/Haparanda-FN-dagen-2012-286-1024x768.jpg" alt="Daniel Fälldin tackades av Öv. Bergman för utmärkt info om Haparanda kommun." width="1024" height="768" srcset="https://fn.se/haparanda/wp-content/uploads/sites/17/2016/10/Haparanda-FN-dagen-2012-286-1024x768.jpg 1024w, https://fn.se/haparanda/wp-content/uploads/sites/17/2016/10/Haparanda-FN-dagen-2012-286-300x225.jpg 300w, https://fn.se/haparanda/wp-content/uploads/sites/17/2016/10/Haparanda-FN-dagen-2012-286-768x576.jpg 768w, https://fn.se/haparanda/wp-content/uploads/sites/17/2016/10/Haparanda-FN-dagen-2012-286-427x320.jpg 427w, https://fn.se/haparanda/wp-content/uploads/sites/17/2016/10/Haparanda-FN-dagen-2012-286-933x700.jpg 933w" sizes="auto, (max-width: 1024px) 100vw, 1024px" /><p id="caption-attachment-191" class="wp-caption-text">Daniel Fälldin tackades av Öv. Bergman för utmärkt info om Haparanda kommun.</p></div>

<p>FN-dagen firades traditionsenligt i Haparanda Dagen började på Folkets Hus med att Översten och Flottiljchefen Fredrik Bergman F 21 berättade&hellip;</p>
