{"id":174,"date":"2016-10-07T13:43:00","date_gmt":"2016-10-07T13:43:00","guid":{"rendered":"http:\/\/fn.se\/haparanda\/?page_id=174"},"modified":"2016-10-07T13:43:00","modified_gmt":"2016-10-07T13:43:00","slug":"4-5-juni-studieresa-till-finska-osterbotten","status":"publish","type":"page","link":"https:\/\/fn.se\/haparanda\/4-5-juni-studieresa-till-finska-osterbotten\/","title":{"rendered":"4-5 juni: Studieresa till Finska \u00d6sterbotten"},"content":{"rendered":"<h1>Studieresa till Finska \u00d6sterbotten<\/h1>\n<p class=\"intro\"><img loading=\"lazy\" decoding=\"async\" class=\"alignnone size-full wp-image-175\" src=\"https:\/\/fn.se\/haparanda\/wp-content\/uploads\/sites\/17\/2016\/10\/Finland-Vasa-4-6-juni-2012-004.jpg\" alt=\"finland-vasa-4-6-juni-2012-004\" width=\"4000\" height=\"3000\" srcset=\"https:\/\/fn.se\/haparanda\/wp-content\/uploads\/sites\/17\/2016\/10\/Finland-Vasa-4-6-juni-2012-004.jpg 4000w, https:\/\/fn.se\/haparanda\/wp-content\/uploads\/sites\/17\/2016\/10\/Finland-Vasa-4-6-juni-2012-004-300x225.jpg 300w, https:\/\/fn.se\/haparanda\/wp-content\/uploads\/sites\/17\/2016\/10\/Finland-Vasa-4-6-juni-2012-004-768x576.jpg 768w, https:\/\/fn.se\/haparanda\/wp-content\/uploads\/sites\/17\/2016\/10\/Finland-Vasa-4-6-juni-2012-004-1024x768.jpg 1024w, https:\/\/fn.se\/haparanda\/wp-content\/uploads\/sites\/17\/2016\/10\/Finland-Vasa-4-6-juni-2012-004-427x320.jpg 427w, https:\/\/fn.se\/haparanda\/wp-content\/uploads\/sites\/17\/2016\/10\/Finland-Vasa-4-6-juni-2012-004-933x700.jpg 933w\" sizes=\"auto, (max-width: 4000px) 100vw, 4000px\" \/><\/p>\n<p class=\"intro\">Haparanda FN-F\u00f6rening i samverkan med SPF Haparanda, Kalix och Vuxenskolan gjorde under tiden 4-5 juni en studiresa till Finska \u00d6sterbotten, Karleby, Jakobstad och Vasa.<\/p>\n<p>En betydande del av befolkningen i dessa trakter \u00e4r fortfarande helt svensktalande. Vi hade f\u00f6ljaktligen inga som helst sv\u00e5righeter i kommunikationen med v\u00e5ra finska v\u00e4nner. N\u00e4r vi p\u00e5pekade att dom talade bra svenska, blev dom lite st\u00f6tta. Det \u00e4r ju v\u00e5rt modersm\u00e5l, skulle vi inte kunna det svarade dom.<\/p>\n<p>Annars blev vi rikligen och professionellt av inhemska guider informerade om b\u00e5de nutid och historia i \u00d6sterbotten.<\/p>\n<p>F\u00f6r s\u00e4kerhets skull hade vi bland resen\u00e4rerna ocks\u00e5 med oss egna specialpreparerade guider enl. f\u00f6ljande turordning:<\/p>\n<p>1. Lars Suo ber\u00e4ttade mycket engagerande om bonden Paavo , s\u00e5 frosten n\u00e4stan bet i kinderna<\/p>\n<p>2. Ove Attefall gjorde en utm\u00e4rkt milit\u00e4rhistorisk \u00f6versikt om slaget vid Oravais. Vi kunde f\u00f6rnimma en viss krutr\u00f6k<\/p>\n<p>3. Makarna Birgitta och Matti Jaukkuri ber\u00e4ttade utf\u00f6rligt om Nationalskalden J.L: Runeberg. Verkligen h\u00f6glitter\u00e4rt<\/p>\n<p>4. Hj\u00f6rdis Asplund hade en f\u00f6rn\u00e4mlig expose om kanske den st\u00f6rste finske, m\u00e5ngfacetterade, f\u00f6rfattaren, Z. Topelius.<\/p>\n<p>5. Lars Spolander hade slutligen det \u00e4rofulla uppdraget att beskriva Sven Dufvas heroiska kamp, vid en viss bro.Tragiskt slut.<\/p>\n<p>Vi hade tv\u00e5 verkligt trevliga och roliga dagar tillsammans.<\/p>\n<p><em>Harald\u00a0<\/em><\/p>\n","protected":false},"excerpt":{"rendered":"<p>Studieresa till Finska \u00d6sterbotten Haparanda FN-F\u00f6rening i samverkan med SPF Haparanda, Kalix och Vuxenskolan gjorde under tiden 4-5 juni en&hellip;<\/p>\n","protected":false},"author":17,"featured_media":0,"parent":0,"menu_order":0,"comment_status":"closed","ping_status":"closed","template":"templates\/template-sub.php","meta":{"_acf_changed":false,"footnotes":"","_links_to":"","_links_to_target":""},"class_list":["post-174","page","type-page","status-publish","hentry"],"acf":[],"_links":{"self":[{"href":"https:\/\/fn.se\/haparanda\/wp-json\/wp\/v2\/pages\/174","targetHints":{"allow":["GET"]}}],"collection":[{"href":"https:\/\/fn.se\/haparanda\/wp-json\/wp\/v2\/pages"}],"about":[{"href":"https:\/\/fn.se\/haparanda\/wp-json\/wp\/v2\/types\/page"}],"author":[{"embeddable":true,"href":"https:\/\/fn.se\/haparanda\/wp-json\/wp\/v2\/users\/17"}],"replies":[{"embeddable":true,"href":"https:\/\/fn.se\/haparanda\/wp-json\/wp\/v2\/comments?post=174"}],"version-history":[{"count":1,"href":"https:\/\/fn.se\/haparanda\/wp-json\/wp\/v2\/pages\/174\/revisions"}],"predecessor-version":[{"id":176,"href":"https:\/\/fn.se\/haparanda\/wp-json\/wp\/v2\/pages\/174\/revisions\/176"}],"wp:attachment":[{"href":"https:\/\/fn.se\/haparanda\/wp-json\/wp\/v2\/media?parent=174"}],"curies":[{"name":"wp","href":"https:\/\/api.w.org\/{rel}","templated":true}]}}

4-5 juni: Studieresa till Finska Österbotten

<h1>Studieresa till Finska Österbotten</h1>
<p class="intro"><img loading="lazy" decoding="async" class="alignnone size-full wp-image-175" src="https://fn.se/haparanda/wp-content/uploads/sites/17/2016/10/Finland-Vasa-4-6-juni-2012-004.jpg" alt="finland-vasa-4-6-juni-2012-004" width="4000" height="3000" srcset="https://fn.se/haparanda/wp-content/uploads/sites/17/2016/10/Finland-Vasa-4-6-juni-2012-004.jpg 4000w, https://fn.se/haparanda/wp-content/uploads/sites/17/2016/10/Finland-Vasa-4-6-juni-2012-004-300x225.jpg 300w, https://fn.se/haparanda/wp-content/uploads/sites/17/2016/10/Finland-Vasa-4-6-juni-2012-004-768x576.jpg 768w, https://fn.se/haparanda/wp-content/uploads/sites/17/2016/10/Finland-Vasa-4-6-juni-2012-004-1024x768.jpg 1024w, https://fn.se/haparanda/wp-content/uploads/sites/17/2016/10/Finland-Vasa-4-6-juni-2012-004-427x320.jpg 427w, https://fn.se/haparanda/wp-content/uploads/sites/17/2016/10/Finland-Vasa-4-6-juni-2012-004-933x700.jpg 933w" sizes="auto, (max-width: 4000px) 100vw, 4000px" /></p>
<p class="intro">Haparanda FN-Förening i samverkan med SPF Haparanda, Kalix och Vuxenskolan gjorde under tiden 4-5 juni en studiresa till Finska Österbotten, Karleby, Jakobstad och Vasa.</p>
<p>En betydande del av befolkningen i dessa trakter är fortfarande helt svensktalande. Vi hade följaktligen inga som helst svårigheter i kommunikationen med våra finska vänner. När vi påpekade att dom talade bra svenska, blev dom lite stötta. Det är ju vårt modersmål, skulle vi inte kunna det svarade dom.</p>
<p>Annars blev vi rikligen och professionellt av inhemska guider informerade om både nutid och historia i Österbotten.</p>
<p>För säkerhets skull hade vi bland resenärerna också med oss egna specialpreparerade guider enl. följande turordning:</p>
<p>1. Lars Suo berättade mycket engagerande om bonden Paavo , så frosten nästan bet i kinderna</p>
<p>2. Ove Attefall gjorde en utmärkt militärhistorisk översikt om slaget vid Oravais. Vi kunde förnimma en viss krutrök</p>
<p>3. Makarna Birgitta och Matti Jaukkuri berättade utförligt om Nationalskalden J.L: Runeberg. Verkligen höglitterärt</p>
<p>4. Hjördis Asplund hade en förnämlig expose om kanske den störste finske, mångfacetterade, författaren, Z. Topelius.</p>
<p>5. Lars Spolander hade slutligen det ärofulla uppdraget att beskriva Sven Dufvas heroiska kamp, vid en viss bro.Tragiskt slut.</p>
<p>Vi hade två verkligt trevliga och roliga dagar tillsammans.</p>
<p><em>Harald </em></p>

<p>Studieresa till Finska Österbotten Haparanda FN-Förening i samverkan med SPF Haparanda, Kalix och Vuxenskolan gjorde under tiden 4-5 juni en&hellip;</p>
