{"id":156,"date":"2016-10-07T13:29:13","date_gmt":"2016-10-07T13:29:13","guid":{"rendered":"http:\/\/fn.se\/haparanda\/?page_id=156"},"modified":"2016-10-07T13:29:13","modified_gmt":"2016-10-07T13:29:13","slug":"hogtidstal-pa-fn-dagen-2011","status":"publish","type":"page","link":"https:\/\/fn.se\/haparanda\/hogtidstal-pa-fn-dagen-2011\/","title":{"rendered":"H\u00f6gtidstal p\u00e5 FN-dagen 2011"},"content":{"rendered":"<h1>H\u00f6gtidstal p\u00e5 FN-dagen<\/h1>\n<p class=\"intro\">Mina damer och herrar, ungdomar, alla ni barn som \u00e4r h\u00e4r. V\u00e4nner till F\u00f6renta Nationerna. Jag har f\u00e5tt \u00e4ran att h\u00e5lla \u00e5rets h\u00f6gtidstal till FN p\u00e5 \u00e5rets FN-dag. Det \u00e4r en stor \u00e4ra och jag k\u00e4nner \u00f6dmjukhet inf\u00f6r uppgiften att f\u00f6rs\u00f6ka hedra en organisation d\u00e4r all jordens m\u00e4nniskor samlas i gemenskap f\u00f6r att n\u00e5 konsensus i fr\u00e5gor som r\u00f6r oss alla f\u00f6r dagen och v\u00e5ra barn f\u00f6r framtiden.<\/p>\n<p>FN, en sammanslutning med n\u00e4ra 200 l\u00e4nder som grundades den 24 oktober 1945. Detta efter en av m\u00e4nsklighetens st\u00f6rsta katastrofer i form av den andra v\u00e4rldskriget. I dag \u00e4r det allts\u00e5 p\u00e5 dagen 66 \u00e5r sedan FN grundades och det \u00e4r nu dags att se b\u00e5de fram\u00e5t och bak\u00e5t. Se insatserna och uppoffringarna fr\u00e5n tusentals m\u00e4nniskor som arbetat och k\u00e4mpat f\u00f6r FN:s ideal och samtidigt se de uppoffringar som framtiden b\u00e4r med sig f\u00f6r att skapa en v\u00e4rld av trygghet och utveckling f\u00f6r att bek\u00e4mpa v\u00e5rt st\u00f6rsta hot mot freden. Det vill s\u00e4ga hunger och fattigdom.<\/p>\n<p>&#8212;&#8211; O &#8212;&#8211;<\/p>\n<p>Vi f\u00f6rknippar oftast FN med de fredsbevarande operationer som \u00e4r direkt knutna till FN och som arbetar i den bl\u00e5 baskern eller andra organisationer som med st\u00f6d av S\u00e4kerhetsr\u00e5dets resolutioner genomf\u00f6r fredsbevarande eller fredsframtvingande operationer. P\u00e5 n\u00e5got vis har dessa operationer, under bl\u00e5 eller sandf\u00e4rgad basker blivit det vi ofta f\u00f6rknippar med FN. Att bruka v\u00e5ld f\u00f6r fredens skull.<\/p>\n<p>Denna sanning ligger \u00e4nd\u00e5 l\u00e5ngt fr\u00e5n det verkliga FN som i sj\u00e4lva verket \u00e4r ett enda stort fredsbygge. N\u00e4r vi tittar p\u00e5 Wikipedias hemsida ser vid 15 av de viktigaste underorganisationerna uppr\u00e4knade. H\u00e4r handlar FN:s verksamhet om:<\/p>\n<ul>\n<li>Humanit\u00e4r hj\u00e4lp.<\/li>\n<li>M\u00e4nskliga r\u00e4ttigheter.<\/li>\n<li>Barnens och flyktingars skydd.<\/li>\n<li>Utbildning f\u00f6r v\u00e4rldens barn, v\u00e5r framtid.<\/li>\n<li>Ekonomisk utveckling, b\u00e5de f\u00f6r l\u00e4nder i sv\u00e5ra situationer s\u00e5v\u00e4l som Europa.<\/li>\n<li>Milj\u00f6arbete som havens milj\u00f6 och kontroll p\u00e5 v\u00e5r k\u00e4rnkraft.<\/li>\n<li>Att g\u00f6ra IT-utvecklingen tillg\u00e4nglig f\u00f6r alla p\u00e5 jorden.<\/li>\n<\/ul>\n<p>Dessa omr\u00e5den \u00e4r bara n\u00e5gra d\u00e4r FN arbetar f\u00f6r oss alla och v\u00e5r framtid.<\/p>\n<p>&#8212;&#8211; O &#8212;&#8211;<\/p>\n<p>F\u00f6r att g\u00f6ra detta lite mer levande vill jag ge er tv\u00e5 personliga minnen som talar till oss idag och talade till mig n\u00e4r jag upplevde dessa minnen. Jag v\u00e4ljer Guatemala eftersom det var d\u00e4r jag tj\u00e4nstgjorde p\u00e5 landsbygden under ett \u00e5r som FN-observat\u00f6r.<\/p>\n<p>Det f\u00f6rsta \u00e4r fr\u00e5n en konferens som h\u00f6lls av UNHCR i Cob\u00e1n, Alta Vera Paz, i Guatemala p\u00e5 h\u00f6sten 1999. Bara n\u00e5gra f\u00e5 \u00e5r efter att eld upph\u00f6r f\u00f6rklarats i landets grymma inb\u00f6rdeskrig b\u00f6rjade man l\u00f6sa problemen med hundratusentals interna flyktingar som beh\u00f6vde f\u00e5 m\u00f6jligheter att \u00e5terv\u00e4nda hem. Mitt minne uppeh\u00e5ller sig starkast vid den flicka som f\u00f6ljde sin mor till konferensen. Hon utstr\u00e5lade gl\u00e4dje och trygghet p\u00e5 ett s\u00e4tt som fick mig att inse att detta aldrig skulle ha h\u00e4nt om inte FN funnits.<\/p>\n<p>Det andra minnet \u00e4r fr\u00e5n presidentvalet 1999. Ett land som cirka fem \u00e5r tidigare skrivit p\u00e5 fredsavtal efter mer \u00e4n 30 \u00e5rs inb\u00f6rdeskrig. Fler \u00e4n 300 000 m\u00e4nniskor hade under dessa \u00e5r fallit offer f\u00f6r denna konflikt. Mitt minne \u00e4r fr\u00e5n den lilla staden Tac Tic. Ett v\u00e4l genomf\u00f6rt presidentval. Lugnt och st\u00e4dat. Stor uppslutning och genomf\u00f6rda s\u00e5 kallade &#8221;exit-pools&#8221; av det internationella samfundet. Till allas gl\u00e4dje s\u00e5 st\u00e4mde de ocks\u00e5 p\u00e5 pricken. Resultatet bytte president och f\u00f6rverkligades av regeringen utan komplikationer.<\/p>\n<p>Det \u00e4r den sortens organisation som \u00e4r FN &#8211; som kan ge fred och utveckling i en aldrig avstannande process.<\/p>\n<p>Trots dessa upplevelser f\u00f6rstod jag kanske FN b\u00e4st n\u00e4r jag s\u00e5g en hj\u00e4rtsk\u00e4rande affischen fr\u00e5n UNICEF (United Nations International Childrens Emergency Fund). Den visade en storasyster som bar sitt yngre syskon p\u00e5 ryggen i en afrikansk by. Texten l\u00f6d: MAMMA &#8211; PAPPA &#8211; BARN. Ett ungt flickebarn i den vuxnas roll: Att efter sina av AIDS d\u00f6dade f\u00f6r\u00e4ldrar s\u00f6rja f\u00f6r sin familj\u2026<\/p>\n<p>FN:s utmaningar \u00e4r n\u00e4stan gr\u00e4nsl\u00f6sa.<\/p>\n<p>&#8212;&#8211; O &#8212;&#8211;<\/p>\n<p>N\u00e4r vi ser tillbaka p\u00e5 de g\u00e5ngna \u00e5ren kan vi se hur FN bidragit till att stabilisera orosh\u00e4rdar genom \u00e5ren. F\u00f6r oss i v\u00e5rt land b\u00f6rjade det hela med Suezkrisen i slutet av 50-talet som strax avl\u00f6stes av Kongokrisen mellan 1960 till 64. F\u00f6r oss i v\u00e5rt land var Kongokrisen det tillf\u00e4lle d\u00e4r v\u00e5r trupp f\u00f6r f\u00f6rsta g\u00e5ngen i modern tid hamnade i strid f\u00f6r FN. 19 svenskar stupade tillsammans med den svenske generalsekreteraren Dag Hammarsk\u00f6ld (18&#8211;19\/9 -61).<\/p>\n<p>Efter denna kris har v\u00e5r trupp bidragit till FN:s fredsarbete b\u00e5de inom och utom organisationens direkta ledning. H\u00e4r finns l\u00e4nder och omr\u00e5den som till exempel Korea, Mellan\u00f6stern, Cypern, Bosnien-Hezogovina och nu slutligen Afghanistan. Fler l\u00e4nder finns att r\u00e4kna upp d\u00e4r v\u00e5r personal gjort fantastiska insatser f\u00f6r freden. Ingen att f\u00f6rgl\u00f6mma.<\/p>\n<p>&#8212;&#8211; O &#8212;&#8211;<\/p>\n<p>Trots detta m\u00e5ste vi f\u00f6rst\u00e5 att FN f\u00f6rst och fr\u00e4mst \u00e4r en organisation f\u00f6r framtidens barn och framtidens fred.<\/p>\n<p>Vi f\u00f6rst\u00e5r att v\u00e5ldet i sig inte l\u00f6ser problem. D\u00e4remot kan v\u00e5ld betvinga ondska och ge oss ett lugn d\u00e4r vi kan b\u00f6rja l\u00f6sa problemen. Problem som allt f\u00f6r ofta handlar om att ge den egna familjen mat f\u00f6r dagen, rent vatten och en b\u00e4ttre framtid f\u00f6r barnen. Kanske visas det b\u00e4st av v\u00e5rt engagemang i Afghanistan som \u00e4r ett av v\u00e4rldens fem fattigaste l\u00e4nder och d\u00e4r tv\u00e5 av de provinser d\u00e4r Sverige verkar \u00e4r bland de fattigaste i detta arma land.<\/p>\n<p>Under \u00e5ret som g\u00e5tt har vi sett den arabiska v\u00e5ren breda ut sig. Stora l\u00e4nder i norra Afrika har genomg\u00e5tt grundl\u00e4ggande f\u00f6r\u00e4ndringar. Det har vi f\u00e5tt veta inte minst i de senaste dagarnas nyhetss\u00e4ndningar. Diktaturer har st\u00f6rtats. Br\u00e4ckliga demokratier \u00e4r p\u00e5 v\u00e4g att bildas. Omv\u00e4rldens st\u00f6d kommer att kr\u00e4vas och utmaningarna syns n\u00e4stan gr\u00e4nsl\u00f6sa. H\u00e4r \u00e4r FN:s roll given. Alla m\u00e5ste ge det st\u00f6d till dessa l\u00e4nder som situationen kr\u00e4ver. Att FN som ledande organisation i v\u00e4rlden hj\u00e4lper dessa l\u00e4nder och folk till en demokratisk framtid d\u00e4r innev\u00e5narna sj\u00e4lva styr sina liv och formar det som komma ska.<\/p>\n<p>Detta \u00e4r m\u00f6jligt. Vi har sett vad FN gjort i historien. Vi har sett resultatet av FN:s arbete som skapat fred och utveckling i m\u00e4ngder av konflikter och vi ser ocks\u00e5 FN:s roll fram\u00e5t i det som sker.<\/p>\n<p>&#8212;&#8211; O &#8212;&#8211;<\/p>\n<p>S\u00e5 h\u00e4r i avslutningen av mitt tal vill jag l\u00e4sa den sista strofen ur Per Lagerkvists dikt Nya Vapen. Den \u00e4r h\u00e4mtad ur hans diktsamling S\u00e5ng och Strid som gavs ut 1940. F\u00f6r mig handlar den inte bara om att resa vapen utan ocks\u00e5 om att resa sig sj\u00e4lv, upp till hj\u00e4lp f\u00f6r den som \u00e4r beh\u00f6vande och i n\u00f6d. N\u00e5got som \u00e4r sj\u00e4lva k\u00e4rnan i det jag upplever att FN st\u00e5r f\u00f6r med all sin personal, civila som milit\u00e4rer.<\/p>\n<p>Blott d\u00e5ren tror det goda<\/p>\n<p>ej f\u00f6tts att resa sv\u00e4rd,<\/p>\n<p>om ondskan \u00e4n m\u00e5 bloda<\/p>\n<p>och s\u00f6la ner en v\u00e4rld.<\/p>\n<p>Var viss! Om du ej v\u00e4rna<\/p>\n<p>nu vill din tro i strid<\/p>\n<p>skall ingen morgonstj\u00e4rna<\/p>\n<p>inviga en ny tid.<\/p>\n<p>Mina damer och herrar, ungdomar, alla ni barn som \u00e4r h\u00e4r. L\u00e5t oss ge FN det st\u00f6d som FN f\u00f6rtj\u00e4nar ocks\u00e5 under \u00e5ret som kommer. L\u00e5t oss, trots sv\u00e5righeterna i v\u00e5r egen del av v\u00e4rlden, inse vikten av denna fantastiska organisations arbete f\u00f6r allas gemensamma framtid.<\/p>\n<p>Tack!<\/p>\n","protected":false},"excerpt":{"rendered":"<p>H\u00f6gtidstal p\u00e5 FN-dagen Mina damer och herrar, ungdomar, alla ni barn som \u00e4r h\u00e4r. V\u00e4nner till F\u00f6renta Nationerna. Jag har&hellip;<\/p>\n","protected":false},"author":17,"featured_media":0,"parent":0,"menu_order":0,"comment_status":"closed","ping_status":"closed","template":"templates\/template-sub.php","meta":{"_acf_changed":false,"footnotes":"","_links_to":"","_links_to_target":""},"class_list":["post-156","page","type-page","status-publish","hentry"],"acf":[],"_links":{"self":[{"href":"https:\/\/fn.se\/haparanda\/wp-json\/wp\/v2\/pages\/156","targetHints":{"allow":["GET"]}}],"collection":[{"href":"https:\/\/fn.se\/haparanda\/wp-json\/wp\/v2\/pages"}],"about":[{"href":"https:\/\/fn.se\/haparanda\/wp-json\/wp\/v2\/types\/page"}],"author":[{"embeddable":true,"href":"https:\/\/fn.se\/haparanda\/wp-json\/wp\/v2\/users\/17"}],"replies":[{"embeddable":true,"href":"https:\/\/fn.se\/haparanda\/wp-json\/wp\/v2\/comments?post=156"}],"version-history":[{"count":1,"href":"https:\/\/fn.se\/haparanda\/wp-json\/wp\/v2\/pages\/156\/revisions"}],"predecessor-version":[{"id":157,"href":"https:\/\/fn.se\/haparanda\/wp-json\/wp\/v2\/pages\/156\/revisions\/157"}],"wp:attachment":[{"href":"https:\/\/fn.se\/haparanda\/wp-json\/wp\/v2\/media?parent=156"}],"curies":[{"name":"wp","href":"https:\/\/api.w.org\/{rel}","templated":true}]}}