{"id":134,"date":"2016-10-07T13:13:29","date_gmt":"2016-10-07T13:13:29","guid":{"rendered":"http:\/\/fn.se\/haparanda\/?page_id=134"},"modified":"2016-10-07T13:13:29","modified_gmt":"2016-10-07T13:13:29","slug":"8-9-juni-fn-foreningens-bussresa-till-suomussalmi","status":"publish","type":"page","link":"https:\/\/fn.se\/haparanda\/8-9-juni-fn-foreningens-bussresa-till-suomussalmi\/","title":{"rendered":"8-9 juni FN-f\u00f6reningens bussresa till Suomussalmi"},"content":{"rendered":"<h1>FN-f\u00f6reningens bussresa till Suomussalmi<\/h1>\n<p class=\"intro\">Haparanda FN F\u00f6rening arrangerade den 8-9 juni en bussresa till finska Suomussalmi, som ligger n\u00e4ra ryska gr\u00e4nsen. H\u00e4r stod under slutet av november 1939 och b\u00f6rjan av januari 1940 ett mycket blodigt milit\u00e4rt slag mellan finska och sovjetiska styrkor.<\/p>\n<p>Vintern var extremt kall och sn\u00f6rik.Ca 25000 unga ryska pojkar och 6000 finska pojkar fick under mycket kort tid s\u00e4tta livet till. M\u00e5nga sovjetiska soldater , som kom fr\u00e5n Ukraina med ett helt annat klimat, och endast sommaruniformer fr\u00f6s helr enkelt ihj\u00e4l. Vi kunde konstatera att krig \u00e4r den mest barbariska- meningsl\u00f6sa aktivitet som m\u00e4nniskor kan \u00e4gna sig \u00e5t.<\/p>\n<p>I krig finns bara f\u00f6rlorare, absolut inga vinnare. M\u00e4nskligheten borde nu ha l\u00e4rt sig detta.<\/p>\n<p>Med p\u00e5 resan var m\u00e5nga medlemmar fr\u00e5n Kalix och Haparanda SPF f\u00f6reningar. Totalt var vi 48 resen\u00e4rer.<\/p>\n<p><img loading=\"lazy\" decoding=\"async\" class=\"size-full wp-image-135 alignnone\" src=\"https:\/\/fn.se\/haparanda\/wp-content\/uploads\/sites\/17\/2016\/10\/Nationaldag-AavasaksaSuomussalmi_small.jpg\" alt=\"nationaldag-aavasaksasuomussalmi_small\" width=\"470\" height=\"262\" srcset=\"https:\/\/fn.se\/haparanda\/wp-content\/uploads\/sites\/17\/2016\/10\/Nationaldag-AavasaksaSuomussalmi_small.jpg 470w, https:\/\/fn.se\/haparanda\/wp-content\/uploads\/sites\/17\/2016\/10\/Nationaldag-AavasaksaSuomussalmi_small-300x167.jpg 300w, https:\/\/fn.se\/haparanda\/wp-content\/uploads\/sites\/17\/2016\/10\/Nationaldag-AavasaksaSuomussalmi_small-450x251.jpg 450w\" sizes=\"auto, (max-width: 470px) 100vw, 470px\" \/><\/p>\n<div id=\"attachment_136\" style=\"width: 480px\" class=\"wp-caption alignnone\"><img loading=\"lazy\" decoding=\"async\" aria-describedby=\"caption-attachment-136\" class=\"size-full wp-image-136\" src=\"https:\/\/fn.se\/haparanda\/wp-content\/uploads\/sites\/17\/2016\/10\/Nationaldag-AavasaksaSuomussalmi_small2.jpg\" alt=\"&quot;Kyrkog\u00e5rden&quot; som best\u00e5r av 6000 naturstenblock, som symboliserar de finska soldater som dog i kriget.\" width=\"470\" height=\"353\" srcset=\"https:\/\/fn.se\/haparanda\/wp-content\/uploads\/sites\/17\/2016\/10\/Nationaldag-AavasaksaSuomussalmi_small2.jpg 470w, https:\/\/fn.se\/haparanda\/wp-content\/uploads\/sites\/17\/2016\/10\/Nationaldag-AavasaksaSuomussalmi_small2-300x225.jpg 300w, https:\/\/fn.se\/haparanda\/wp-content\/uploads\/sites\/17\/2016\/10\/Nationaldag-AavasaksaSuomussalmi_small2-426x320.jpg 426w\" sizes=\"auto, (max-width: 470px) 100vw, 470px\" \/><p id=\"caption-attachment-136\" class=\"wp-caption-text\">&#8221;Kyrkog\u00e5rden&#8221; som best\u00e5r av 6000 naturstenblock, som symboliserar de finska soldater som dog i kriget.<\/p><\/div>\n","protected":false},"excerpt":{"rendered":"<p>FN-f\u00f6reningens bussresa till Suomussalmi Haparanda FN F\u00f6rening arrangerade den 8-9 juni en bussresa till finska Suomussalmi, som ligger n\u00e4ra ryska&hellip;<\/p>\n","protected":false},"author":17,"featured_media":0,"parent":0,"menu_order":0,"comment_status":"closed","ping_status":"closed","template":"templates\/template-sub.php","meta":{"_acf_changed":false,"footnotes":"","_links_to":"","_links_to_target":""},"class_list":["post-134","page","type-page","status-publish","hentry"],"acf":[],"_links":{"self":[{"href":"https:\/\/fn.se\/haparanda\/wp-json\/wp\/v2\/pages\/134","targetHints":{"allow":["GET"]}}],"collection":[{"href":"https:\/\/fn.se\/haparanda\/wp-json\/wp\/v2\/pages"}],"about":[{"href":"https:\/\/fn.se\/haparanda\/wp-json\/wp\/v2\/types\/page"}],"author":[{"embeddable":true,"href":"https:\/\/fn.se\/haparanda\/wp-json\/wp\/v2\/users\/17"}],"replies":[{"embeddable":true,"href":"https:\/\/fn.se\/haparanda\/wp-json\/wp\/v2\/comments?post=134"}],"version-history":[{"count":1,"href":"https:\/\/fn.se\/haparanda\/wp-json\/wp\/v2\/pages\/134\/revisions"}],"predecessor-version":[{"id":137,"href":"https:\/\/fn.se\/haparanda\/wp-json\/wp\/v2\/pages\/134\/revisions\/137"}],"wp:attachment":[{"href":"https:\/\/fn.se\/haparanda\/wp-json\/wp\/v2\/media?parent=134"}],"curies":[{"name":"wp","href":"https:\/\/api.w.org\/{rel}","templated":true}]}}