{"id":128,"date":"2016-10-07T13:07:53","date_gmt":"2016-10-07T13:07:53","guid":{"rendered":"http:\/\/fn.se\/haparanda\/?page_id=128"},"modified":"2016-10-07T13:07:53","modified_gmt":"2016-10-07T13:07:53","slug":"16-november-stalins-skitiga-nasduk","status":"publish","type":"page","link":"https:\/\/fn.se\/haparanda\/16-november-stalins-skitiga-nasduk\/","title":{"rendered":"16 november: Stalins skitiga n\u00e4sduk"},"content":{"rendered":"<h1>Stalins skitiga n\u00e4sduk, s\u00e5 heter en enmans ber\u00e4ttarteater<\/h1>\n<div id=\"attachment_129\" style=\"width: 480px\" class=\"wp-caption alignright\"><img loading=\"lazy\" decoding=\"async\" aria-describedby=\"caption-attachment-129\" class=\"size-full wp-image-129\" src=\"https:\/\/fn.se\/haparanda\/wp-content\/uploads\/sites\/17\/2016\/10\/stalinnasduk.jpg\" alt=\"P\u00e5 bild fr\u00e5n v\u00e4nster : Tina mykk\u00e4nen, ungdomsansvarig Haparanda FN-F\u00f6rening, Helena Thornqvist, sk\u00e5despelare, ber\u00e4ttare, Maire Hendriksson, skolansvarig FN-F\u00f6reningen, Anette Garney , Distriktsordf. Norrbottens FN-Distrikt\" width=\"470\" height=\"353\" srcset=\"https:\/\/fn.se\/haparanda\/wp-content\/uploads\/sites\/17\/2016\/10\/stalinnasduk.jpg 470w, https:\/\/fn.se\/haparanda\/wp-content\/uploads\/sites\/17\/2016\/10\/stalinnasduk-300x225.jpg 300w, https:\/\/fn.se\/haparanda\/wp-content\/uploads\/sites\/17\/2016\/10\/stalinnasduk-426x320.jpg 426w\" sizes=\"auto, (max-width: 470px) 100vw, 470px\" \/><p id=\"caption-attachment-129\" class=\"wp-caption-text\">P\u00e5 bild fr\u00e5n v\u00e4nster : Tina Mykk\u00e4nen, ungdomsansvarig Haparanda FN-F\u00f6rening, Helena Thornqvist, sk\u00e5despelare, ber\u00e4ttare, Maire Hendriksson, skolansvarig FN-F\u00f6reningen, Anette Garney , Distriktsordf. Norrbottens FN-Distrikt<\/p><\/div>\n<p class=\"intro\">Mellan 1932 och 1933 kr\u00e4vde den stora sv\u00e4lten miljontals liv i Sovjetunionen. Sv\u00e4lten var ett direkt resultat av de sovjetiska myndigheternas kollektivisering av jordbruket och m\u00e5nga forskare menar att den skapades medvetet f\u00f6r att bryta ner motst\u00e5ndet mot sovjetmakten p\u00e5 landsbygden.<\/p>\n<p>V\u00e4rst drabbades Ukraina (Europas kornbod) d\u00e4r flera miljoner m\u00e4nniskor dog. H\u00e4r ses katastrofen idag som ett folkmord.<\/p>\n<p>Om detta handlade Helena Thornqvists ber\u00e4ttarteater sett genom den unga flickan Alexandras autentiska ber\u00e4ttelse.<\/p>\n<p>(Alexandra, som idag \u00e4r 95 \u00e5r, och mormor till Helena, lever nu i Sverige, har ber\u00e4ttat detta f\u00f6r Helena)<\/p>\n<p>Ber\u00e4ttelsen framf\u00f6rdes p\u00e5 tisdagen av Helena Thornqvist i Tornedalsskolans aula f\u00f6r gymnasieeleverna, som synnerligen koncentrerat lyssnade.<\/p>\n<p>Det b\u00f6rjade med att en kommissarie fr\u00e5n sovjetmakten kom till Alexandras pappa och kr\u00e4vde att han skulle skriva under ett papper p\u00e5 att han st\u00f6dde sovjetmakten och kollektiviseringen av jordbruket.<\/p>\n<p>Pappan v\u00e4grade blankt. F\u00f6ljden blev att deras kor med v\u00e5ld f\u00f6rdes till Kolchosen- kollektivjordbruket.<\/p>\n<p>Senare togs \u00e4ven \u00e4gander\u00e4tten av deras jord ifr\u00e5n dom. Jorden skulle tillh\u00f6ra kollektivjordbruket. Familjen hade nu inga m\u00f6jligheter att livn\u00e4ra sig. Sv\u00e4lten umb\u00e4randen, och f\u00f6rf\u00f6ljelser b\u00f6rjade.<\/p>\n<p><em>Skrivet av:<\/em><br \/>\n<em>Harald Dahlgren<\/em><br \/>\n<em>Ordf. Haparanda FN-F\u00f6rening<\/em><\/p>\n","protected":false},"excerpt":{"rendered":"<p>Stalins skitiga n\u00e4sduk, s\u00e5 heter en enmans ber\u00e4ttarteater Mellan 1932 och 1933 kr\u00e4vde den stora sv\u00e4lten miljontals liv i Sovjetunionen.&hellip;<\/p>\n","protected":false},"author":17,"featured_media":0,"parent":0,"menu_order":0,"comment_status":"closed","ping_status":"closed","template":"templates\/template-sub.php","meta":{"_acf_changed":false,"footnotes":"","_links_to":"","_links_to_target":""},"class_list":["post-128","page","type-page","status-publish","hentry"],"acf":[],"_links":{"self":[{"href":"https:\/\/fn.se\/haparanda\/wp-json\/wp\/v2\/pages\/128","targetHints":{"allow":["GET"]}}],"collection":[{"href":"https:\/\/fn.se\/haparanda\/wp-json\/wp\/v2\/pages"}],"about":[{"href":"https:\/\/fn.se\/haparanda\/wp-json\/wp\/v2\/types\/page"}],"author":[{"embeddable":true,"href":"https:\/\/fn.se\/haparanda\/wp-json\/wp\/v2\/users\/17"}],"replies":[{"embeddable":true,"href":"https:\/\/fn.se\/haparanda\/wp-json\/wp\/v2\/comments?post=128"}],"version-history":[{"count":1,"href":"https:\/\/fn.se\/haparanda\/wp-json\/wp\/v2\/pages\/128\/revisions"}],"predecessor-version":[{"id":130,"href":"https:\/\/fn.se\/haparanda\/wp-json\/wp\/v2\/pages\/128\/revisions\/130"}],"wp:attachment":[{"href":"https:\/\/fn.se\/haparanda\/wp-json\/wp\/v2\/media?parent=128"}],"curies":[{"name":"wp","href":"https:\/\/api.w.org\/{rel}","templated":true}]}}