{"id":107,"date":"2016-10-07T12:18:38","date_gmt":"2016-10-07T12:18:38","guid":{"rendered":"http:\/\/fn.se\/haparanda\/?page_id=107"},"modified":"2016-10-07T12:18:38","modified_gmt":"2016-10-07T12:18:38","slug":"sommarskola","status":"publish","type":"page","link":"https:\/\/fn.se\/haparanda\/sommarskola\/","title":{"rendered":"Sommarskola"},"content":{"rendered":"<h1>Sommarskola<\/h1>\n<p class=\"intro\"><img loading=\"lazy\" decoding=\"async\" class=\"alignnone size-full wp-image-108\" src=\"https:\/\/fn.se\/haparanda\/wp-content\/uploads\/sites\/17\/2016\/10\/sommarskola.jpg\" alt=\"sommarskola\" width=\"470\" height=\"353\" srcset=\"https:\/\/fn.se\/haparanda\/wp-content\/uploads\/sites\/17\/2016\/10\/sommarskola.jpg 470w, https:\/\/fn.se\/haparanda\/wp-content\/uploads\/sites\/17\/2016\/10\/sommarskola-300x225.jpg 300w, https:\/\/fn.se\/haparanda\/wp-content\/uploads\/sites\/17\/2016\/10\/sommarskola-426x320.jpg 426w\" sizes=\"auto, (max-width: 470px) 100vw, 470px\" \/><\/p>\n<p class=\"intro\">Haparanda FN-F\u00f6rening och Vuxenskolan bedriver under 4 veckor i sommar en sommarskola f\u00f6r ett tiotal ensamkommande flyktingbarn fr\u00e5n Afganistan, Somalia och Mongoliet. Barnen \u00e4r i \u00e5ldrarna 15 -17 \u00e5r.<\/p>\n<p>Under 5 timmar per dag 5 dagar i veckan undervisas flyktingarna i bl.a. Samh\u00e4llskunskap, Matematik, Svenska, Matlagning och Dans. Undervisningen \u00e4r mycket uppskattad av eleverna. Att dom l\u00e4rt sig baka utm\u00e4rkt kaffebr\u00f6d kunde undertecknad konstatera vid ett bes\u00f6k p\u00e5 sommarskolan nyligen.<\/p>\n<p>Dom kulturella skillnaderna \u00e4r stora mellan v\u00e5ra l\u00e4nder kunde vi ocks\u00e5 konstatera vid samtalet vid en kafferast med eleverna. Integrationen i det svenska samh\u00e4llet kommer att ta en viss tid. Men alla goda krafter samverkar f\u00f6r detta \u00e4dla \u00e4ndam\u00e5l.<br \/>\nUtm\u00e4rkta l\u00e4rare \u00e4r Tina Mykk\u00e4nen och Peder Salenvall<\/p>\n<p>\/ Harald Dahlgren<\/p>\n","protected":false},"excerpt":{"rendered":"<p>Sommarskola Haparanda FN-F\u00f6rening och Vuxenskolan bedriver under 4 veckor i sommar en sommarskola f\u00f6r ett tiotal ensamkommande flyktingbarn fr\u00e5n Afganistan,&hellip;<\/p>\n","protected":false},"author":17,"featured_media":0,"parent":0,"menu_order":0,"comment_status":"closed","ping_status":"closed","template":"templates\/template-sub.php","meta":{"_acf_changed":false,"footnotes":"","_links_to":"","_links_to_target":""},"class_list":["post-107","page","type-page","status-publish","hentry"],"acf":[],"_links":{"self":[{"href":"https:\/\/fn.se\/haparanda\/wp-json\/wp\/v2\/pages\/107","targetHints":{"allow":["GET"]}}],"collection":[{"href":"https:\/\/fn.se\/haparanda\/wp-json\/wp\/v2\/pages"}],"about":[{"href":"https:\/\/fn.se\/haparanda\/wp-json\/wp\/v2\/types\/page"}],"author":[{"embeddable":true,"href":"https:\/\/fn.se\/haparanda\/wp-json\/wp\/v2\/users\/17"}],"replies":[{"embeddable":true,"href":"https:\/\/fn.se\/haparanda\/wp-json\/wp\/v2\/comments?post=107"}],"version-history":[{"count":1,"href":"https:\/\/fn.se\/haparanda\/wp-json\/wp\/v2\/pages\/107\/revisions"}],"predecessor-version":[{"id":109,"href":"https:\/\/fn.se\/haparanda\/wp-json\/wp\/v2\/pages\/107\/revisions\/109"}],"wp:attachment":[{"href":"https:\/\/fn.se\/haparanda\/wp-json\/wp\/v2\/media?parent=107"}],"curies":[{"name":"wp","href":"https:\/\/api.w.org\/{rel}","templated":true}]}}

<h1>Sommarskola</h1>
<p class="intro"><img loading="lazy" decoding="async" class="alignnone size-full wp-image-108" src="https://fn.se/haparanda/wp-content/uploads/sites/17/2016/10/sommarskola.jpg" alt="sommarskola" width="470" height="353" srcset="https://fn.se/haparanda/wp-content/uploads/sites/17/2016/10/sommarskola.jpg 470w, https://fn.se/haparanda/wp-content/uploads/sites/17/2016/10/sommarskola-300x225.jpg 300w, https://fn.se/haparanda/wp-content/uploads/sites/17/2016/10/sommarskola-426x320.jpg 426w" sizes="auto, (max-width: 470px) 100vw, 470px" /></p>
<p class="intro">Haparanda FN-Förening och Vuxenskolan bedriver under 4 veckor i sommar en sommarskola för ett tiotal ensamkommande flyktingbarn från Afganistan, Somalia och Mongoliet. Barnen är i åldrarna 15 -17 år.</p>
<p>Under 5 timmar per dag 5 dagar i veckan undervisas flyktingarna i bl.a. Samhällskunskap, Matematik, Svenska, Matlagning och Dans. Undervisningen är mycket uppskattad av eleverna. Att dom lärt sig baka utmärkt kaffebröd kunde undertecknad konstatera vid ett besök på sommarskolan nyligen.</p>
<p>Dom kulturella skillnaderna är stora mellan våra länder kunde vi också konstatera vid samtalet vid en kafferast med eleverna. Integrationen i det svenska samhället kommer att ta en viss tid. Men alla goda krafter samverkar för detta ädla ändamål.<br />
Utmärkta lärare är Tina Mykkänen och Peder Salenvall</p>
<p>/ Harald Dahlgren</p>

<p>Sommarskola Haparanda FN-Förening och Vuxenskolan bedriver under 4 veckor i sommar en sommarskola för ett tiotal ensamkommande flyktingbarn från Afganistan,&hellip;</p>
