{"id":2,"date":"2016-02-17T11:50:51","date_gmt":"2016-02-17T11:50:51","guid":{"rendered":"http:\/\/fn.se\/grums\/?page_id=2"},"modified":"2025-04-13T14:15:55","modified_gmt":"2025-04-13T14:15:55","slug":"sample-page","status":"publish","type":"page","link":"https:\/\/fn.se\/grums\/","title":{"rendered":"Hem"},"content":{"rendered":"<h1><img loading=\"lazy\" decoding=\"async\" class=\"size-full wp-image-9 alignright\" src=\"https:\/\/fn.se\/grums\/wp-content\/uploads\/sites\/12\/2016\/02\/SFN_F\u00d6RENING_Grums.jpg\" alt=\"sfn_logopayoff_pos_right\" width=\"117\" height=\"291\" \/><\/h1>\n<p class=\"intro\">Grums FN-f\u00f6rening lades ner 2023. Gamla och nya medlemmar i Grums med omnejd uppmuntras ist\u00e4llet visa st\u00f6d f\u00f6r FN-tanken genom medlemskap i <a href=\"https:\/\/fn.se\/karlstad\/\">Karlstad FN-f\u00f6rening<\/a>.<\/p>\n","protected":false},"excerpt":{"rendered":"<p>Grums FN-f\u00f6rening lades ner 2023. Gamla och nya medlemmar i Grums med omnejd uppmuntras ist\u00e4llet visa st\u00f6d f\u00f6r FN-tanken genom&hellip;<\/p>\n","protected":false},"author":1,"featured_media":7,"parent":0,"menu_order":0,"comment_status":"closed","ping_status":"open","template":"templates\/template-sub.php","meta":{"_acf_changed":false,"footnotes":"","_links_to":"","_links_to_target":""},"class_list":["post-2","page","type-page","status-publish","has-post-thumbnail","hentry"],"acf":[],"_links":{"self":[{"href":"https:\/\/fn.se\/grums\/wp-json\/wp\/v2\/pages\/2","targetHints":{"allow":["GET"]}}],"collection":[{"href":"https:\/\/fn.se\/grums\/wp-json\/wp\/v2\/pages"}],"about":[{"href":"https:\/\/fn.se\/grums\/wp-json\/wp\/v2\/types\/page"}],"author":[{"embeddable":true,"href":"https:\/\/fn.se\/grums\/wp-json\/wp\/v2\/users\/1"}],"replies":[{"embeddable":true,"href":"https:\/\/fn.se\/grums\/wp-json\/wp\/v2\/comments?post=2"}],"version-history":[{"count":6,"href":"https:\/\/fn.se\/grums\/wp-json\/wp\/v2\/pages\/2\/revisions"}],"predecessor-version":[{"id":21,"href":"https:\/\/fn.se\/grums\/wp-json\/wp\/v2\/pages\/2\/revisions\/21"}],"wp:featuredmedia":[{"embeddable":true,"href":"https:\/\/fn.se\/grums\/wp-json\/wp\/v2\/media\/7"}],"wp:attachment":[{"href":"https:\/\/fn.se\/grums\/wp-json\/wp\/v2\/media?parent=2"}],"curies":[{"name":"wp","href":"https:\/\/api.w.org\/{rel}","templated":true}]}}