{"id":2,"date":"2016-02-17T11:50:33","date_gmt":"2016-02-17T11:50:33","guid":{"rendered":"http:\/\/fn.se\/gotland\/?page_id=2"},"modified":"2025-10-16T11:57:54","modified_gmt":"2025-10-16T11:57:54","slug":"sample-page","status":"publish","type":"page","link":"https:\/\/fn.se\/gotland\/","title":{"rendered":"Hem"},"content":{"rendered":"<h1>V\u00e4lkommen till Gotlands FN-f\u00f6rening!<img loading=\"lazy\" decoding=\"async\" class=\"size-full wp-image-10 alignright\" src=\"https:\/\/fn.se\/gotland\/wp-content\/uploads\/sites\/11\/2016\/02\/SFN_F\u00d6RENING_Gotlands.jpg\" alt=\"sfn_logopayoff_pos_right\" width=\"117\" height=\"291\" \/><\/h1>\n<p class=\"intro\">Gotlands FN-f\u00f6rening \u00e4r en del av den svenska FN-r\u00f6relsen och knuten till Svenska FN-f\u00f6rbundet.<\/p>\n<p>F\u00f6reningen ligger f\u00f6r n\u00e4rvarande nere. Medlemmar h\u00e4nvisas till Stockholms FN-f\u00f6rening.<\/p>\n","protected":false},"excerpt":{"rendered":"<p>V\u00e4lkommen till Gotlands FN-f\u00f6rening! Gotlands FN-f\u00f6rening \u00e4r en del av den svenska FN-r\u00f6relsen och knuten till Svenska FN-f\u00f6rbundet. F\u00f6reningen ligger&hellip;<\/p>\n","protected":false},"author":1,"featured_media":12,"parent":0,"menu_order":0,"comment_status":"closed","ping_status":"open","template":"templates\/template-sub.php","meta":{"_acf_changed":false,"footnotes":"","_links_to":"","_links_to_target":""},"class_list":["post-2","page","type-page","status-publish","has-post-thumbnail","hentry"],"acf":[],"_links":{"self":[{"href":"https:\/\/fn.se\/gotland\/wp-json\/wp\/v2\/pages\/2","targetHints":{"allow":["GET"]}}],"collection":[{"href":"https:\/\/fn.se\/gotland\/wp-json\/wp\/v2\/pages"}],"about":[{"href":"https:\/\/fn.se\/gotland\/wp-json\/wp\/v2\/types\/page"}],"author":[{"embeddable":true,"href":"https:\/\/fn.se\/gotland\/wp-json\/wp\/v2\/users\/1"}],"replies":[{"embeddable":true,"href":"https:\/\/fn.se\/gotland\/wp-json\/wp\/v2\/comments?post=2"}],"version-history":[{"count":6,"href":"https:\/\/fn.se\/gotland\/wp-json\/wp\/v2\/pages\/2\/revisions"}],"predecessor-version":[{"id":29,"href":"https:\/\/fn.se\/gotland\/wp-json\/wp\/v2\/pages\/2\/revisions\/29"}],"wp:featuredmedia":[{"embeddable":true,"href":"https:\/\/fn.se\/gotland\/wp-json\/wp\/v2\/media\/12"}],"wp:attachment":[{"href":"https:\/\/fn.se\/gotland\/wp-json\/wp\/v2\/media?parent=2"}],"curies":[{"name":"wp","href":"https:\/\/api.w.org\/{rel}","templated":true}]}}