{"id":2,"date":"2016-08-11T11:20:54","date_gmt":"2016-08-11T11:20:54","guid":{"rendered":"http:\/\/fn.se\/goteborgs-och-bohus-fn-distrikt\/?page_id=2"},"modified":"2022-04-09T07:52:58","modified_gmt":"2022-04-09T07:52:58","slug":"sample-page","status":"publish","type":"page","link":"https:\/\/fn.se\/goteborgs-och-bohus-fn-distrikt\/","title":{"rendered":"Hem"},"content":{"rendered":"\n<h1 class=\"wp-block-heading\">V\u00e4lkommen till G\u00f6teborgs och Bohusl\u00e4ns FN-distrikt!<img loading=\"lazy\" decoding=\"async\" width=\"107\" height=\"238\" class=\"size-full wp-image-17 alignright\" src=\"https:\/\/fn.se\/goteborgs-och-bohus-fn-distrikt\/wp-content\/uploads\/sites\/107\/2016\/08\/SFN_DISTRIKT_G\u00f6teborgs-och-Bohusliten.jpg\" alt=\"sfn_logopayoff_pos_right\"><\/h1>\n\n\n\n<p>G\u00f6teborgs och Bohus FN-distrikt arbetar med opinionsbildning och information kring FN:s verksamhet. Vi st\u00f6djer de lokala f\u00f6reningarna samt driver nu ett internationellt projekt, Mbita-projektet. Tidigare drev vi framg\u00e5ngsrikt \u00a0i flera \u00e5r Nyatoto-projektet ocks\u00e5 i Kenya med jordbruksutveckling, st\u00f6dja kvinnor och HIV\/AIDS information.\u00a0<\/p>\n\n\n\n<p><a href=\"https:\/\/fn.se\/goteborgs-och-bohus-fn-distrikt\/nyatoto-projektet\/\">F\u00f6r att l\u00e4sa mer om Nyatoto-projektet, tryck h\u00e4r!<\/a><\/p>\n\n\n\n<p>F\u00f6r att l\u00e4sa mer om Mbita-projektet, tryck h\u00e4r!<\/p>\n\n\n\n<h4 class=\"wp-block-heading\">I V\u00c5RT DISTRIKT ING\u00c5R:<\/h4>\n\n\n\n<p><a title=\"G\u00f6teborgs FN-f\u00f6rening\" href=\"http:\/\/www.fn.se\/goteborg\" target=\"_blank\" rel=\"noopener\">G\u00f6teborgs FN-f\u00f6rening<\/a><\/p>\n\n\n\n<p><a href=\"https:\/\/fn.se\/lerum-partille\/\">Lerum\/Partille FN-f\u00f6rening<\/a><\/p>\n\n\n\n<p><a title=\"Soten\u00e4s FN-f\u00f6rening\" href=\"http:\/\/www.fn.se\/sotenas\" target=\"_blank\" rel=\"noopener\">Soten\u00e4s FN-f\u00f6rening<\/a><\/p>\n\n\n\n<p><a title=\"Stenungsunds FN-f\u00f6rening\" href=\"https:\/\/fn.se\/stenungsund-tjorn-och-orust\/\" target=\"_blank\" rel=\"noopener\">Stenungsund, Tj\u00f6rn och Orust FN-f\u00f6rening<\/a><\/p>\n\n\n\n<p><a title=\"Uddevalla FN-f\u00f6rening\" rel=\"noopener\" href=\"http:\/\/www.fn.se\/uddevalla\" target=\"_blank\">Uddevalla FN-f\u00f6rening<\/a><\/p>\n\n\n\n<p><strong>F\u00f6r att l\u00e4nkas vidare till v\u00e5ra sociala medier scanna QR koden<\/strong> <strong>eller g\u00e5 in p\u00e5 l\u00e4nkarna. <\/strong><\/p>\n\n\n\n<p><a href=\"https:\/\/www.facebook.com\/G%C3%B6teborgs-och-Bohusl%C3%A4ns-FN-Distrikt-108382257754411\/\" target=\"_blank\" rel=\"noreferrer noopener\">Facebook<\/a><\/p>\n\n\n\n<p><a href=\"https:\/\/www.google.se\/url?sa=t&amp;rct=j&amp;q=&amp;esrc=s&amp;source=web&amp;cd=&amp;cad=rja&amp;uact=8&amp;ved=2ahUKEwjOuZzhroT3AhW-SvEDHVuZAbYQFnoECAMQAQ&amp;url=https%3A%2F%2Fwww.instagram.com%2Fgoteborgbohuslan_fndistrikt%2F&amp;usg=AOvVaw3mDk8MPFqlBREY-V0PAHUd\" target=\"_blank\" rel=\"noreferrer noopener\">Instagram<\/a><\/p>\n\n\n\n<pre class=\"wp-block-code\"><code><img loading=\"lazy\" decoding=\"async\" width=\"820\" height=\"820\" class=\"wp-image-99\" style=\"width: 90px\" src=\"https:\/\/fn.se\/goteborgs-och-bohus-fn-distrikt\/wp-content\/uploads\/sites\/107\/2022\/04\/faceb.jpg\" alt=\"\" srcset=\"https:\/\/fn.se\/goteborgs-och-bohus-fn-distrikt\/wp-content\/uploads\/sites\/107\/2022\/04\/faceb.jpg 820w, https:\/\/fn.se\/goteborgs-och-bohus-fn-distrikt\/wp-content\/uploads\/sites\/107\/2022\/04\/faceb-300x300.jpg 300w, https:\/\/fn.se\/goteborgs-och-bohus-fn-distrikt\/wp-content\/uploads\/sites\/107\/2022\/04\/faceb-150x150.jpg 150w, https:\/\/fn.se\/goteborgs-och-bohus-fn-distrikt\/wp-content\/uploads\/sites\/107\/2022\/04\/faceb-768x768.jpg 768w, https:\/\/fn.se\/goteborgs-och-bohus-fn-distrikt\/wp-content\/uploads\/sites\/107\/2022\/04\/faceb-650x650.jpg 650w\" sizes=\"auto, (max-width: 820px) 100vw, 820px\" \/><img loading=\"lazy\" decoding=\"async\" width=\"750\" height=\"1126\" class=\"wp-image-105\" style=\"width: 111px\" src=\"https:\/\/fn.se\/goteborgs-och-bohus-fn-distrikt\/wp-content\/uploads\/sites\/107\/2022\/04\/insta.jpg\" alt=\"Scanna QR koden f\u00f6r att komma vidare till v\u00e5r Instagramsida\" srcset=\"https:\/\/fn.se\/goteborgs-och-bohus-fn-distrikt\/wp-content\/uploads\/sites\/107\/2022\/04\/insta.jpg 750w, https:\/\/fn.se\/goteborgs-och-bohus-fn-distrikt\/wp-content\/uploads\/sites\/107\/2022\/04\/insta-200x300.jpg 200w, https:\/\/fn.se\/goteborgs-och-bohus-fn-distrikt\/wp-content\/uploads\/sites\/107\/2022\/04\/insta-682x1024.jpg 682w, https:\/\/fn.se\/goteborgs-och-bohus-fn-distrikt\/wp-content\/uploads\/sites\/107\/2022\/04\/insta-650x976.jpg 650w\" sizes=\"auto, (max-width: 750px) 100vw, 750px\" \/><\/code><\/pre>\n","protected":false},"excerpt":{"rendered":"<p>V\u00e4lkommen till G\u00f6teborgs och Bohusl\u00e4ns FN-distrikt! G\u00f6teborgs och Bohus FN-distrikt arbetar med opinionsbildning och information kring FN:s verksamhet. Vi st\u00f6djer&hellip;<\/p>\n","protected":false},"author":16,"featured_media":6,"parent":0,"menu_order":0,"comment_status":"closed","ping_status":"open","template":"templates\/template-sub.php","meta":{"_acf_changed":false,"footnotes":"","_links_to":"","_links_to_target":""},"class_list":["post-2","page","type-page","status-publish","has-post-thumbnail","hentry"],"acf":[],"_links":{"self":[{"href":"https:\/\/fn.se\/goteborgs-och-bohus-fn-distrikt\/wp-json\/wp\/v2\/pages\/2","targetHints":{"allow":["GET"]}}],"collection":[{"href":"https:\/\/fn.se\/goteborgs-och-bohus-fn-distrikt\/wp-json\/wp\/v2\/pages"}],"about":[{"href":"https:\/\/fn.se\/goteborgs-och-bohus-fn-distrikt\/wp-json\/wp\/v2\/types\/page"}],"author":[{"embeddable":true,"href":"https:\/\/fn.se\/goteborgs-och-bohus-fn-distrikt\/wp-json\/wp\/v2\/users\/16"}],"replies":[{"embeddable":true,"href":"https:\/\/fn.se\/goteborgs-och-bohus-fn-distrikt\/wp-json\/wp\/v2\/comments?post=2"}],"version-history":[{"count":45,"href":"https:\/\/fn.se\/goteborgs-och-bohus-fn-distrikt\/wp-json\/wp\/v2\/pages\/2\/revisions"}],"predecessor-version":[{"id":125,"href":"https:\/\/fn.se\/goteborgs-och-bohus-fn-distrikt\/wp-json\/wp\/v2\/pages\/2\/revisions\/125"}],"wp:featuredmedia":[{"embeddable":true,"href":"https:\/\/fn.se\/goteborgs-och-bohus-fn-distrikt\/wp-json\/wp\/v2\/media\/6"}],"wp:attachment":[{"href":"https:\/\/fn.se\/goteborgs-och-bohus-fn-distrikt\/wp-json\/wp\/v2\/media?parent=2"}],"curies":[{"name":"wp","href":"https:\/\/api.w.org\/{rel}","templated":true}]}}