{"id":922,"date":"2024-03-11T18:30:46","date_gmt":"2024-03-11T18:30:46","guid":{"rendered":"https:\/\/fn.se\/goteborg\/?page_id=922"},"modified":"2025-01-19T14:40:49","modified_gmt":"2025-01-19T14:40:49","slug":"var-lokala-kalender","status":"publish","type":"page","link":"https:\/\/fn.se\/goteborg\/var-lokala-kalender\/","title":{"rendered":"V\u00e5r lokala kalender"},"content":{"rendered":"\n<h1 class=\"wp-block-heading\">\u00c5r 2025<\/h1>\n\n\n\n<h2 class=\"wp-block-heading\">Februari<\/h2>\n\n\n\n<p><strong>Den 12 februari<\/strong> &#8211; \u00c5rsm\u00f6te kl 18.00. Redbergsskolan. Se &#8221;<em>aktuellt<\/em>&#8221; f\u00f6r mer information och anm\u00e4lan.  <\/p>\n\n\n\n<h2 class=\"wp-block-heading\"><\/h2>\n\n\n\n<p><em>PS. Kalendern uppdateras regelbundet.<\/em> <em>Se mer info p\u00e5 v\u00e5ra sociala medier.<\/em><\/p>\n\n\n\n<h2 class=\"wp-block-heading\"><br><\/h2>\n","protected":false},"excerpt":{"rendered":"<p>\u00c5r 2025 Februari Den 12 februari &#8211; \u00c5rsm\u00f6te kl 18.00. Redbergsskolan. Se &#8221;aktuellt&#8221; f\u00f6r mer information och anm\u00e4lan. PS. Kalendern&hellip;<\/p>\n","protected":false},"author":34,"featured_media":0,"parent":0,"menu_order":0,"comment_status":"closed","ping_status":"closed","template":"","meta":{"_acf_changed":false,"footnotes":"","_links_to":"","_links_to_target":""},"class_list":["post-922","page","type-page","status-publish","hentry"],"acf":[],"_links":{"self":[{"href":"https:\/\/fn.se\/goteborg\/wp-json\/wp\/v2\/pages\/922","targetHints":{"allow":["GET"]}}],"collection":[{"href":"https:\/\/fn.se\/goteborg\/wp-json\/wp\/v2\/pages"}],"about":[{"href":"https:\/\/fn.se\/goteborg\/wp-json\/wp\/v2\/types\/page"}],"author":[{"embeddable":true,"href":"https:\/\/fn.se\/goteborg\/wp-json\/wp\/v2\/users\/34"}],"replies":[{"embeddable":true,"href":"https:\/\/fn.se\/goteborg\/wp-json\/wp\/v2\/comments?post=922"}],"version-history":[{"count":33,"href":"https:\/\/fn.se\/goteborg\/wp-json\/wp\/v2\/pages\/922\/revisions"}],"predecessor-version":[{"id":1099,"href":"https:\/\/fn.se\/goteborg\/wp-json\/wp\/v2\/pages\/922\/revisions\/1099"}],"wp:attachment":[{"href":"https:\/\/fn.se\/goteborg\/wp-json\/wp\/v2\/media?parent=922"}],"curies":[{"name":"wp","href":"https:\/\/api.w.org\/{rel}","templated":true}]}}

Vår lokala kalender

<h1 class="wp-block-heading">År 2025</h1>



<h2 class="wp-block-heading">Februari</h2>



<p><strong>Den 12 februari</strong> &#8211; Årsmöte kl 18.00. Redbergsskolan. Se &#8221;<em>aktuellt</em>&#8221; för mer information och anmälan.  </p>



<h2 class="wp-block-heading"></h2>



<p><em>PS. Kalendern uppdateras regelbundet.</em> <em>Se mer info på våra sociala medier.</em></p>



<h2 class="wp-block-heading"><br></h2>

<p>År 2025 Februari Den 12 februari &#8211; Årsmöte kl 18.00. Redbergsskolan. Se &#8221;aktuellt&#8221; för mer information och anmälan. PS. Kalendern&hellip;</p>
