{"id":37,"date":"2016-09-13T10:21:38","date_gmt":"2016-09-13T10:21:38","guid":{"rendered":"http:\/\/fn.se\/goteborg\/?page_id=37"},"modified":"2025-08-23T15:32:13","modified_gmt":"2025-08-23T15:32:13","slug":"hallbarhetochmiljogruppen","status":"publish","type":"page","link":"https:\/\/fn.se\/goteborg\/hallbarhetochmiljogruppen\/","title":{"rendered":"H\u00e5llbarhet och Milj\u00f6gruppen"},"content":{"rendered":"<h2>H\u00e5llbarhet och milj\u00f6gruppen<\/h2>\n<p><strong>V\u00e4lkommen till H\u00e5llbarhet- och milj\u00f6gruppen<\/strong> <b>inom G\u00f6teborgs FN-f\u00f6rening!<\/b><\/p>\n<p>In the focus group sustainability and environment we invite you to (re)connect with nature; adopting a diverse approach to sustainability. Our events align with the Sustainable Development Goals of the Agenda 2030, embracing the third SDG \u201cGood health and well being\u201d or the climate-conscious 13th goal \u201cClimate action\u201d and more.<br \/>Besides interesting lectures around sustainability and the environment, we will have outside and inside activities. These activities are meant to energise, inspire reflection, and foster reconnection in an enjoyable and entertaining way. Join us for ideas and activities aimed at making a positive impact on our world!<\/p>\n<\/p>\n\n\n<h2 class=\"wp-block-heading\">GRUPPLEDARE<\/h2>\n\n\n\n<p>Emmi Harner<\/p>\n\n\n\n<p>Elin Hansbo Olsson<\/p>\n\n\n\n<p>Julia Persson<\/p>\n\n\n\n<p>Claire Nkamushaba<\/p>\n\n\n\n<p>Hanna Bengtsson<\/p>\n\n\n\n<h2 class=\"wp-block-heading\">kontakt<\/h2>\n\n\n\n<p>E-post: <a href=\"mailto:hallbarhetmiljofngbg@gmail.com\" target=\"_blank\" rel=\"noreferrer noopener\">hallbarhetmiljofngbg@gmail.com<\/a><\/p>\n\n\n\n<h2 class=\"wp-block-heading\">F\u00f6lj oss och v\u00e5rt arbete<\/h2>\n\n\n\n<ul class=\"wp-block-list\">\n<li><a href=\"https:\/\/www.instagram.com\/fngbg_hallbarhet\/\" data-type=\"link\" data-id=\"https:\/\/www.instagram.com\/hallbarhetmiljo_fngbg\/\">Instagram<\/a><\/li>\n\n\n\n<li><a href=\"https:\/\/www.facebook.com\/profile.php?id=61551955300874\" data-type=\"link\" data-id=\"https:\/\/www.facebook.com\/profile.php?id=61551955300874\">Facebook<\/a><\/li>\n<\/ul>\n","protected":false},"excerpt":{"rendered":"<p>H\u00e5llbarhet och milj\u00f6gruppen V\u00e4lkommen till H\u00e5llbarhet- och milj\u00f6gruppen inom G\u00f6teborgs FN-f\u00f6rening! In the focus group sustainability and environment we invite&hellip;<\/p>\n","protected":false},"author":1,"featured_media":0,"parent":0,"menu_order":0,"comment_status":"closed","ping_status":"closed","template":"templates\/template-sub.php","meta":{"_acf_changed":false,"footnotes":"","_links_to":"","_links_to_target":""},"class_list":["post-37","page","type-page","status-publish","hentry"],"acf":[],"_links":{"self":[{"href":"https:\/\/fn.se\/goteborg\/wp-json\/wp\/v2\/pages\/37","targetHints":{"allow":["GET"]}}],"collection":[{"href":"https:\/\/fn.se\/goteborg\/wp-json\/wp\/v2\/pages"}],"about":[{"href":"https:\/\/fn.se\/goteborg\/wp-json\/wp\/v2\/types\/page"}],"author":[{"embeddable":true,"href":"https:\/\/fn.se\/goteborg\/wp-json\/wp\/v2\/users\/1"}],"replies":[{"embeddable":true,"href":"https:\/\/fn.se\/goteborg\/wp-json\/wp\/v2\/comments?post=37"}],"version-history":[{"count":36,"href":"https:\/\/fn.se\/goteborg\/wp-json\/wp\/v2\/pages\/37\/revisions"}],"predecessor-version":[{"id":1174,"href":"https:\/\/fn.se\/goteborg\/wp-json\/wp\/v2\/pages\/37\/revisions\/1174"}],"wp:attachment":[{"href":"https:\/\/fn.se\/goteborg\/wp-json\/wp\/v2\/media?parent=37"}],"curies":[{"name":"wp","href":"https:\/\/api.w.org\/{rel}","templated":true}]}}

Hållbarhet och Miljögruppen

<h2>Hållbarhet och miljögruppen</h2>
<p><strong>Välkommen till Hållbarhet- och miljögruppen</strong> <b>inom Göteborgs FN-förening!</b></p>
<p>In the focus group sustainability and environment we invite you to (re)connect with nature; adopting a diverse approach to sustainability. Our events align with the Sustainable Development Goals of the Agenda 2030, embracing the third SDG “Good health and well being” or the climate-conscious 13th goal “Climate action” and more.<br />Besides interesting lectures around sustainability and the environment, we will have outside and inside activities. These activities are meant to energise, inspire reflection, and foster reconnection in an enjoyable and entertaining way. Join us for ideas and activities aimed at making a positive impact on our world!</p>
</p>


<h2 class="wp-block-heading">GRUPPLEDARE</h2>



<p>Emmi Harner</p>



<p>Elin Hansbo Olsson</p>



<p>Julia Persson</p>



<p>Claire Nkamushaba</p>



<p>Hanna Bengtsson</p>



<h2 class="wp-block-heading">kontakt</h2>



<p>E-post: <a href="mailto:hallbarhetmiljofngbg@gmail.com" target="_blank" rel="noreferrer noopener">hallbarhetmiljofngbg@gmail.com</a></p>



<h2 class="wp-block-heading">Följ oss och vårt arbete</h2>



<ul class="wp-block-list">
<li><a href="https://www.instagram.com/fngbg_hallbarhet/" data-type="link" data-id="https://www.instagram.com/hallbarhetmiljo_fngbg/">Instagram</a></li>



<li><a href="https://www.facebook.com/profile.php?id=61551955300874" data-type="link" data-id="https://www.facebook.com/profile.php?id=61551955300874">Facebook</a></li>
</ul>

<p>Hållbarhet och miljögruppen Välkommen till Hållbarhet- och miljögruppen inom Göteborgs FN-förening! In the focus group sustainability and environment we invite&hellip;</p>
