{"id":18,"date":"2016-09-13T09:04:27","date_gmt":"2016-09-13T09:04:27","guid":{"rendered":"http:\/\/fn.se\/falun\/?page_id=18"},"modified":"2020-03-11T13:43:52","modified_gmt":"2020-03-11T13:43:52","slug":"arkiv","status":"publish","type":"page","link":"https:\/\/fn.se\/falun\/arkiv\/","title":{"rendered":"Arkiv"},"content":{"rendered":"<h1>Arkiv<\/h1>\n<p>M\u00e4nniskor som st\u00e5r upp mot f\u00f6rtryck &#8211; <a href=\"https:\/\/fn.se\/falun\/wp-content\/uploads\/sites\/10\/2019\/11\/Ebba-Tellander-2019-11-04.pdf\">Ebba Tellander 2019-11-04<\/a><\/p>\n<p>Greta Thunberg och m\u00e4nskliga r\u00e4ttigheter ur ett gr\u00f6nt perspektiv &#8211; <a href=\"https:\/\/fn.se\/falun\/wp-content\/uploads\/sites\/10\/2019\/11\/Odin-Lysaker.pdf\">Odin Lysaker<\/a><\/p>\n<p><a href=\"https:\/\/fn.se\/falun\/wp-content\/uploads\/sites\/10\/2019\/11\/Agenda-2030-Demokratirummet-2019.pdf\">Agenda 2030 Demokratirummet 2019<\/a><\/p>\n<p>L\u00e4s mer om inspirationsdagen den 14 september h\u00e4r:<br \/>\n<a href=\"https:\/\/fn.se\/falun\/wp-content\/uploads\/sites\/10\/2019\/09\/Inspirationsdag-2019-09-14-Dalarnas-FN-distrikt.pdf\">Inspirationsdag 2019-09-14 Dalarnas FN distrikt<\/a><\/p>\n<p>L\u00e4s mer h\u00e4r om f\u00f6redraget av Nobels Fredspris Beatrice Fihn som h\u00f6lls den 17 september 2019<br \/>\n<a href=\"https:\/\/fn.se\/falun\/wp-content\/uploads\/sites\/10\/2019\/09\/Uttalande-om-k\u00e4rnvapen-antaget-2019-09-17.pdf\">Uttalande om k\u00e4rnvapen antaget 2019 09 17<\/a><\/p>\n<p><strong>Studiecirkel &#8211; F\u00f6rbjud k\u00e4rnvapen p\u00e5 jorden. Start m\u00e5ndagen den 29 april 2019. Kl 18:30.<br \/>\n<\/strong>Lyssna, diskutera, l\u00e4r och hj\u00e4lp till att g\u00f6ra en utst\u00e4llning.<\/p>\n<p>Informations- och upptaktsm\u00f6te:<br \/>\nM\u00e5ndagen den 29 april 2019 kl 18:30.<br \/>\nNBV \u00d6landsgatan 12b, bredvid Gamla Elverket.<\/p>\n<div class=\"page\" title=\"Page 1\">\n<div class=\"layoutArea\">\n<div class=\"column\">\n<p><em>Nu b\u00f6rjar stormakterna rusta upp sin k\u00e4rnvapenarsenal igen. Snabbare, s\u00e4krare (?), mer l\u00e4ttanv\u00e4nda, d\u00f6dligare, \u00e4nnu mer pricks\u00e4kra och sv\u00e5ra att stoppa. K\u00e4rnvapen \u00f6del\u00e4gger inte bara d\u00e4r de anv\u00e4nds. De \u00e4r \u00e4ven farliga f\u00f6r milj\u00f6n och jordens befolkning och djurliv. Ett r\u00f6kskikt skulle finnas kvar under flera \u00e5r som f\u00f6rkortar v\u00e4xts\u00e4songen och medf\u00f6r sv\u00e4ltkatastrofer l\u00e5ngt ifr\u00e5n sj\u00e4lva bombnedslaget.<\/em><\/p>\n<p>Mer information hittar du h\u00e4r: <a href=\"https:\/\/fn.se\/falun\/wp-content\/uploads\/sites\/10\/2019\/04\/Studiecirkel-F\u00f6rbjud-k\u00e4rnvapen.pdf\">Studiecirkel &#8211; F\u00f6rbjud k\u00e4rnvapen<\/a><\/p>\n<\/div>\n<\/div>\n<\/div>\n<p><strong>Kampanjm\u00f6te k\u00e4rnvapen<\/strong><\/p>\n<p>L\u00e4s referat fr\u00e5n ljusmanifestationen i Falun den 7 december 2018\u00a0<a href=\"https:\/\/fn.se\/falun\/wp-content\/uploads\/sites\/10\/2018\/12\/Falu-FN-f\u00f6rening-referat-manifestation-2018-12-07.pdf\">h\u00e4r<\/a>.<\/p>\n<p>Nu har en stor majoritet av FN:s medlemmar antagit en lag mot k\u00e4rnvapen. F\u00f6r att den ska b\u00f6rja g\u00e4lla m\u00e5ste minst 50 parlament skriva p\u00e5. Men om vi \u00e4ntligen ska slippa mardr\u00f6mmarna f\u00f6r m\u00e4nsklighetens framtid s\u00e5 m\u00e5ste den nya lagen lyfta.\u00a0 I Sverige finns en massiv opinion mot k\u00e4rnvapen och v\u00e5rt lands st\u00e4llningstagande skulle kunna bli en murbr\u00e4cka f\u00f6r Europas st\u00e4llningstagande. Men partiledningarna \u00e4r splittrade &#8211; centerns partiledare t ex har tydligt tagit avst\u00e5nd. Regeringen har tillsatt en utredning som blir klar efter riksdagsvalet den 9 september.<\/p>\n<p>Vi i FN-f\u00f6reningen vill starta en kampanj f\u00f6r att f\u00e5 in k\u00e4rnvapenfr\u00e5gan i valr\u00f6relsen. Medborgarna m\u00e5ste f\u00e5 information om den nya FN-lagen och om hur k\u00e4rnvapenhotet ser ut. De personer som st\u00e5r p\u00e5 vallistorna m\u00e5ste f\u00e5 chans att ber\u00e4tta hur dom ser p\u00e5 den nya lagen.<\/p>\n<p><strong>Vill\u00a0<\/strong><strong>du\u00a0<\/strong>vara med i det arbetet? Vi hoppas att flera organisationer likav\u00e4l som enskilda ska komma med och hj\u00e4lpas \u00e5t med informationskampanjen. Kom till kampanjstarten och ta med id\u00e9er f\u00f6r hur vi ska arbeta.<\/p>\n<p>Hearing med partierna, infoblad till allm\u00e4nheten, opinionsm\u00f6ten, information p\u00e5 n\u00e4tet och till media, information till folkr\u00f6relserna\u2026 vad \u00e4r effektivt och vad orkar vi med?<\/p>\n<p>Helge Sonntag 072\u00a0368 32 12 helge@sonntag.se<br \/>\nP-O Tellander 073\u00a0070 34 70<br \/>\nLena Hansson 073 800 64 08<br \/>\nTomas Svensson 073\u00a0065 62 46<\/p>\n<p>Inbjudan:\u00a0<a href=\"https:\/\/fn.se\/falun\/wp-content\/uploads\/sites\/10\/2018\/05\/2018-05-22-Kampanjstart-k\u00e4rnvapen.pdf\">2018-05-22 Kampanjstart k\u00e4rnvapen<\/a><\/p>\n<p><a href=\"https:\/\/fn.se\/falun\/wp-content\/uploads\/sites\/10\/2017\/11\/En-kv\u00e4ll-om-kulturarv-22-nov-2017.pdf\">En kv\u00e4ll om kulturarv &#8211; 22 nov 2017<br \/>\n<\/a><br \/>\n<a href=\"https:\/\/fn.se\/falun\/wp-content\/uploads\/sites\/10\/2016\/10\/2017-10-23-En-k\u00e4rnvapenfri-v\u00e4rld.pdf\">2017-10-23 En k\u00e4rnvapenfri v\u00e4rld<\/a><\/p>\n<p><a href=\"https:\/\/fn.se\/falun\/fn-dagen-falu-gruva-24-okt-2010\/\">FN-dagen, Falu Gruva 24 okt 2010<\/a><\/p>\n<p><a href=\"https:\/\/fn.se\/falun\/daladistriktets-mr-kurs-brunnsvik-16-okt-2010\/\">Daladistriktets MR-kurs, Brunnsvik 16 okt 2010<\/a><\/p>\n<p><a href=\"https:\/\/fn.se\/falun\/arsmote-dalarnas-distrikt-leksand-27-mar-2010\/\">\u00c5rsm\u00f6te Dalarnas distrikt, Leksand 27 mar 2010<\/a><\/p>\n<p><a href=\"https:\/\/fn.se\/falun\/svenska-fn-forbundet-kongress-2009\/\">Svenska FN-f\u00f6rbundet kongress 2009<\/a><\/p>\n<p><a href=\"https:\/\/fn.se\/falun\/vitaliseringshelg-borlange-21-22-nov-2009\/\">Vitaliseringshelg, Borl\u00e4nge 21-22 nov 2009<\/a><\/p>\n<p><a href=\"https:\/\/fn.se\/falun\/juni-2008-promenad-for-mat-till-varldens-skolbarn\/\">Juni 2008: Promenad f\u00f6r mat till v\u00e4rldens skolbarn<\/a><\/p>\n<h4><\/h4>\n","protected":false},"excerpt":{"rendered":"<p>Arkiv M\u00e4nniskor som st\u00e5r upp mot f\u00f6rtryck &#8211; Ebba Tellander 2019-11-04 Greta Thunberg och m\u00e4nskliga r\u00e4ttigheter ur ett gr\u00f6nt perspektiv&hellip;<\/p>\n","protected":false},"author":1,"featured_media":0,"parent":0,"menu_order":0,"comment_status":"closed","ping_status":"closed","template":"templates\/template-sub.php","meta":{"_acf_changed":false,"footnotes":"","_links_to":"","_links_to_target":""},"class_list":["post-18","page","type-page","status-publish","hentry"],"acf":[],"_links":{"self":[{"href":"https:\/\/fn.se\/falun\/wp-json\/wp\/v2\/pages\/18","targetHints":{"allow":["GET"]}}],"collection":[{"href":"https:\/\/fn.se\/falun\/wp-json\/wp\/v2\/pages"}],"about":[{"href":"https:\/\/fn.se\/falun\/wp-json\/wp\/v2\/types\/page"}],"author":[{"embeddable":true,"href":"https:\/\/fn.se\/falun\/wp-json\/wp\/v2\/users\/1"}],"replies":[{"embeddable":true,"href":"https:\/\/fn.se\/falun\/wp-json\/wp\/v2\/comments?post=18"}],"version-history":[{"count":17,"href":"https:\/\/fn.se\/falun\/wp-json\/wp\/v2\/pages\/18\/revisions"}],"predecessor-version":[{"id":726,"href":"https:\/\/fn.se\/falun\/wp-json\/wp\/v2\/pages\/18\/revisions\/726"}],"wp:attachment":[{"href":"https:\/\/fn.se\/falun\/wp-json\/wp\/v2\/media?parent=18"}],"curies":[{"name":"wp","href":"https:\/\/api.w.org\/{rel}","templated":true}]}}